{"id":99,"date":"2019-02-19T18:23:04","date_gmt":"2019-02-19T17:23:04","guid":{"rendered":"https:\/\/www.mines-stetienne.fr\/spin-fr\/?page_id=99"},"modified":"2022-02-04T10:22:00","modified_gmt":"2022-02-04T09:22:00","slug":"modelisation","status":"publish","type":"page","link":"https:\/\/www.mines-stetienne.fr\/spin-fr\/ressources\/modelisation\/","title":{"rendered":"Mod\u00e9lisation"},"content":{"rendered":"<p>Les processus industriels impliquant un \u00e9coulement complexe avec plusieurs phases fluides ou granulaires, ou qui pr\u00e9sente une rh\u00e9ologie sp\u00e9cifique, sont \u00e0 la fois d\u00e9termin\u00e9s par les processus physico-chimiques \u00e0 l&rsquo;\u0153uvre entre les constituants de l&rsquo;\u00e9coulement ainsi que par la g\u00e9om\u00e9trie de confinement. Ces relations appellent \u00e0 un effort d&rsquo;analyse scientifique pour hi\u00e9rarchiser les ph\u00e9nom\u00e8nes significatifs afin de r\u00e9pondre \u00e0 une probl\u00e9matique technique.<\/p>\n<ul>\n<li>Bilans de population (1 et N dimensions) : QMOM, DQMOM, Monte-Carlo<\/li>\n<li>Mod\u00e8les de nucl\u00e9ation-croissance (pour les changements de phase solide-solide ou la pr\u00e9cipitation)<\/li>\n<li>Mod\u00e8les d&rsquo;agglom\u00e9ration-aggr\u00e9gation (pour des particules en suspension)<\/li>\n<li>Mod\u00e8les thermodynamiques d&rsquo;\u00e9quilibre de phase\/sp\u00e9ciation<\/li>\n<li>Mod\u00e8les r\u00e9actionnels :\n<ul>\n<li>Pr\u00e9cipitation des clathrates hydrates, sels, &#8230;<\/li>\n<li>Hydratation des ciments<\/li>\n<li>Corrosion par oxydation, r\u00e9duction, fluoration, &#8230;<\/li>\n<\/ul>\n<\/li>\n<li>Mod\u00e8les stochastiques<\/li>\n<li>Mod\u00e8les d&rsquo;\u00e9coulements des eaux souterraines<\/li>\n<li>Mod\u00e8les d&rsquo;\u00e9coulements des fluides : LBM, SPH, &#8230;<\/li>\n<li>Mod\u00e8les d&rsquo;\u00e9coulements des milieux granulaires : DEM<\/li>\n<\/ul>\n<ul>\n<li>White-box models : Mod\u00e9lisation physique et chimique des op\u00e9rations unitaires<\/li>\n<li>Grey-box models : Mod\u00e8les r\u00e9duits<\/li>\n<li>Black-box models : Traitement, analyse et mod\u00e9lisation statistique, Machine Learning et IA<\/li>\n<\/ul>\n","protected":false},"excerpt":{"rendered":"<p>Les processus industriels impliquant un \u00e9coulement complexe avec plusieurs phases fluides ou granulaires, ou qui pr\u00e9sente une rh\u00e9ologie sp\u00e9cifique, sont \u00e0 la fois d\u00e9termin\u00e9s par les processus physico-chimiques \u00e0 l&rsquo;\u0153uvre entre les constituants de l&rsquo;\u00e9coulement ainsi que par la g\u00e9om\u00e9trie &hellip;<\/p>\n","protected":false},"author":1478,"featured_media":0,"parent":5,"menu_order":23,"comment_status":"closed","ping_status":"closed","template":"","meta":{"footnotes":""},"tags":[],"class_list":["post-99","page","type-page","status-publish","hentry"],"pp_statuses_selecting_workflow":false,"pp_workflow_action":"current","pp_status_selection":"publish","pp_force_visibility":null,"pp_subpost_visibility":null,"pp_inherited_force_visibility":null,"pp_inherited_subpost_visibility":null,"yoast_head":"<!-- This site is optimized with the Yoast SEO plugin v27.4 - https:\/\/yoast.com\/product\/yoast-seo-wordpress\/ -->\n<title>Mod\u00e9lisation - Centre SPIN<\/title>\n<meta name=\"robots\" content=\"index, follow, max-snippet:-1, max-image-preview:large, max-video-preview:-1\" \/>\n<link rel=\"canonical\" href=\"https:\/\/www.mines-stetienne.fr\/spin-fr\/ressources\/modelisation\/\" \/>\n<meta property=\"og:locale\" content=\"fr_FR\" \/>\n<meta property=\"og:type\" content=\"article\" \/>\n<meta property=\"og:title\" content=\"Mod\u00e9lisation - Centre SPIN\" \/>\n<meta property=\"og:description\" content=\"Les processus industriels impliquant un \u00e9coulement complexe avec plusieurs phases fluides ou granulaires, ou qui pr\u00e9sente une rh\u00e9ologie sp\u00e9cifique, sont \u00e0 la fois d\u00e9termin\u00e9s par les processus physico-chimiques \u00e0 l&rsquo;\u0153uvre entre les constituants de l&rsquo;\u00e9coulement ainsi que par la g\u00e9om\u00e9trie &hellip;\" \/>\n<meta property=\"og:url\" content=\"https:\/\/www.mines-stetienne.fr\/spin-fr\/ressources\/modelisation\/\" \/>\n<meta property=\"og:site_name\" content=\"Centre SPIN\" \/>\n<meta property=\"article:modified_time\" content=\"2022-02-04T09:22:00+00:00\" \/>\n<meta name=\"twitter:card\" content=\"summary_large_image\" \/>\n<meta name=\"twitter:label1\" content=\"Dur\u00e9e de lecture estim\u00e9e\" \/>\n\t<meta name=\"twitter:data1\" content=\"1 minute\" \/>\n<script type=\"application\/ld+json\" class=\"yoast-schema-graph\">{\"@context\":\"https:\\\/\\\/schema.org\",\"@graph\":[{\"@type\":\"WebPage\",\"@id\":\"https:\\\/\\\/www.mines-stetienne.fr\\\/spin-fr\\\/ressources\\\/modelisation\\\/\",\"url\":\"https:\\\/\\\/www.mines-stetienne.fr\\\/spin-fr\\\/ressources\\\/modelisation\\\/\",\"name\":\"Mod\u00e9lisation - Centre SPIN\",\"isPartOf\":{\"@id\":\"https:\\\/\\\/www.mines-stetienne.fr\\\/spin-fr\\\/#website\"},\"datePublished\":\"2019-02-19T17:23:04+00:00\",\"dateModified\":\"2022-02-04T09:22:00+00:00\",\"breadcrumb\":{\"@id\":\"https:\\\/\\\/www.mines-stetienne.fr\\\/spin-fr\\\/ressources\\\/modelisation\\\/#breadcrumb\"},\"inLanguage\":\"fr-FR\",\"potentialAction\":[{\"@type\":\"ReadAction\",\"target\":[\"https:\\\/\\\/www.mines-stetienne.fr\\\/spin-fr\\\/ressources\\\/modelisation\\\/\"]}]},{\"@type\":\"BreadcrumbList\",\"@id\":\"https:\\\/\\\/www.mines-stetienne.fr\\\/spin-fr\\\/ressources\\\/modelisation\\\/#breadcrumb\",\"itemListElement\":[{\"@type\":\"ListItem\",\"position\":1,\"name\":\"Accueil\",\"item\":\"https:\\\/\\\/www.mines-stetienne.fr\\\/spin-fr\\\/\"},{\"@type\":\"ListItem\",\"position\":2,\"name\":\"Ressources\",\"item\":\"https:\\\/\\\/www.mines-stetienne.fr\\\/spin-fr\\\/ressources\\\/\"},{\"@type\":\"ListItem\",\"position\":3,\"name\":\"Mod\u00e9lisation\"}]},{\"@type\":\"WebSite\",\"@id\":\"https:\\\/\\\/www.mines-stetienne.fr\\\/spin-fr\\\/#website\",\"url\":\"https:\\\/\\\/www.mines-stetienne.fr\\\/spin-fr\\\/\",\"name\":\"Centre SPIN\",\"description\":\"\u2013 G\u00e9nie des Proc\u00e9d\u00e9s\",\"potentialAction\":[{\"@type\":\"SearchAction\",\"target\":{\"@type\":\"EntryPoint\",\"urlTemplate\":\"https:\\\/\\\/www.mines-stetienne.fr\\\/spin-fr\\\/?s={search_term_string}\"},\"query-input\":{\"@type\":\"PropertyValueSpecification\",\"valueRequired\":true,\"valueName\":\"search_term_string\"}}],\"inLanguage\":\"fr-FR\"}]}<\/script>\n<!-- \/ Yoast SEO plugin. -->","yoast_head_json":{"title":"Mod\u00e9lisation - Centre SPIN","robots":{"index":"index","follow":"follow","max-snippet":"max-snippet:-1","max-image-preview":"max-image-preview:large","max-video-preview":"max-video-preview:-1"},"canonical":"https:\/\/www.mines-stetienne.fr\/spin-fr\/ressources\/modelisation\/","og_locale":"fr_FR","og_type":"article","og_title":"Mod\u00e9lisation - Centre SPIN","og_description":"Les processus industriels impliquant un \u00e9coulement complexe avec plusieurs phases fluides ou granulaires, ou qui pr\u00e9sente une rh\u00e9ologie sp\u00e9cifique, sont \u00e0 la fois d\u00e9termin\u00e9s par les processus physico-chimiques \u00e0 l&rsquo;\u0153uvre entre les constituants de l&rsquo;\u00e9coulement ainsi que par la g\u00e9om\u00e9trie &hellip;","og_url":"https:\/\/www.mines-stetienne.fr\/spin-fr\/ressources\/modelisation\/","og_site_name":"Centre SPIN","article_modified_time":"2022-02-04T09:22:00+00:00","twitter_card":"summary_large_image","twitter_misc":{"Dur\u00e9e de lecture estim\u00e9e":"1 minute"},"schema":{"@context":"https:\/\/schema.org","@graph":[{"@type":"WebPage","@id":"https:\/\/www.mines-stetienne.fr\/spin-fr\/ressources\/modelisation\/","url":"https:\/\/www.mines-stetienne.fr\/spin-fr\/ressources\/modelisation\/","name":"Mod\u00e9lisation - Centre SPIN","isPartOf":{"@id":"https:\/\/www.mines-stetienne.fr\/spin-fr\/#website"},"datePublished":"2019-02-19T17:23:04+00:00","dateModified":"2022-02-04T09:22:00+00:00","breadcrumb":{"@id":"https:\/\/www.mines-stetienne.fr\/spin-fr\/ressources\/modelisation\/#breadcrumb"},"inLanguage":"fr-FR","potentialAction":[{"@type":"ReadAction","target":["https:\/\/www.mines-stetienne.fr\/spin-fr\/ressources\/modelisation\/"]}]},{"@type":"BreadcrumbList","@id":"https:\/\/www.mines-stetienne.fr\/spin-fr\/ressources\/modelisation\/#breadcrumb","itemListElement":[{"@type":"ListItem","position":1,"name":"Accueil","item":"https:\/\/www.mines-stetienne.fr\/spin-fr\/"},{"@type":"ListItem","position":2,"name":"Ressources","item":"https:\/\/www.mines-stetienne.fr\/spin-fr\/ressources\/"},{"@type":"ListItem","position":3,"name":"Mod\u00e9lisation"}]},{"@type":"WebSite","@id":"https:\/\/www.mines-stetienne.fr\/spin-fr\/#website","url":"https:\/\/www.mines-stetienne.fr\/spin-fr\/","name":"Centre SPIN","description":"\u2013 G\u00e9nie des Proc\u00e9d\u00e9s","potentialAction":[{"@type":"SearchAction","target":{"@type":"EntryPoint","urlTemplate":"https:\/\/www.mines-stetienne.fr\/spin-fr\/?s={search_term_string}"},"query-input":{"@type":"PropertyValueSpecification","valueRequired":true,"valueName":"search_term_string"}}],"inLanguage":"fr-FR"}]}},"_links":{"self":[{"href":"https:\/\/www.mines-stetienne.fr\/spin-fr\/wp-json\/wp\/v2\/pages\/99","targetHints":{"allow":["GET"]}}],"collection":[{"href":"https:\/\/www.mines-stetienne.fr\/spin-fr\/wp-json\/wp\/v2\/pages"}],"about":[{"href":"https:\/\/www.mines-stetienne.fr\/spin-fr\/wp-json\/wp\/v2\/types\/page"}],"author":[{"embeddable":true,"href":"https:\/\/www.mines-stetienne.fr\/spin-fr\/wp-json\/wp\/v2\/users\/1478"}],"replies":[{"embeddable":true,"href":"https:\/\/www.mines-stetienne.fr\/spin-fr\/wp-json\/wp\/v2\/comments?post=99"}],"version-history":[{"count":3,"href":"https:\/\/www.mines-stetienne.fr\/spin-fr\/wp-json\/wp\/v2\/pages\/99\/revisions"}],"predecessor-version":[{"id":615,"href":"https:\/\/www.mines-stetienne.fr\/spin-fr\/wp-json\/wp\/v2\/pages\/99\/revisions\/615"}],"up":[{"embeddable":true,"href":"https:\/\/www.mines-stetienne.fr\/spin-fr\/wp-json\/wp\/v2\/pages\/5"}],"wp:attachment":[{"href":"https:\/\/www.mines-stetienne.fr\/spin-fr\/wp-json\/wp\/v2\/media?parent=99"}],"wp:term":[{"taxonomy":"post_tag","embeddable":true,"href":"https:\/\/www.mines-stetienne.fr\/spin-fr\/wp-json\/wp\/v2\/tags?post=99"}],"curies":[{"name":"wp","href":"https:\/\/api.w.org\/{rel}","templated":true}]}}