{"id":140,"date":"2019-02-19T19:36:18","date_gmt":"2019-02-19T18:36:18","guid":{"rendered":"https:\/\/www.mines-stetienne.fr\/spin-fr\/?page_id=140"},"modified":"2019-02-19T19:44:16","modified_gmt":"2019-02-19T18:44:16","slug":"ou-nous-trouver","status":"publish","type":"page","link":"https:\/\/www.mines-stetienne.fr\/spin-fr\/contact\/ou-nous-trouver\/","title":{"rendered":"O\u00f9 nous trouver ?"},"content":{"rendered":"<h3><img fetchpriority=\"high\" decoding=\"async\" class=\"size-medium wp-image-326 alignleft\" src=\"https:\/\/www.mines-stetienne.fr\/spin-en\/wp-content\/uploads\/sites\/11\/2019\/01\/EcoledesMines-300x190.jpg\" alt=\"\" width=\"300\" height=\"190\" \/>Adresse<\/h3>\n<p style=\"padding-left: 30px\">Centre SPIN<br \/>\nEcole des Mines de Saint-Etienne<br \/>\n158 Cours Fauriel<br \/>\n42023 Saint-Etienne, France<\/p>\n<p>&nbsp;<\/p>\n<p>&nbsp;<\/p>\n<h3><span style=\"text-decoration: underline\"><a href=\"https:\/\/goo.gl\/maps\/TYWZq7o8AFr\"><img decoding=\"async\" class=\"size-medium wp-image-261 alignleft\" src=\"https:\/\/www.mines-stetienne.fr\/spin-en\/wp-content\/uploads\/sites\/11\/2019\/01\/Europe-1-300x214.jpg\" alt=\"\" width=\"300\" height=\"214\" \/><\/a><\/span>Dur\u00e9es de trajet vers Saint-Etienne<\/h3>\n<p style=\"padding-left: 30px\">1h00 de voiture depuis l&rsquo;a\u00e9roport de <strong>Lyon<\/strong><br \/>\n1h30 de voiture depuis <strong>Grenoble<\/strong><br \/>\n3h00 de train depuis <strong>Paris<\/strong> (gare ou a\u00e9roport)<\/p>\n<p><a href=\"https:\/\/www.google.com\/maps\/dir\/\/45.422673,4.408909\/@45.422673,4.408909,17z?hl=fr-FR\" target=\"_blank\" rel=\"noopener\">Votre itin\u00e9raire sur Google Maps<\/a><\/p>\n","protected":false},"excerpt":{"rendered":"<p>Adresse Centre SPIN Ecole des Mines de Saint-Etienne 158 Cours Fauriel 42023 Saint-Etienne, France &nbsp; &nbsp; Dur\u00e9es de trajet vers Saint-Etienne 1h00 de voiture depuis l&rsquo;a\u00e9roport de Lyon 1h30 de voiture depuis Grenoble 3h00 de train depuis Paris (gare ou &hellip;<\/p>\n","protected":false},"author":1478,"featured_media":0,"parent":12,"menu_order":21,"comment_status":"closed","ping_status":"closed","template":"","meta":{"footnotes":""},"tags":[],"class_list":["post-140","page","type-page","status-publish","hentry"],"pp_statuses_selecting_workflow":false,"pp_workflow_action":"current","pp_status_selection":"publish","pp_force_visibility":null,"pp_subpost_visibility":null,"pp_inherited_force_visibility":null,"pp_inherited_subpost_visibility":null,"yoast_head":"<!-- This site is optimized with the Yoast SEO plugin v27.5 - https:\/\/yoast.com\/product\/yoast-seo-wordpress\/ -->\n<title>O\u00f9 nous trouver ? - Centre SPIN<\/title>\n<meta name=\"robots\" content=\"index, follow, max-snippet:-1, max-image-preview:large, max-video-preview:-1\" \/>\n<link rel=\"canonical\" href=\"https:\/\/www.mines-stetienne.fr\/spin-fr\/contact\/ou-nous-trouver\/\" \/>\n<meta property=\"og:locale\" content=\"fr_FR\" \/>\n<meta property=\"og:type\" content=\"article\" \/>\n<meta property=\"og:title\" content=\"O\u00f9 nous trouver ? - Centre SPIN\" \/>\n<meta property=\"og:description\" content=\"Adresse Centre SPIN Ecole des Mines de Saint-Etienne 158 Cours Fauriel 42023 Saint-Etienne, France &nbsp; &nbsp; Dur\u00e9es de trajet vers Saint-Etienne 1h00 de voiture depuis l&rsquo;a\u00e9roport de Lyon 1h30 de voiture depuis Grenoble 3h00 de train depuis Paris (gare ou &hellip;\" \/>\n<meta property=\"og:url\" content=\"https:\/\/www.mines-stetienne.fr\/spin-fr\/contact\/ou-nous-trouver\/\" \/>\n<meta property=\"og:site_name\" content=\"Centre SPIN\" \/>\n<meta property=\"article:modified_time\" content=\"2019-02-19T18:44:16+00:00\" \/>\n<meta property=\"og:image\" content=\"https:\/\/www.mines-stetienne.fr\/spin-en\/wp-content\/uploads\/sites\/11\/2019\/01\/EcoledesMines-300x190.jpg\" \/>\n<meta name=\"twitter:card\" content=\"summary_large_image\" \/>\n<script type=\"application\/ld+json\" class=\"yoast-schema-graph\">{\"@context\":\"https:\\\/\\\/schema.org\",\"@graph\":[{\"@type\":\"WebPage\",\"@id\":\"https:\\\/\\\/www.mines-stetienne.fr\\\/spin-fr\\\/contact\\\/ou-nous-trouver\\\/\",\"url\":\"https:\\\/\\\/www.mines-stetienne.fr\\\/spin-fr\\\/contact\\\/ou-nous-trouver\\\/\",\"name\":\"O\u00f9 nous trouver ? - Centre SPIN\",\"isPartOf\":{\"@id\":\"https:\\\/\\\/www.mines-stetienne.fr\\\/spin-fr\\\/#website\"},\"primaryImageOfPage\":{\"@id\":\"https:\\\/\\\/www.mines-stetienne.fr\\\/spin-fr\\\/contact\\\/ou-nous-trouver\\\/#primaryimage\"},\"image\":{\"@id\":\"https:\\\/\\\/www.mines-stetienne.fr\\\/spin-fr\\\/contact\\\/ou-nous-trouver\\\/#primaryimage\"},\"thumbnailUrl\":\"https:\\\/\\\/www.mines-stetienne.fr\\\/spin-en\\\/wp-content\\\/uploads\\\/sites\\\/11\\\/2019\\\/01\\\/EcoledesMines-300x190.jpg\",\"datePublished\":\"2019-02-19T18:36:18+00:00\",\"dateModified\":\"2019-02-19T18:44:16+00:00\",\"breadcrumb\":{\"@id\":\"https:\\\/\\\/www.mines-stetienne.fr\\\/spin-fr\\\/contact\\\/ou-nous-trouver\\\/#breadcrumb\"},\"inLanguage\":\"fr-FR\",\"potentialAction\":[{\"@type\":\"ReadAction\",\"target\":[\"https:\\\/\\\/www.mines-stetienne.fr\\\/spin-fr\\\/contact\\\/ou-nous-trouver\\\/\"]}]},{\"@type\":\"ImageObject\",\"inLanguage\":\"fr-FR\",\"@id\":\"https:\\\/\\\/www.mines-stetienne.fr\\\/spin-fr\\\/contact\\\/ou-nous-trouver\\\/#primaryimage\",\"url\":\"https:\\\/\\\/www.mines-stetienne.fr\\\/spin-en\\\/wp-content\\\/uploads\\\/sites\\\/11\\\/2019\\\/01\\\/EcoledesMines-300x190.jpg\",\"contentUrl\":\"https:\\\/\\\/www.mines-stetienne.fr\\\/spin-en\\\/wp-content\\\/uploads\\\/sites\\\/11\\\/2019\\\/01\\\/EcoledesMines-300x190.jpg\"},{\"@type\":\"BreadcrumbList\",\"@id\":\"https:\\\/\\\/www.mines-stetienne.fr\\\/spin-fr\\\/contact\\\/ou-nous-trouver\\\/#breadcrumb\",\"itemListElement\":[{\"@type\":\"ListItem\",\"position\":1,\"name\":\"Accueil\",\"item\":\"https:\\\/\\\/www.mines-stetienne.fr\\\/spin-fr\\\/\"},{\"@type\":\"ListItem\",\"position\":2,\"name\":\"Contact\",\"item\":\"https:\\\/\\\/www.mines-stetienne.fr\\\/spin-fr\\\/contact\\\/\"},{\"@type\":\"ListItem\",\"position\":3,\"name\":\"O\u00f9 nous trouver ?\"}]},{\"@type\":\"WebSite\",\"@id\":\"https:\\\/\\\/www.mines-stetienne.fr\\\/spin-fr\\\/#website\",\"url\":\"https:\\\/\\\/www.mines-stetienne.fr\\\/spin-fr\\\/\",\"name\":\"Centre SPIN\",\"description\":\"\u2013 G\u00e9nie des Proc\u00e9d\u00e9s\",\"potentialAction\":[{\"@type\":\"SearchAction\",\"target\":{\"@type\":\"EntryPoint\",\"urlTemplate\":\"https:\\\/\\\/www.mines-stetienne.fr\\\/spin-fr\\\/?s={search_term_string}\"},\"query-input\":{\"@type\":\"PropertyValueSpecification\",\"valueRequired\":true,\"valueName\":\"search_term_string\"}}],\"inLanguage\":\"fr-FR\"}]}<\/script>\n<!-- \/ Yoast SEO plugin. -->","yoast_head_json":{"title":"O\u00f9 nous trouver ? - Centre SPIN","robots":{"index":"index","follow":"follow","max-snippet":"max-snippet:-1","max-image-preview":"max-image-preview:large","max-video-preview":"max-video-preview:-1"},"canonical":"https:\/\/www.mines-stetienne.fr\/spin-fr\/contact\/ou-nous-trouver\/","og_locale":"fr_FR","og_type":"article","og_title":"O\u00f9 nous trouver ? - Centre SPIN","og_description":"Adresse Centre SPIN Ecole des Mines de Saint-Etienne 158 Cours Fauriel 42023 Saint-Etienne, France &nbsp; &nbsp; Dur\u00e9es de trajet vers Saint-Etienne 1h00 de voiture depuis l&rsquo;a\u00e9roport de Lyon 1h30 de voiture depuis Grenoble 3h00 de train depuis Paris (gare ou &hellip;","og_url":"https:\/\/www.mines-stetienne.fr\/spin-fr\/contact\/ou-nous-trouver\/","og_site_name":"Centre SPIN","article_modified_time":"2019-02-19T18:44:16+00:00","og_image":[{"url":"https:\/\/www.mines-stetienne.fr\/spin-en\/wp-content\/uploads\/sites\/11\/2019\/01\/EcoledesMines-300x190.jpg","type":"","width":"","height":""}],"twitter_card":"summary_large_image","schema":{"@context":"https:\/\/schema.org","@graph":[{"@type":"WebPage","@id":"https:\/\/www.mines-stetienne.fr\/spin-fr\/contact\/ou-nous-trouver\/","url":"https:\/\/www.mines-stetienne.fr\/spin-fr\/contact\/ou-nous-trouver\/","name":"O\u00f9 nous trouver ? - Centre SPIN","isPartOf":{"@id":"https:\/\/www.mines-stetienne.fr\/spin-fr\/#website"},"primaryImageOfPage":{"@id":"https:\/\/www.mines-stetienne.fr\/spin-fr\/contact\/ou-nous-trouver\/#primaryimage"},"image":{"@id":"https:\/\/www.mines-stetienne.fr\/spin-fr\/contact\/ou-nous-trouver\/#primaryimage"},"thumbnailUrl":"https:\/\/www.mines-stetienne.fr\/spin-en\/wp-content\/uploads\/sites\/11\/2019\/01\/EcoledesMines-300x190.jpg","datePublished":"2019-02-19T18:36:18+00:00","dateModified":"2019-02-19T18:44:16+00:00","breadcrumb":{"@id":"https:\/\/www.mines-stetienne.fr\/spin-fr\/contact\/ou-nous-trouver\/#breadcrumb"},"inLanguage":"fr-FR","potentialAction":[{"@type":"ReadAction","target":["https:\/\/www.mines-stetienne.fr\/spin-fr\/contact\/ou-nous-trouver\/"]}]},{"@type":"ImageObject","inLanguage":"fr-FR","@id":"https:\/\/www.mines-stetienne.fr\/spin-fr\/contact\/ou-nous-trouver\/#primaryimage","url":"https:\/\/www.mines-stetienne.fr\/spin-en\/wp-content\/uploads\/sites\/11\/2019\/01\/EcoledesMines-300x190.jpg","contentUrl":"https:\/\/www.mines-stetienne.fr\/spin-en\/wp-content\/uploads\/sites\/11\/2019\/01\/EcoledesMines-300x190.jpg"},{"@type":"BreadcrumbList","@id":"https:\/\/www.mines-stetienne.fr\/spin-fr\/contact\/ou-nous-trouver\/#breadcrumb","itemListElement":[{"@type":"ListItem","position":1,"name":"Accueil","item":"https:\/\/www.mines-stetienne.fr\/spin-fr\/"},{"@type":"ListItem","position":2,"name":"Contact","item":"https:\/\/www.mines-stetienne.fr\/spin-fr\/contact\/"},{"@type":"ListItem","position":3,"name":"O\u00f9 nous trouver ?"}]},{"@type":"WebSite","@id":"https:\/\/www.mines-stetienne.fr\/spin-fr\/#website","url":"https:\/\/www.mines-stetienne.fr\/spin-fr\/","name":"Centre SPIN","description":"\u2013 G\u00e9nie des Proc\u00e9d\u00e9s","potentialAction":[{"@type":"SearchAction","target":{"@type":"EntryPoint","urlTemplate":"https:\/\/www.mines-stetienne.fr\/spin-fr\/?s={search_term_string}"},"query-input":{"@type":"PropertyValueSpecification","valueRequired":true,"valueName":"search_term_string"}}],"inLanguage":"fr-FR"}]}},"_links":{"self":[{"href":"https:\/\/www.mines-stetienne.fr\/spin-fr\/wp-json\/wp\/v2\/pages\/140","targetHints":{"allow":["GET"]}}],"collection":[{"href":"https:\/\/www.mines-stetienne.fr\/spin-fr\/wp-json\/wp\/v2\/pages"}],"about":[{"href":"https:\/\/www.mines-stetienne.fr\/spin-fr\/wp-json\/wp\/v2\/types\/page"}],"author":[{"embeddable":true,"href":"https:\/\/www.mines-stetienne.fr\/spin-fr\/wp-json\/wp\/v2\/users\/1478"}],"replies":[{"embeddable":true,"href":"https:\/\/www.mines-stetienne.fr\/spin-fr\/wp-json\/wp\/v2\/comments?post=140"}],"version-history":[{"count":4,"href":"https:\/\/www.mines-stetienne.fr\/spin-fr\/wp-json\/wp\/v2\/pages\/140\/revisions"}],"predecessor-version":[{"id":150,"href":"https:\/\/www.mines-stetienne.fr\/spin-fr\/wp-json\/wp\/v2\/pages\/140\/revisions\/150"}],"up":[{"embeddable":true,"href":"https:\/\/www.mines-stetienne.fr\/spin-fr\/wp-json\/wp\/v2\/pages\/12"}],"wp:attachment":[{"href":"https:\/\/www.mines-stetienne.fr\/spin-fr\/wp-json\/wp\/v2\/media?parent=140"}],"wp:term":[{"taxonomy":"post_tag","embeddable":true,"href":"https:\/\/www.mines-stetienne.fr\/spin-fr\/wp-json\/wp\/v2\/tags?post=140"}],"curies":[{"name":"wp","href":"https:\/\/api.w.org\/{rel}","templated":true}]}}