{"id":127,"date":"2019-02-19T19:14:08","date_gmt":"2019-02-19T18:14:08","guid":{"rendered":"https:\/\/www.mines-stetienne.fr\/spin-fr\/?page_id=127"},"modified":"2019-02-19T19:14:26","modified_gmt":"2019-02-19T18:14:26","slug":"vie-etudiante","status":"publish","type":"page","link":"https:\/\/www.mines-stetienne.fr\/spin-fr\/opportunites\/vie-etudiante\/","title":{"rendered":"Vie \u00e9tudiante"},"content":{"rendered":"<h3>Accomodation<\/h3>\n<p>Rooms and studio apartment are available at Mines Saint-\u00c9tienne. There are student residences, depending on vacancies.<\/p>\n<p>Student residences in Saint-\u00c9tienne, Information and contacts: <a href=\"http:\/\/www.me-mines-saint-etienne.org\">http:\/\/www.me-mines-saint-etienne.org<\/a><\/p>\n<p>Individual accommodation (flats): for free assistance for subscriptions (gas, electricity, internet routers): <a href=\"https:\/\/www.papernest.com\">https:\/\/www.papernest.com<\/a>. Concept: <a href=\"http:\/\/goo.gl\/23mWTp\">http:\/\/goo.gl\/23mWTp<\/a>.<\/p>\n<h3>Financial aspects<\/h3>\n<p>Students are exempt from tuition fees in the case of exchange agreements.<\/p>\n<p>Masters students are eligible for grant programmes, subject to academic achievement and financial support for accommodation expenses.<\/p>\n<p>French Education is generally highly subsidised by the state. Our school is a public institution, and teaching and infrastructure are mostly funded by the state. This explains why our enrolment fees are low compared to the actual cost of study.<\/p>\n<p>Internship periods (3 to 5 months per year) are generally covered by allowances.<\/p>\n<p>PhD students are all granted \u20ac 1400\/month.<\/p>\n<h3>French Summer School and integration programmes for international students<\/h3>\n<p>Welco\u2019Mines programme for international Masters of Science students:<\/p>\n<ul>\n<li>Our Universal language: let\u2019s talk sciences!\n<ul>\n<li>Industrial visits (Thuasne, SNF, Groupo Antolin, Sigvaris, Eurotab, OBUT, other\u2026).<\/li>\n<li>PhD\u2019s conferences; researcher\u2019s conferences; industrial\u2019s conferences.<\/li>\n<li>Manufacture for the future.<\/li>\n<li>Innovation, patents, industrial property.<\/li>\n<li>International research networks: H2020, ANRProfessor\u2019s tutorials.<\/li>\n<li>Industrial Tutorial in the framework of \u201cYoung Ambassadors programme\u201d.<\/li>\n<li>Young Researchers Living Lab<br \/>\nCreate a Research project environment: A shared and team working room with computers, internet, library, access to lab equiments, dedicated space.<\/li>\n<li>\u00ab Young Researcher Awards \u00bb.<\/li>\n<\/ul>\n<\/li>\n<li>France and Friends\n<ul>\n<li>French as Foreign Language and French culture.<\/li>\n<li>Let\u2019s play together! \u2026<br \/>\n\u2026. let\u2019s play music \/ let\u2019s play theatre \/ let\u2019s play sports \/ let\u2019s cook \/ let\u2019s dance.<\/li>\n<li>Cultural visits, museums : Arts et Industries, Mines, Art Moderne, Le Corbusier, Spectacles.<\/li>\n<li>Go together to explore Lyon and in Saint-\u00c9tienne.<\/li>\n<li>Saint-\u00c9tienne surroundings.<\/li>\n<li>Skiing, matches\u2026<\/li>\n<\/ul>\n<\/li>\n<\/ul>\n<h3>Student association<\/h3>\n<p>The Student Organisation Activity Club (BDE Anim\u2019), which organizes regular trips such as weekends in Florence, Barcelona or Prague, treks and the traditional skiing week in March. The BDE Anim also organises sports trips for such things as bungee jumping, ice skating and snow walking.<br \/>\nThe Sports Society (BDS) groups together some very different sports clubs representing all types of sports, whether individual or team, male or female, indoor or outdoor.<br \/>\nMany cultural activities proposed by the Student Organisation\u2026. : Astronomy club, Cookery club, Theatre club, Photography club, Wine-tasting club with a professional wine-taster and regular tastings, Gala club which organizes the prestigious end-of-year graduation dinner and gala. This is the event of the year at the School, with its review, fashion show, concerts and thematic bars.<\/p>\n<h3>Alumni<\/h3>\n<p><a href=\"https:\/\/www.mines-stetienne.fr\/alumni\/\">Alumni association<\/a><\/p>\n<h3>Living expenses in Saint-\u00c9tienne or Gardanne<\/h3>\n<p>Around \u20ac600 to \u20ac700\/month.<\/p>\n<h3>Must see\u2026<\/h3>\n<p>There\u2019s so much to do in St-Etienne and Gardanne with leisure activities, architectural visits, natural sites, picturesque villages, museums, exhibitions, events, concerts, gastronomy and French art of food, night-time fun and festivities.\u2026 the campuses are located in places full of wealth and heritage you you just cannot miss!<\/p>\n<h4>Saint-\u00c9tienne, City of Design<\/h4>\n<p>In 2010, St-Etienne became the first French City (and the second in Europe) to join the UNESCO Creative Cities network as a City of Design. In 2017, the 10th St-Etienne International Design Biennial will be a showcase for the St-Etienne design scene and a \u2018laboratory of uses\u2019\u2026 Every 2 years, over a one-month period,  St-Etienne becomes the world capital of Design with this landmark event ; the last edition was visited by almost 210,000 people!<\/p>\n<p>St-Etienne has a leading role as the n\u00b01 French Design Centre in Digital Technologies with the \u2018French Tech Design Tech\u2019 Label. St-Etienne has a unique centre dedicated to design and creativity \u2013 it is called \u2018La Cit\u00e9 du Design\u2019 (City of Design).The Cit\u00e9 du Design supports economic development by concentrating on innovation through user-centred design in programmes sponsored by public bodies and businesses.<\/p>\n<h5>Plus\u2026<\/h5>\n<p>A high-performance district with 4 centres of excellence: Digital Technologies, Optics, Medical Technologies, New manufacturing.<\/p>\n<h5>Plus\u2026<\/h5>\n<p>A cultural district with:<\/p>\n<ul>\n<li>Museums : Mus\u00e9e d\u2019Art Moderne et Contemporain (International temporary exhibitions), Mus\u00e9e d\u2019Art et d\u2019Industrie (the largest  collection of ribbons in the world, a wonderful collection of weapons, the story of the bicycle \u2013 St-Etienne is the place where the 1st French bicycle was made), Parc-Mus\u00e9e de la Mine (underground tour with a ride on an authentic coal mine train), Mus\u00e9e des Verts (St-Etienne famous football team!)<\/li>\n<li>1 Opera house, 1 Zenith concert hall, 1 modern music venue (Le Fil)<\/li>\n<li>1 Drama Center (La Com\u00e9die)<\/li>\n<li>Site Le Corbusier: Le Corbusier is an internationally renowned architect and founder of modern architecture. Here, you can visit the largest architectural and urban ensemble in Europe with 4 emblematic Historic Momuments\u2026<\/li>\n<\/ul>\n<h5>Plus\u2026<\/h5>\n<p>A regional natural park (Le Pilat), located on the city\u2019s doorstep, offers 3 hiking trails and a number of sporting activities such as mountain biking, and canoeing.. the perfect place to enjoy nature and relax. In the heart of the Pilat, you can visit the old Sainte Croix en Jarez Carthusian Monastery, now a village and classed as one of the \u2018Plus Beaux Villages de France\u201d.<\/p>\n","protected":false},"excerpt":{"rendered":"<p>Accomodation Rooms and studio apartment are available at Mines Saint-\u00c9tienne. There are student residences, depending on vacancies. Student residences in Saint-\u00c9tienne, Information and contacts: http:\/\/www.me-mines-saint-etienne.org Individual accommodation (flats): for free assistance for subscriptions (gas, electricity, internet routers): https:\/\/www.papernest.com. Concept: http:\/\/goo.gl\/23mWTp. &hellip;<\/p>\n","protected":false},"author":1478,"featured_media":0,"parent":10,"menu_order":21,"comment_status":"closed","ping_status":"closed","template":"","meta":{"footnotes":""},"tags":[],"class_list":["post-127","page","type-page","status-publish","hentry"],"pp_statuses_selecting_workflow":false,"pp_workflow_action":"current","pp_status_selection":"publish","pp_force_visibility":null,"pp_subpost_visibility":null,"pp_inherited_force_visibility":null,"pp_inherited_subpost_visibility":null,"yoast_head":"<!-- This site is optimized with the Yoast SEO plugin v27.5 - https:\/\/yoast.com\/product\/yoast-seo-wordpress\/ -->\n<title>Vie \u00e9tudiante - Centre SPIN<\/title>\n<meta name=\"robots\" content=\"index, follow, max-snippet:-1, max-image-preview:large, max-video-preview:-1\" \/>\n<link rel=\"canonical\" href=\"https:\/\/www.mines-stetienne.fr\/spin-fr\/opportunites\/vie-etudiante\/\" \/>\n<meta property=\"og:locale\" content=\"fr_FR\" \/>\n<meta property=\"og:type\" content=\"article\" \/>\n<meta property=\"og:title\" content=\"Vie \u00e9tudiante - Centre SPIN\" \/>\n<meta property=\"og:description\" content=\"Accomodation Rooms and studio apartment are available at Mines Saint-\u00c9tienne. There are student residences, depending on vacancies. Student residences in Saint-\u00c9tienne, Information and contacts: http:\/\/www.me-mines-saint-etienne.org Individual accommodation (flats): for free assistance for subscriptions (gas, electricity, internet routers): https:\/\/www.papernest.com. Concept: http:\/\/goo.gl\/23mWTp. &hellip;\" \/>\n<meta property=\"og:url\" content=\"https:\/\/www.mines-stetienne.fr\/spin-fr\/opportunites\/vie-etudiante\/\" \/>\n<meta property=\"og:site_name\" content=\"Centre SPIN\" \/>\n<meta property=\"article:modified_time\" content=\"2019-02-19T18:14:26+00:00\" \/>\n<meta name=\"twitter:card\" content=\"summary_large_image\" \/>\n<meta name=\"twitter:label1\" content=\"Dur\u00e9e de lecture estim\u00e9e\" \/>\n\t<meta name=\"twitter:data1\" content=\"4 minutes\" \/>\n<script type=\"application\/ld+json\" class=\"yoast-schema-graph\">{\"@context\":\"https:\\\/\\\/schema.org\",\"@graph\":[{\"@type\":\"WebPage\",\"@id\":\"https:\\\/\\\/www.mines-stetienne.fr\\\/spin-fr\\\/opportunites\\\/vie-etudiante\\\/\",\"url\":\"https:\\\/\\\/www.mines-stetienne.fr\\\/spin-fr\\\/opportunites\\\/vie-etudiante\\\/\",\"name\":\"Vie \u00e9tudiante - Centre SPIN\",\"isPartOf\":{\"@id\":\"https:\\\/\\\/www.mines-stetienne.fr\\\/spin-fr\\\/#website\"},\"datePublished\":\"2019-02-19T18:14:08+00:00\",\"dateModified\":\"2019-02-19T18:14:26+00:00\",\"breadcrumb\":{\"@id\":\"https:\\\/\\\/www.mines-stetienne.fr\\\/spin-fr\\\/opportunites\\\/vie-etudiante\\\/#breadcrumb\"},\"inLanguage\":\"fr-FR\",\"potentialAction\":[{\"@type\":\"ReadAction\",\"target\":[\"https:\\\/\\\/www.mines-stetienne.fr\\\/spin-fr\\\/opportunites\\\/vie-etudiante\\\/\"]}]},{\"@type\":\"BreadcrumbList\",\"@id\":\"https:\\\/\\\/www.mines-stetienne.fr\\\/spin-fr\\\/opportunites\\\/vie-etudiante\\\/#breadcrumb\",\"itemListElement\":[{\"@type\":\"ListItem\",\"position\":1,\"name\":\"Accueil\",\"item\":\"https:\\\/\\\/www.mines-stetienne.fr\\\/spin-fr\\\/\"},{\"@type\":\"ListItem\",\"position\":2,\"name\":\"Opportunit\u00e9s\",\"item\":\"https:\\\/\\\/www.mines-stetienne.fr\\\/spin-fr\\\/opportunites\\\/\"},{\"@type\":\"ListItem\",\"position\":3,\"name\":\"Vie \u00e9tudiante\"}]},{\"@type\":\"WebSite\",\"@id\":\"https:\\\/\\\/www.mines-stetienne.fr\\\/spin-fr\\\/#website\",\"url\":\"https:\\\/\\\/www.mines-stetienne.fr\\\/spin-fr\\\/\",\"name\":\"Centre SPIN\",\"description\":\"\u2013 G\u00e9nie des Proc\u00e9d\u00e9s\",\"potentialAction\":[{\"@type\":\"SearchAction\",\"target\":{\"@type\":\"EntryPoint\",\"urlTemplate\":\"https:\\\/\\\/www.mines-stetienne.fr\\\/spin-fr\\\/?s={search_term_string}\"},\"query-input\":{\"@type\":\"PropertyValueSpecification\",\"valueRequired\":true,\"valueName\":\"search_term_string\"}}],\"inLanguage\":\"fr-FR\"}]}<\/script>\n<!-- \/ Yoast SEO plugin. -->","yoast_head_json":{"title":"Vie \u00e9tudiante - Centre SPIN","robots":{"index":"index","follow":"follow","max-snippet":"max-snippet:-1","max-image-preview":"max-image-preview:large","max-video-preview":"max-video-preview:-1"},"canonical":"https:\/\/www.mines-stetienne.fr\/spin-fr\/opportunites\/vie-etudiante\/","og_locale":"fr_FR","og_type":"article","og_title":"Vie \u00e9tudiante - Centre SPIN","og_description":"Accomodation Rooms and studio apartment are available at Mines Saint-\u00c9tienne. There are student residences, depending on vacancies. Student residences in Saint-\u00c9tienne, Information and contacts: http:\/\/www.me-mines-saint-etienne.org Individual accommodation (flats): for free assistance for subscriptions (gas, electricity, internet routers): https:\/\/www.papernest.com. Concept: http:\/\/goo.gl\/23mWTp. &hellip;","og_url":"https:\/\/www.mines-stetienne.fr\/spin-fr\/opportunites\/vie-etudiante\/","og_site_name":"Centre SPIN","article_modified_time":"2019-02-19T18:14:26+00:00","twitter_card":"summary_large_image","twitter_misc":{"Dur\u00e9e de lecture estim\u00e9e":"4 minutes"},"schema":{"@context":"https:\/\/schema.org","@graph":[{"@type":"WebPage","@id":"https:\/\/www.mines-stetienne.fr\/spin-fr\/opportunites\/vie-etudiante\/","url":"https:\/\/www.mines-stetienne.fr\/spin-fr\/opportunites\/vie-etudiante\/","name":"Vie \u00e9tudiante - Centre SPIN","isPartOf":{"@id":"https:\/\/www.mines-stetienne.fr\/spin-fr\/#website"},"datePublished":"2019-02-19T18:14:08+00:00","dateModified":"2019-02-19T18:14:26+00:00","breadcrumb":{"@id":"https:\/\/www.mines-stetienne.fr\/spin-fr\/opportunites\/vie-etudiante\/#breadcrumb"},"inLanguage":"fr-FR","potentialAction":[{"@type":"ReadAction","target":["https:\/\/www.mines-stetienne.fr\/spin-fr\/opportunites\/vie-etudiante\/"]}]},{"@type":"BreadcrumbList","@id":"https:\/\/www.mines-stetienne.fr\/spin-fr\/opportunites\/vie-etudiante\/#breadcrumb","itemListElement":[{"@type":"ListItem","position":1,"name":"Accueil","item":"https:\/\/www.mines-stetienne.fr\/spin-fr\/"},{"@type":"ListItem","position":2,"name":"Opportunit\u00e9s","item":"https:\/\/www.mines-stetienne.fr\/spin-fr\/opportunites\/"},{"@type":"ListItem","position":3,"name":"Vie \u00e9tudiante"}]},{"@type":"WebSite","@id":"https:\/\/www.mines-stetienne.fr\/spin-fr\/#website","url":"https:\/\/www.mines-stetienne.fr\/spin-fr\/","name":"Centre SPIN","description":"\u2013 G\u00e9nie des Proc\u00e9d\u00e9s","potentialAction":[{"@type":"SearchAction","target":{"@type":"EntryPoint","urlTemplate":"https:\/\/www.mines-stetienne.fr\/spin-fr\/?s={search_term_string}"},"query-input":{"@type":"PropertyValueSpecification","valueRequired":true,"valueName":"search_term_string"}}],"inLanguage":"fr-FR"}]}},"_links":{"self":[{"href":"https:\/\/www.mines-stetienne.fr\/spin-fr\/wp-json\/wp\/v2\/pages\/127","targetHints":{"allow":["GET"]}}],"collection":[{"href":"https:\/\/www.mines-stetienne.fr\/spin-fr\/wp-json\/wp\/v2\/pages"}],"about":[{"href":"https:\/\/www.mines-stetienne.fr\/spin-fr\/wp-json\/wp\/v2\/types\/page"}],"author":[{"embeddable":true,"href":"https:\/\/www.mines-stetienne.fr\/spin-fr\/wp-json\/wp\/v2\/users\/1478"}],"replies":[{"embeddable":true,"href":"https:\/\/www.mines-stetienne.fr\/spin-fr\/wp-json\/wp\/v2\/comments?post=127"}],"version-history":[{"count":2,"href":"https:\/\/www.mines-stetienne.fr\/spin-fr\/wp-json\/wp\/v2\/pages\/127\/revisions"}],"predecessor-version":[{"id":129,"href":"https:\/\/www.mines-stetienne.fr\/spin-fr\/wp-json\/wp\/v2\/pages\/127\/revisions\/129"}],"up":[{"embeddable":true,"href":"https:\/\/www.mines-stetienne.fr\/spin-fr\/wp-json\/wp\/v2\/pages\/10"}],"wp:attachment":[{"href":"https:\/\/www.mines-stetienne.fr\/spin-fr\/wp-json\/wp\/v2\/media?parent=127"}],"wp:term":[{"taxonomy":"post_tag","embeddable":true,"href":"https:\/\/www.mines-stetienne.fr\/spin-fr\/wp-json\/wp\/v2\/tags?post=127"}],"curies":[{"name":"wp","href":"https:\/\/api.w.org\/{rel}","templated":true}]}}