{"id":195,"date":"2025-12-16T12:05:02","date_gmt":"2025-12-16T11:05:02","guid":{"rendered":"https:\/\/www.mines-stetienne.fr\/shiftprogram2026\/?page_id=195"},"modified":"2025-12-16T13:00:51","modified_gmt":"2025-12-16T12:00:51","slug":"privacy-policy","status":"publish","type":"page","link":"https:\/\/www.mines-stetienne.fr\/shiftprogram2026\/privacy-policy\/","title":{"rendered":"Privacy Policy"},"content":{"rendered":"\n<p>The \u00c9cole nationale sup\u00e9rieure des mines de Saint-\u00c9tienne (MINES Saint-\u00c9tienne) attaches particular importance to the confidentiality of your information. Here you will find information about the collection and use of data collected by the MINES Saint-\u00c9tienne and how you can access your information.<\/p>\n\n\n\n<h2 class=\"wp-block-heading\" id=\"information-collected\">Information Collected<\/h2>\n\n\n\n<p>When using this site, the following may be collected: the URL of the links through which the user accessed the site, the user\u2019s access provider, the Internet protocol address (IP) of the user.<\/p>\n\n\n\n<p>In any case, the Ecole des Mines de Saint-\u00c9tienne only collects personal information relating to the user for the purposes of certain services offered by the site. The user provides this information with full knowledge of the facts, especially when entering it himself. The user is then informed of the obligation or not to provide this information.<\/p>\n\n\n\n<p>No personal information of the user of the site is published without the user\u2019s knowledge, exchanged, transferred, assigned or sold on any medium whatsoever to third parties.<\/p>\n\n\n\n<p>The databases are protected by the provisions of the law of July 1, 1998 transposing Directive 96\/9 of March 11, 1996 on the legal protection of databases.<\/p>\n\n\n\n<h2 class=\"wp-block-heading\" id=\"destination-of-information\">Destination of information<\/h2>\n\n\n\n<p>The information you provide is used exclusively for the \u00c9cole des Mines de Saint-\u00c9tienne and will not be disclosed to third parties.<\/p>\n\n\n\n<p>When the \u00c9cole des mines de Saint-\u00c9tienne receives information about your session or about you, we may use it for research, statistics or to improve our site and the services offered.<\/p>\n\n\n\n<h2 class=\"wp-block-heading\" id=\"access-to-information-about-you\">Access to information about you<\/h2>\n\n\n\n<p>In accordance with the Data Protection Act, you have the right to access, rectify and, subject to the legal provisions applicable to the matter, delete data concerning you, the data controller being the communications management.<\/p>\n\n\n\n<p>To do so, or have any questions about our privacy policy, remarks or comments, feel free to contact:<\/p>\n\n\n\n<blockquote class=\"wp-block-quote is-layout-flow wp-block-quote-is-layout-flow\">\n<p>Data Protection Officer (DPO)<br><a href=\"&#x6d;&#97;&#x69;&#x6c;&#116;&#x6f;&#x3a;&#99;&#x6e;&#x69;&#108;&#x40;&#x6d;i&#x6e;&#x65;s&#x2d;&#115;t&#x65;&#116;i&#x65;&#110;n&#x65;&#46;f&#x72;\">&#x63;&#110;i&#x6c;&#x40;&#109;i&#x6e;&#x65;&#115;-&#x73;&#x74;&#101;t&#x69;&#x65;&#110;n&#x65;&#46;&#102;r<\/a><\/p>\n<\/blockquote>\n\n\n\n<p>You can also reach us by mail at the following address:<\/p>\n\n\n\n<blockquote class=\"wp-block-quote is-layout-flow wp-block-quote-is-layout-flow\">\n<p>\u00c9cole des mines de Saint-\u00c9tienne<br>D\u00e9l\u00e9gu\u00e9 \u00e0 la protection des donn\u00e9es<br>158, cours Fauriel<br>CS 62362<br>42023 Saint-\u00c9tienne Cedex 2<br>FRANCE<\/p>\n<\/blockquote>\n","protected":false},"excerpt":{"rendered":"<p>The \u00c9cole nationale sup\u00e9rieure des mines de Saint-\u00c9tienne (MINES Saint-\u00c9tienne) attaches particular importance to the confidentiality of your information. Here you will find information about the collection and use of data collected by the MINES Saint-\u00c9tienne and how you can &hellip;<\/p>\n","protected":false},"author":2,"featured_media":0,"parent":0,"menu_order":110,"comment_status":"closed","ping_status":"closed","template":"","meta":{"advgb_blocks_editor_width":"","advgb_blocks_columns_visual_guide":"","footnotes":""},"tags":[],"class_list":["post-195","page","type-page","status-publish","hentry"],"pp_statuses_selecting_workflow":false,"pp_workflow_action":"current","pp_status_selection":"publish","pp_force_visibility":null,"pp_subpost_visibility":null,"pp_inherited_force_visibility":null,"pp_inherited_subpost_visibility":null,"yoast_head":"<!-- This site is optimized with the Yoast SEO plugin v27.5 - https:\/\/yoast.com\/product\/yoast-seo-wordpress\/ -->\n<title>Privacy Policy - SHIFT 2026<\/title>\n<meta name=\"robots\" content=\"index, follow, max-snippet:-1, max-image-preview:large, max-video-preview:-1\" \/>\n<link rel=\"canonical\" href=\"https:\/\/www.mines-stetienne.fr\/shiftprogram2026\/privacy-policy\/\" \/>\n<meta property=\"og:locale\" content=\"en_US\" \/>\n<meta property=\"og:type\" content=\"article\" \/>\n<meta property=\"og:title\" content=\"Privacy Policy - SHIFT 2026\" \/>\n<meta property=\"og:description\" content=\"The \u00c9cole nationale sup\u00e9rieure des mines de Saint-\u00c9tienne (MINES Saint-\u00c9tienne) attaches particular importance to the confidentiality of your information. Here you will find information about the collection and use of data collected by the MINES Saint-\u00c9tienne and how you can &hellip;\" \/>\n<meta property=\"og:url\" content=\"https:\/\/www.mines-stetienne.fr\/shiftprogram2026\/privacy-policy\/\" \/>\n<meta property=\"og:site_name\" content=\"SHIFT 2026\" \/>\n<meta property=\"article:publisher\" content=\"https:\/\/www.facebook.com\/MinesSaintEtienne\" \/>\n<meta property=\"article:modified_time\" content=\"2025-12-16T12:00:51+00:00\" \/>\n<meta name=\"twitter:card\" content=\"summary_large_image\" \/>\n<meta name=\"twitter:site\" content=\"@MINES_StEtienne\" \/>\n<meta name=\"twitter:label1\" content=\"Est. reading time\" \/>\n\t<meta name=\"twitter:data1\" content=\"2 minutes\" \/>\n<script type=\"application\/ld+json\" class=\"yoast-schema-graph\">{\"@context\":\"https:\\\/\\\/schema.org\",\"@graph\":[{\"@type\":\"WebPage\",\"@id\":\"https:\\\/\\\/www.mines-stetienne.fr\\\/shiftprogram2026\\\/privacy-policy\\\/\",\"url\":\"https:\\\/\\\/www.mines-stetienne.fr\\\/shiftprogram2026\\\/privacy-policy\\\/\",\"name\":\"Privacy Policy - SHIFT 2026\",\"isPartOf\":{\"@id\":\"https:\\\/\\\/www.mines-stetienne.fr\\\/shiftprogram2026\\\/#website\"},\"datePublished\":\"2025-12-16T11:05:02+00:00\",\"dateModified\":\"2025-12-16T12:00:51+00:00\",\"breadcrumb\":{\"@id\":\"https:\\\/\\\/www.mines-stetienne.fr\\\/shiftprogram2026\\\/privacy-policy\\\/#breadcrumb\"},\"inLanguage\":\"en-US\",\"potentialAction\":[{\"@type\":\"ReadAction\",\"target\":[\"https:\\\/\\\/www.mines-stetienne.fr\\\/shiftprogram2026\\\/privacy-policy\\\/\"]}]},{\"@type\":\"BreadcrumbList\",\"@id\":\"https:\\\/\\\/www.mines-stetienne.fr\\\/shiftprogram2026\\\/privacy-policy\\\/#breadcrumb\",\"itemListElement\":[{\"@type\":\"ListItem\",\"position\":1,\"name\":\"Accueil\",\"item\":\"https:\\\/\\\/www.mines-stetienne.fr\\\/shiftprogram2026\\\/\"},{\"@type\":\"ListItem\",\"position\":2,\"name\":\"Privacy Policy\"}]},{\"@type\":\"WebSite\",\"@id\":\"https:\\\/\\\/www.mines-stetienne.fr\\\/shiftprogram2026\\\/#website\",\"url\":\"https:\\\/\\\/www.mines-stetienne.fr\\\/shiftprogram2026\\\/\",\"name\":\"SHIFT 2026\",\"description\":\"Shaping Health Innovation for the Future of Technology\",\"publisher\":{\"@id\":\"https:\\\/\\\/www.mines-stetienne.fr\\\/shiftprogram2026\\\/#organization\"},\"potentialAction\":[{\"@type\":\"SearchAction\",\"target\":{\"@type\":\"EntryPoint\",\"urlTemplate\":\"https:\\\/\\\/www.mines-stetienne.fr\\\/shiftprogram2026\\\/?s={search_term_string}\"},\"query-input\":{\"@type\":\"PropertyValueSpecification\",\"valueRequired\":true,\"valueName\":\"search_term_string\"}}],\"inLanguage\":\"en-US\"},{\"@type\":\"Organization\",\"@id\":\"https:\\\/\\\/www.mines-stetienne.fr\\\/shiftprogram2026\\\/#organization\",\"name\":\"\u00c9cole des Mines de Saint-\u00c9tienne\",\"url\":\"https:\\\/\\\/www.mines-stetienne.fr\\\/shiftprogram2026\\\/\",\"logo\":{\"@type\":\"ImageObject\",\"inLanguage\":\"en-US\",\"@id\":\"https:\\\/\\\/www.mines-stetienne.fr\\\/shiftprogram2026\\\/#\\\/schema\\\/logo\\\/image\\\/\",\"url\":\"https:\\\/\\\/www.mines-stetienne.fr\\\/wp-content\\\/uploads\\\/2018\\\/05\\\/Mines_Saint_Etienne_IMT_RVB.png\",\"contentUrl\":\"https:\\\/\\\/www.mines-stetienne.fr\\\/wp-content\\\/uploads\\\/2018\\\/05\\\/Mines_Saint_Etienne_IMT_RVB.png\",\"width\":316,\"height\":315,\"caption\":\"\u00c9cole des Mines de Saint-\u00c9tienne\"},\"image\":{\"@id\":\"https:\\\/\\\/www.mines-stetienne.fr\\\/shiftprogram2026\\\/#\\\/schema\\\/logo\\\/image\\\/\"},\"sameAs\":[\"https:\\\/\\\/www.facebook.com\\\/MinesSaintEtienne\",\"https:\\\/\\\/x.com\\\/MINES_StEtienne\",\"https:\\\/\\\/www.youtube.com\\\/channel\\\/UCVSdpdmJccvUngjJ2on1n3A\"]}]}<\/script>\n<!-- \/ Yoast SEO plugin. -->","yoast_head_json":{"title":"Privacy Policy - SHIFT 2026","robots":{"index":"index","follow":"follow","max-snippet":"max-snippet:-1","max-image-preview":"max-image-preview:large","max-video-preview":"max-video-preview:-1"},"canonical":"https:\/\/www.mines-stetienne.fr\/shiftprogram2026\/privacy-policy\/","og_locale":"en_US","og_type":"article","og_title":"Privacy Policy - SHIFT 2026","og_description":"The \u00c9cole nationale sup\u00e9rieure des mines de Saint-\u00c9tienne (MINES Saint-\u00c9tienne) attaches particular importance to the confidentiality of your information. Here you will find information about the collection and use of data collected by the MINES Saint-\u00c9tienne and how you can &hellip;","og_url":"https:\/\/www.mines-stetienne.fr\/shiftprogram2026\/privacy-policy\/","og_site_name":"SHIFT 2026","article_publisher":"https:\/\/www.facebook.com\/MinesSaintEtienne","article_modified_time":"2025-12-16T12:00:51+00:00","twitter_card":"summary_large_image","twitter_site":"@MINES_StEtienne","twitter_misc":{"Est. reading time":"2 minutes"},"schema":{"@context":"https:\/\/schema.org","@graph":[{"@type":"WebPage","@id":"https:\/\/www.mines-stetienne.fr\/shiftprogram2026\/privacy-policy\/","url":"https:\/\/www.mines-stetienne.fr\/shiftprogram2026\/privacy-policy\/","name":"Privacy Policy - SHIFT 2026","isPartOf":{"@id":"https:\/\/www.mines-stetienne.fr\/shiftprogram2026\/#website"},"datePublished":"2025-12-16T11:05:02+00:00","dateModified":"2025-12-16T12:00:51+00:00","breadcrumb":{"@id":"https:\/\/www.mines-stetienne.fr\/shiftprogram2026\/privacy-policy\/#breadcrumb"},"inLanguage":"en-US","potentialAction":[{"@type":"ReadAction","target":["https:\/\/www.mines-stetienne.fr\/shiftprogram2026\/privacy-policy\/"]}]},{"@type":"BreadcrumbList","@id":"https:\/\/www.mines-stetienne.fr\/shiftprogram2026\/privacy-policy\/#breadcrumb","itemListElement":[{"@type":"ListItem","position":1,"name":"Accueil","item":"https:\/\/www.mines-stetienne.fr\/shiftprogram2026\/"},{"@type":"ListItem","position":2,"name":"Privacy Policy"}]},{"@type":"WebSite","@id":"https:\/\/www.mines-stetienne.fr\/shiftprogram2026\/#website","url":"https:\/\/www.mines-stetienne.fr\/shiftprogram2026\/","name":"SHIFT 2026","description":"Shaping Health Innovation for the Future of Technology","publisher":{"@id":"https:\/\/www.mines-stetienne.fr\/shiftprogram2026\/#organization"},"potentialAction":[{"@type":"SearchAction","target":{"@type":"EntryPoint","urlTemplate":"https:\/\/www.mines-stetienne.fr\/shiftprogram2026\/?s={search_term_string}"},"query-input":{"@type":"PropertyValueSpecification","valueRequired":true,"valueName":"search_term_string"}}],"inLanguage":"en-US"},{"@type":"Organization","@id":"https:\/\/www.mines-stetienne.fr\/shiftprogram2026\/#organization","name":"\u00c9cole des Mines de Saint-\u00c9tienne","url":"https:\/\/www.mines-stetienne.fr\/shiftprogram2026\/","logo":{"@type":"ImageObject","inLanguage":"en-US","@id":"https:\/\/www.mines-stetienne.fr\/shiftprogram2026\/#\/schema\/logo\/image\/","url":"https:\/\/www.mines-stetienne.fr\/wp-content\/uploads\/2018\/05\/Mines_Saint_Etienne_IMT_RVB.png","contentUrl":"https:\/\/www.mines-stetienne.fr\/wp-content\/uploads\/2018\/05\/Mines_Saint_Etienne_IMT_RVB.png","width":316,"height":315,"caption":"\u00c9cole des Mines de Saint-\u00c9tienne"},"image":{"@id":"https:\/\/www.mines-stetienne.fr\/shiftprogram2026\/#\/schema\/logo\/image\/"},"sameAs":["https:\/\/www.facebook.com\/MinesSaintEtienne","https:\/\/x.com\/MINES_StEtienne","https:\/\/www.youtube.com\/channel\/UCVSdpdmJccvUngjJ2on1n3A"]}]}},"coauthors":[],"author_meta":{"author_link":"https:\/\/www.mines-stetienne.fr\/shiftprogram2026\/author\/gregoire\/","display_name":"Gr\u00e9goire"},"relative_dates":{"created":"Posted 5 months ago","modified":"Updated 5 months ago"},"absolute_dates":{"created":"Posted on 16 December 2025","modified":"Updated on 16 December 2025"},"absolute_dates_time":{"created":"Posted on 16 December 2025 12h05","modified":"Updated on 16 December 2025 13h00"},"featured_img_caption":"","featured_img":false,"series_order":"","_links":{"self":[{"href":"https:\/\/www.mines-stetienne.fr\/shiftprogram2026\/wp-json\/wp\/v2\/pages\/195","targetHints":{"allow":["GET"]}}],"collection":[{"href":"https:\/\/www.mines-stetienne.fr\/shiftprogram2026\/wp-json\/wp\/v2\/pages"}],"about":[{"href":"https:\/\/www.mines-stetienne.fr\/shiftprogram2026\/wp-json\/wp\/v2\/types\/page"}],"author":[{"embeddable":true,"href":"https:\/\/www.mines-stetienne.fr\/shiftprogram2026\/wp-json\/wp\/v2\/users\/2"}],"replies":[{"embeddable":true,"href":"https:\/\/www.mines-stetienne.fr\/shiftprogram2026\/wp-json\/wp\/v2\/comments?post=195"}],"version-history":[{"count":2,"href":"https:\/\/www.mines-stetienne.fr\/shiftprogram2026\/wp-json\/wp\/v2\/pages\/195\/revisions"}],"predecessor-version":[{"id":205,"href":"https:\/\/www.mines-stetienne.fr\/shiftprogram2026\/wp-json\/wp\/v2\/pages\/195\/revisions\/205"}],"wp:attachment":[{"href":"https:\/\/www.mines-stetienne.fr\/shiftprogram2026\/wp-json\/wp\/v2\/media?parent=195"}],"wp:term":[{"taxonomy":"post_tag","embeddable":true,"href":"https:\/\/www.mines-stetienne.fr\/shiftprogram2026\/wp-json\/wp\/v2\/tags?post=195"}],"curies":[{"name":"wp","href":"https:\/\/api.w.org\/{rel}","templated":true}]}}