{"version":"1.0","provider_name":"Panoramines","provider_url":"https:\/\/www.mines-stetienne.fr\/panoramines","author_name":"Gr\u00e9goire","author_url":"https:\/\/www.mines-stetienne.fr\/panoramines\/author\/gregoire\/","title":"Festival Astronomie - Panoramines","type":"rich","width":600,"height":338,"html":"<blockquote class=\"wp-embedded-content\" data-secret=\"1SwQVLfaBn\"><a href=\"https:\/\/www.mines-stetienne.fr\/panoramines\/2025\/04\/29\/festival-astronomie\/\">Festival Astronomie<\/a><\/blockquote><iframe sandbox=\"allow-scripts\" security=\"restricted\" src=\"https:\/\/www.mines-stetienne.fr\/panoramines\/2025\/04\/29\/festival-astronomie\/embed\/#?secret=1SwQVLfaBn\" width=\"600\" height=\"338\" title=\"\u00ab\u00a0Festival Astronomie\u00a0\u00bb &#8212; Panoramines\" data-secret=\"1SwQVLfaBn\" frameborder=\"0\" marginwidth=\"0\" marginheight=\"0\" scrolling=\"no\" class=\"wp-embedded-content\"><\/iframe><script type=\"text\/javascript\">\n\/* <![CDATA[ *\/\n\/*! This file is auto-generated *\/\n!function(d,l){\"use strict\";l.querySelector&&d.addEventListener&&\"undefined\"!=typeof URL&&(d.wp=d.wp||{},d.wp.receiveEmbedMessage||(d.wp.receiveEmbedMessage=function(e){var t=e.data;if((t||t.secret||t.message||t.value)&&!\/[^a-zA-Z0-9]\/.test(t.secret)){for(var s,r,n,a=l.querySelectorAll('iframe[data-secret=\"'+t.secret+'\"]'),o=l.querySelectorAll('blockquote[data-secret=\"'+t.secret+'\"]'),c=new RegExp(\"^https?:$\",\"i\"),i=0;i<o.length;i++)o[i].style.display=\"none\";for(i=0;i<a.length;i++)s=a[i],e.source===s.contentWindow&&(s.removeAttribute(\"style\"),\"height\"===t.message?(1e3<(r=parseInt(t.value,10))?r=1e3:~~r<200&&(r=200),s.height=r):\"link\"===t.message&&(r=new URL(s.getAttribute(\"src\")),n=new URL(t.value),c.test(n.protocol))&&n.host===r.host&&l.activeElement===s&&(d.top.location.href=t.value))}},d.addEventListener(\"message\",d.wp.receiveEmbedMessage,!1),l.addEventListener(\"DOMContentLoaded\",function(){for(var e,t,s=l.querySelectorAll(\"iframe.wp-embedded-content\"),r=0;r<s.length;r++)(t=(e=s[r]).getAttribute(\"data-secret\"))||(t=Math.random().toString(36).substring(2,12),e.src+=\"#?secret=\"+t,e.setAttribute(\"data-secret\",t)),e.contentWindow.postMessage({message:\"ready\",secret:t},\"*\")},!1)))}(window,document);\n\/\/# sourceURL=https:\/\/www.mines-stetienne.fr\/panoramines\/wp-includes\/js\/wp-embed.min.js\n\/* ]]> *\/\n<\/script>\n","thumbnail_url":"https:\/\/www.mines-stetienne.fr\/panoramines\/wp-content\/uploads\/sites\/3\/2025\/05\/festival-astronomie.jpeg","thumbnail_width":800,"thumbnail_height":600,"description":"Le ciel \u00e9toil\u00e9 s\u2019invite \u00e0 Gardanne Retour sur la conf\u00e9rence \u00ab Lumi\u00e8re et obscurit\u00e9 dans l\u2019histoire de l\u2019Univers \u00bb. Le 28 avril dernier, notre campus Provence a eu le plaisir d\u2019accueillir un \u00e9v\u00e9nement exceptionnel ouvert \u00e0 tous, dans le cadre &hellip;"}

Grégoire

Le ciel étoilé s’invite à Gardanne Retour sur la conférence « Lumière et obscurité dans l’histoire de l’Univers ». Le 28 avril dernier, notre campus Provence a eu le plaisir d’accueillir un événement exceptionnel ouvert à tous, dans le cadre &hellip;
