{"id":5260,"date":"2022-03-09T19:12:45","date_gmt":"2022-03-09T18:12:45","guid":{"rendered":"https:\/\/mindev.mines-stetienne.fr\/lgf\/?page_id=5260"},"modified":"2022-09-07T13:28:22","modified_gmt":"2022-09-07T11:28:22","slug":"ceramiques-modeles","status":"publish","type":"page","link":"https:\/\/www.mines-stetienne.fr\/lgf\/plateaux\/plateaux-technologiques-et-numeriques\/materiaux-et-structures-modeles-msm\/ceramiques-modeles\/","title":{"rendered":"C\u00e9ramiques mod\u00e8les"},"content":{"rendered":"<div class=\"wpb-content-wrapper\">[vc_row css_animation=&#8221;fadeIn&#8221;][vc_column css_animation=&#8221;fadeIn&#8221;][vc_column_text]Les activit\u00e9s exp\u00e9rimentales concernant les mat\u00e9riaux c\u00e9ramiques ont pour principal objectif d\u2019obtenir des mat\u00e9riaux avec une microstructure et des propri\u00e9t\u00e9s contr\u00f4l\u00e9es en ma\u00eetrisant les param\u00e8tres d\u2019\u00e9laboration. Les recherches men\u00e9es par le laboratoire LGF s\u2019int\u00e9ressent principalement aux \u00e9tapes de mise en forme et de frittage des c\u00e9ramiques. Ainsi, le laboratoire poss\u00e8de des \u00e9quipements permettant de mettre en forme des pi\u00e8ces par pressage ou par coulage et de pr\u00e9parer des suspensions. Des machines de fabrication additive sont \u00e9galement pr\u00e9sentes pour \u00e9tudier la mise en forme par st\u00e9r\u00e9olithographie, robocasting et d\u00e9p\u00f4t de fil fondu. Pour le frittage, diff\u00e9rents fours permettent de r\u00e9aliser des traitements thermiques sous air ou sous atmosph\u00e8re contr\u00f4l\u00e9e. Un laboratoire d\u00e9di\u00e9 au frittage micro-ondes rassemble diff\u00e9rentes cavit\u00e9s micro-ondes instrument\u00e9es (cavit\u00e9s monomode et multimodes). Des moyens de caract\u00e9risation compl\u00e8tent ces \u00e9quipements\u00a0: caract\u00e9risation rh\u00e9ologique des suspensions, caract\u00e9risation du frittage par dilatom\u00e9trie avec et sans contact (dilatom\u00e8tres et dilatom\u00e9trie optique).[\/vc_column_text][\/vc_column][\/vc_row][vc_row][vc_column css_animation=&#8221;fadeIn&#8221; css_animation_delay=&#8221;0.5&#8243;]<h2 class=\"vcex-heading vcex-heading-bottom-border-w-color vcex-module wpex-heading wpex-text-2xl wpex-mb-15 wpex-border-b-2 wpex-border-solid wpex-border-main\"><span class=\"vcex-heading-inner wpex-inline-block wpex-relative wpex-pb-5 wpex-border-b-2 wpex-border-solid wpex-border-accent\">\u00c9quipements disponibles<\/span><\/h2>[vc_column_text]\r\n<ul class=\"wp-block-list\">\r\n<li>Mise en forme par robocasting, st\u00e9r\u00e9olithographie, d\u00e9p\u00f4t de fil fondu<\/li>\r\n<li>Presses uniaxiale et isostatique<\/li>\r\n<li>Pr\u00e9paration et caract\u00e9risation de suspensions\u00a0: tourne-jarre, broyeur par attrition, atomiseur, viscosim\u00e8tre<\/li>\r\n<li>Fours de frittage micro-ondes instrument\u00e9s\u00a0: cavit\u00e9s monomode et multimodes<\/li>\r\n<li>Dilatom\u00e9trie<\/li>\r\n<\/ul>\r\n[\/vc_column_text][\/vc_column][\/vc_row][vc_row][vc_column css_animation=&#8221;fadeIn&#8221; css_animation_delay=&#8221;1&#8243;]<h2 class=\"vcex-heading vcex-heading-bottom-border-w-color vcex-module wpex-heading wpex-text-2xl wpex-mb-15 wpex-border-b-2 wpex-border-solid wpex-border-main\"><span class=\"vcex-heading-inner wpex-inline-block wpex-relative wpex-pb-5 wpex-border-b-2 wpex-border-solid wpex-border-accent\">Contact<\/span><\/h2>[vc_column_text]\r\n<ul>\r\n<li><strong>Christophe Meunier<\/strong><br \/><a href=\"&#x6d;&#97;&#x69;&#x6c;&#116;&#x6f;&#x3a;&#112;&#x61;&#x75;&#108;&#x2e;&#x62;a&#x72;&#x61;l&#x40;&#109;i&#x6e;&#101;s&#x2d;&#115;t&#x65;&#116;i&#x65;&#110;n&#x65;&#46;f&#x72;\">me&#117;&#110;&#105;&#101;&#x72;&#x40;&#x6d;&#x69;&#x6e;es&#45;&#115;&#116;&#101;&#x74;&#x69;&#x65;&#x6e;&#x6e;e&#46;&#102;&#114;<\/a><\/li>\r\n<\/ul>\r\n[\/vc_column_text][\/vc_column][\/vc_row][vc_row][vc_column]<style>.vcex-image-carousel.vcex_69e5e757d6e83{animation-duration:2s;animation-delay:0,5;}<\/style><style class=\"vcex-carousel-preload-css\">.vcex_69e5e757df803{--wpex-carousel-gap:15px;}.vcex_69e5e757df803{--wpex-carousel-columns:1;}.vcex_69e5e757df803.wpex-carousel:not(.wpex-carousel--loaded) > *:not(:nth-child(1n+2)){display: flex !important;}@media only screen and (min-width: 480px) {.vcex_69e5e757df803{--wpex-carousel-columns:2;}.vcex_69e5e757df803.wpex-carousel:not(.wpex-carousel--loaded) > *:not(:nth-child(1n+3)){display: flex !important;}}@media only screen and (min-width: 768px) {.vcex_69e5e757df803{--wpex-carousel-columns:3;}.vcex_69e5e757df803.wpex-carousel:not(.wpex-carousel--loaded) > *:not(:nth-child(1n+4)){display: flex !important;}}@media only screen and (min-width: 960px) {.vcex_69e5e757df803{--wpex-carousel-columns:4;}.vcex_69e5e757df803.wpex-carousel:not(.wpex-carousel--loaded) > *:not(:nth-child(1n+5)){display: flex !important;}}<\/style><div class=\"vcex-image-carousel wpex-carousel wpex-carousel-images wpex-clr vcex-module owl-carousel wpex-carousel--render-onload vcex_69e5e757df803 arrwstyle-default arrwpos-default  wpb_animate_when_almost_visible wpb_appear appear wpex-carousel-lightbox vcex_69e5e757d6e83\" data-wpex-carousel=\"{&quot;loop&quot;:&quot;false&quot;,&quot;slideBy&quot;:1,&quot;responsive&quot;:{&quot;0&quot;:{&quot;items&quot;:&quot;1&quot;},&quot;480&quot;:{&quot;items&quot;:&quot;2&quot;},&quot;768&quot;:{&quot;items&quot;:&quot;3&quot;},&quot;960&quot;:{&quot;items&quot;:&quot;4&quot;}}}\"><div class=\"wpex-carousel-slide wpex-text-center\"><figure class=\"wpex-carousel-entry-media entry-media wpex-relative wpex-image-hover grow\"><a href=\"https:\/\/www.mines-stetienne.fr\/lgf\/wp-content\/uploads\/sites\/6\/2022\/03\/msm_ceramiques_modeles_01.png\" title=\"Scellement de pi\u00e8ces c\u00e9ramiques par micro-ondes\" class=\"wpex-carousel-entry-img wpex-carousel-lightbox-item\" data-title=\"Scellement de pi\u00e8ces c\u00e9ramiques par micro-ondes\" data-count=\"1\" data-show_title=\"false\" data-caption=\"Scellement de pi\u00e8ces c\u00e9ramiques par micro-ondes\"><img data-no-lazy=\"1\" class=\"wpex-align-middle skip-lazy\" alt=\"Scellement de pi\u00e8ces c\u00e9ramiques par micro-ondes\" src=\"https:\/\/www.mines-stetienne.fr\/lgf\/wp-content\/uploads\/sites\/6\/2022\/03\/msm_ceramiques_modeles_01.png\" srcset=\"https:\/\/www.mines-stetienne.fr\/lgf\/wp-content\/uploads\/sites\/6\/2022\/03\/msm_ceramiques_modeles_01.png 600w, https:\/\/www.mines-stetienne.fr\/lgf\/wp-content\/uploads\/sites\/6\/2022\/03\/msm_ceramiques_modeles_01-300x200.png 300w\" width=\"600\" height=\"400\"><\/a><\/figure><div class=\"wpex-carousel-entry-details entry-details wpex-boxed wpex-first-mt-0 wpex-last-mb-0 wpex-clr\"><div class=\"wpex-carousel-entry-excerpt entry-excerpt wpex-my-15 wpex-text-pretty wpex-last-mb-0 wpex-clr\">Scellement de pi\u00e8ces c\u00e9ramiques par micro-ondes<\/div><\/div><\/div><div class=\"wpex-carousel-slide wpex-text-center\"><figure class=\"wpex-carousel-entry-media entry-media wpex-relative wpex-image-hover grow\"><a href=\"https:\/\/www.mines-stetienne.fr\/lgf\/wp-content\/uploads\/sites\/6\/2022\/03\/msm_ceramiques_modeles_02.png\" title=\"D\u00e9p\u00f4t de fil fondu en c\u00e9ramique\" class=\"wpex-carousel-entry-img wpex-carousel-lightbox-item\" data-title=\"D\u00e9p\u00f4t de fil fondu en c\u00e9ramique\" data-count=\"2\" data-show_title=\"false\" data-caption=\"D\u00e9p\u00f4t de fil fondu en c\u00e9ramique\"><img data-no-lazy=\"1\" class=\"wpex-align-middle skip-lazy\" alt=\"D\u00e9p\u00f4t de fil fondu en c\u00e9ramique\" src=\"https:\/\/www.mines-stetienne.fr\/lgf\/wp-content\/uploads\/sites\/6\/2022\/03\/msm_ceramiques_modeles_02.png\" srcset=\"https:\/\/www.mines-stetienne.fr\/lgf\/wp-content\/uploads\/sites\/6\/2022\/03\/msm_ceramiques_modeles_02.png 600w, https:\/\/www.mines-stetienne.fr\/lgf\/wp-content\/uploads\/sites\/6\/2022\/03\/msm_ceramiques_modeles_02-300x200.png 300w\" width=\"600\" height=\"400\"><\/a><\/figure><div class=\"wpex-carousel-entry-details entry-details wpex-boxed wpex-first-mt-0 wpex-last-mb-0 wpex-clr\"><div class=\"wpex-carousel-entry-excerpt entry-excerpt wpex-my-15 wpex-text-pretty wpex-last-mb-0 wpex-clr\">D\u00e9p\u00f4t de fil fondu en c\u00e9ramique<\/div><\/div><\/div><div class=\"wpex-carousel-slide wpex-text-center\"><figure class=\"wpex-carousel-entry-media entry-media wpex-relative wpex-image-hover grow\"><a href=\"https:\/\/www.mines-stetienne.fr\/lgf\/wp-content\/uploads\/sites\/6\/2022\/03\/msm_ceramiques_modeles_03.png\" title=\"Robocasting c\u00e9ramique\" class=\"wpex-carousel-entry-img wpex-carousel-lightbox-item\" data-title=\"Robocasting c\u00e9ramique\" data-count=\"3\" data-show_title=\"false\" data-caption=\"Robocasting c\u00e9ramique\"><img data-no-lazy=\"1\" class=\"wpex-align-middle skip-lazy\" alt=\"Robocasting c\u00e9ramique\" src=\"https:\/\/www.mines-stetienne.fr\/lgf\/wp-content\/uploads\/sites\/6\/2022\/03\/msm_ceramiques_modeles_03.png\" srcset=\"https:\/\/www.mines-stetienne.fr\/lgf\/wp-content\/uploads\/sites\/6\/2022\/03\/msm_ceramiques_modeles_03.png 370w, https:\/\/www.mines-stetienne.fr\/lgf\/wp-content\/uploads\/sites\/6\/2022\/03\/msm_ceramiques_modeles_03-185x300.png 185w\" width=\"370\" height=\"600\"><\/a><\/figure><div class=\"wpex-carousel-entry-details entry-details wpex-boxed wpex-first-mt-0 wpex-last-mb-0 wpex-clr\"><div class=\"wpex-carousel-entry-excerpt entry-excerpt wpex-my-15 wpex-text-pretty wpex-last-mb-0 wpex-clr\">Robocasting c\u00e9ramique<\/div><\/div><\/div><\/div>[\/vc_column][\/vc_row][vc_row][vc_column]<nav class=\"vcex-navbar vcex-module\"><div class=\"vcex-navbar-inner wpex-clr wpex-last-mr-0\"><a href=\"https:\/\/www.mines-stetienne.fr\/lgf\/plateaux\/plateaux-technologiques-et-numeriques\/materiaux-et-structures-modeles-msm\/alliages-modeles\/\" class=\"vcex-navbar-link vcex-navbar-link--5251 wpex-block wpex-float-left wpex-mr-5 wpex-mb-5 theme-button minimal-border\"><span class=\"vcex-navbar-link-text\">Alliages mod\u00e8les<\/span><\/a><a href=\"https:\/\/www.mines-stetienne.fr\/lgf\/plateaux\/plateaux-technologiques-et-numeriques\/materiaux-et-structures-modeles-msm\/ceramiques-modeles\/\" class=\"vcex-navbar-link vcex-navbar-link--5260 wpex-block wpex-float-left wpex-mr-5 wpex-mb-5 theme-button minimal-border\"><span class=\"vcex-navbar-link-text\">C\u00e9ramiques mod\u00e8les<\/span><\/a><a href=\"https:\/\/www.mines-stetienne.fr\/lgf\/plateaux\/plateaux-technologiques-et-numeriques\/materiaux-et-structures-modeles-msm\/composites-modeles\/\" class=\"vcex-navbar-link vcex-navbar-link--5274 wpex-block wpex-float-left wpex-mr-5 wpex-mb-5 theme-button minimal-border\"><span class=\"vcex-navbar-link-text\">Composites mod\u00e8les<\/span><\/a><a href=\"https:\/\/www.mines-stetienne.fr\/lgf\/plateaux\/plateaux-technologiques-et-numeriques\/materiaux-et-structures-modeles-msm\/service-de-metallographie\/\" class=\"vcex-navbar-link vcex-navbar-link--5283 wpex-block wpex-float-left wpex-mr-5 wpex-mb-5 theme-button minimal-border\"><span class=\"vcex-navbar-link-text\">Service de m\u00e9tallographie<\/span><\/a><\/div><\/nav>[\/vc_column][\/vc_row][vc_row][vc_column][vc_column_text]\r\n[\/vc_column_text][\/vc_column][\/vc_row]<\/div>","protected":false},"excerpt":{"rendered":"<p>[vc_row css_animation=&#8221;fadeIn&#8221;][vc_column css_animation=&#8221;fadeIn&#8221;][vc_column_text]Les activit\u00e9s exp\u00e9rimentales concernant les mat\u00e9riaux c\u00e9ramiques ont pour principal objectif d\u2019obtenir des mat\u00e9riaux avec une microstructure et des propri\u00e9t\u00e9s contr\u00f4l\u00e9es en ma\u00eetrisant les param\u00e8tres d\u2019\u00e9laboration. Les recherches men\u00e9es par le laboratoire LGF s\u2019int\u00e9ressent principalement aux \u00e9tapes de mise en forme et de frittage des c\u00e9ramiques. Ainsi, le laboratoire poss\u00e8de des \u00e9quipements permettant&hellip;<\/p>\n","protected":false},"author":2,"featured_media":0,"parent":5090,"menu_order":0,"comment_status":"closed","ping_status":"closed","template":"","meta":{"_relevanssi_hide_post":"","_relevanssi_hide_content":"","_relevanssi_pin_for_all":"","_relevanssi_pin_keywords":"","_relevanssi_unpin_keywords":"","_relevanssi_related_keywords":"","_relevanssi_related_include_ids":"","_relevanssi_related_exclude_ids":"","_relevanssi_related_no_append":"","_relevanssi_related_not_related":"","_relevanssi_related_posts":"","_relevanssi_noindex_reason":"","footnotes":""},"tags":[],"class_list":["post-5260","page","type-page","status-publish","hentry","entry","no-media"],"pp_statuses_selecting_workflow":false,"pp_workflow_action":"current","pp_status_selection":"publish","pp_force_visibility":null,"pp_subpost_visibility":null,"pp_inherited_force_visibility":null,"pp_inherited_subpost_visibility":null,"yoast_head":"<!-- This site is optimized with the Yoast SEO plugin v27.4 - https:\/\/yoast.com\/product\/yoast-seo-wordpress\/ -->\n<title>C\u00e9ramiques mod\u00e8les - Laboratoire Georges Friedel<\/title>\n<meta name=\"robots\" content=\"index, follow, max-snippet:-1, max-image-preview:large, max-video-preview:-1\" \/>\n<link rel=\"canonical\" href=\"https:\/\/www.mines-stetienne.fr\/lgf\/plateaux\/plateaux-technologiques-et-numeriques\/materiaux-et-structures-modeles-msm\/ceramiques-modeles\/\" \/>\n<meta property=\"og:locale\" content=\"fr_FR\" \/>\n<meta property=\"og:type\" content=\"article\" \/>\n<meta property=\"og:title\" content=\"C\u00e9ramiques mod\u00e8les - Laboratoire Georges Friedel\" \/>\n<meta property=\"og:description\" content=\"[vc_row css_animation=&#8221;fadeIn&#8221;][vc_column css_animation=&#8221;fadeIn&#8221;][vc_column_text]Les activit\u00e9s exp\u00e9rimentales concernant les mat\u00e9riaux c\u00e9ramiques ont pour principal objectif d\u2019obtenir des mat\u00e9riaux avec une microstructure et des propri\u00e9t\u00e9s contr\u00f4l\u00e9es en ma\u00eetrisant les param\u00e8tres d\u2019\u00e9laboration. Les recherches men\u00e9es par le laboratoire LGF s\u2019int\u00e9ressent principalement aux \u00e9tapes de mise en forme et de frittage des c\u00e9ramiques. Ainsi, le laboratoire poss\u00e8de des \u00e9quipements permettant&hellip;\" \/>\n<meta property=\"og:url\" content=\"https:\/\/www.mines-stetienne.fr\/lgf\/plateaux\/plateaux-technologiques-et-numeriques\/materiaux-et-structures-modeles-msm\/ceramiques-modeles\/\" \/>\n<meta property=\"og:site_name\" content=\"Laboratoire Georges Friedel\" \/>\n<meta property=\"article:modified_time\" content=\"2022-09-07T11:28:22+00:00\" \/>\n<meta name=\"twitter:card\" content=\"summary_large_image\" \/>\n<meta name=\"twitter:label1\" content=\"Dur\u00e9e de lecture estim\u00e9e\" \/>\n\t<meta name=\"twitter:data1\" content=\"2 minutes\" \/>\n<script type=\"application\/ld+json\" class=\"yoast-schema-graph\">{\"@context\":\"https:\\\/\\\/schema.org\",\"@graph\":[{\"@type\":\"WebPage\",\"@id\":\"https:\\\/\\\/www.mines-stetienne.fr\\\/lgf\\\/plateaux\\\/plateaux-technologiques-et-numeriques\\\/materiaux-et-structures-modeles-msm\\\/ceramiques-modeles\\\/\",\"url\":\"https:\\\/\\\/www.mines-stetienne.fr\\\/lgf\\\/plateaux\\\/plateaux-technologiques-et-numeriques\\\/materiaux-et-structures-modeles-msm\\\/ceramiques-modeles\\\/\",\"name\":\"C\u00e9ramiques mod\u00e8les - Laboratoire Georges Friedel\",\"isPartOf\":{\"@id\":\"https:\\\/\\\/www.mines-stetienne.fr\\\/lgf\\\/#website\"},\"datePublished\":\"2022-03-09T18:12:45+00:00\",\"dateModified\":\"2022-09-07T11:28:22+00:00\",\"breadcrumb\":{\"@id\":\"https:\\\/\\\/www.mines-stetienne.fr\\\/lgf\\\/plateaux\\\/plateaux-technologiques-et-numeriques\\\/materiaux-et-structures-modeles-msm\\\/ceramiques-modeles\\\/#breadcrumb\"},\"inLanguage\":\"fr-FR\",\"potentialAction\":[{\"@type\":\"ReadAction\",\"target\":[\"https:\\\/\\\/www.mines-stetienne.fr\\\/lgf\\\/plateaux\\\/plateaux-technologiques-et-numeriques\\\/materiaux-et-structures-modeles-msm\\\/ceramiques-modeles\\\/\"]}]},{\"@type\":\"BreadcrumbList\",\"@id\":\"https:\\\/\\\/www.mines-stetienne.fr\\\/lgf\\\/plateaux\\\/plateaux-technologiques-et-numeriques\\\/materiaux-et-structures-modeles-msm\\\/ceramiques-modeles\\\/#breadcrumb\",\"itemListElement\":[{\"@type\":\"ListItem\",\"position\":1,\"name\":\"Plateaux\",\"item\":\"https:\\\/\\\/www.mines-stetienne.fr\\\/lgf\\\/plateaux\\\/\"},{\"@type\":\"ListItem\",\"position\":2,\"name\":\"Plateaux technologiques et num\u00e9riques\",\"item\":\"https:\\\/\\\/www.mines-stetienne.fr\\\/lgf\\\/plateaux\\\/plateaux-technologiques-et-numeriques\\\/\"},{\"@type\":\"ListItem\",\"position\":3,\"name\":\"Mat\u00e9riaux et Structures Mod\u00e8les (MSM)\",\"item\":\"https:\\\/\\\/www.mines-stetienne.fr\\\/lgf\\\/plateaux\\\/plateaux-technologiques-et-numeriques\\\/materiaux-et-structures-modeles-msm\\\/\"},{\"@type\":\"ListItem\",\"position\":4,\"name\":\"C\u00e9ramiques mod\u00e8les\"}]},{\"@type\":\"WebSite\",\"@id\":\"https:\\\/\\\/www.mines-stetienne.fr\\\/lgf\\\/#website\",\"url\":\"https:\\\/\\\/www.mines-stetienne.fr\\\/lgf\\\/\",\"name\":\"Laboratoire Georges Friedel\",\"description\":\"\",\"publisher\":{\"@id\":\"https:\\\/\\\/www.mines-stetienne.fr\\\/lgf\\\/#organization\"},\"potentialAction\":[{\"@type\":\"SearchAction\",\"target\":{\"@type\":\"EntryPoint\",\"urlTemplate\":\"https:\\\/\\\/www.mines-stetienne.fr\\\/lgf\\\/?s={search_term_string}\"},\"query-input\":{\"@type\":\"PropertyValueSpecification\",\"valueRequired\":true,\"valueName\":\"search_term_string\"}}],\"inLanguage\":\"fr-FR\"},{\"@type\":\"Organization\",\"@id\":\"https:\\\/\\\/www.mines-stetienne.fr\\\/lgf\\\/#organization\",\"name\":\"Laboratoire Georges Friedel\",\"url\":\"https:\\\/\\\/www.mines-stetienne.fr\\\/lgf\\\/\",\"logo\":{\"@type\":\"ImageObject\",\"inLanguage\":\"fr-FR\",\"@id\":\"https:\\\/\\\/www.mines-stetienne.fr\\\/lgf\\\/#\\\/schema\\\/logo\\\/image\\\/\",\"url\":\"https:\\\/\\\/www.mines-stetienne.fr\\\/lgf\\\/wp-content\\\/uploads\\\/sites\\\/6\\\/2024\\\/07\\\/EMSE_LGF_CNRS_logo.png\",\"contentUrl\":\"https:\\\/\\\/www.mines-stetienne.fr\\\/lgf\\\/wp-content\\\/uploads\\\/sites\\\/6\\\/2024\\\/07\\\/EMSE_LGF_CNRS_logo.png\",\"width\":1930,\"height\":440,\"caption\":\"Laboratoire Georges Friedel\"},\"image\":{\"@id\":\"https:\\\/\\\/www.mines-stetienne.fr\\\/lgf\\\/#\\\/schema\\\/logo\\\/image\\\/\"}}]}<\/script>\n<!-- \/ Yoast SEO plugin. -->","yoast_head_json":{"title":"C\u00e9ramiques mod\u00e8les - Laboratoire Georges Friedel","robots":{"index":"index","follow":"follow","max-snippet":"max-snippet:-1","max-image-preview":"max-image-preview:large","max-video-preview":"max-video-preview:-1"},"canonical":"https:\/\/www.mines-stetienne.fr\/lgf\/plateaux\/plateaux-technologiques-et-numeriques\/materiaux-et-structures-modeles-msm\/ceramiques-modeles\/","og_locale":"fr_FR","og_type":"article","og_title":"C\u00e9ramiques mod\u00e8les - Laboratoire Georges Friedel","og_description":"[vc_row css_animation=&#8221;fadeIn&#8221;][vc_column css_animation=&#8221;fadeIn&#8221;][vc_column_text]Les activit\u00e9s exp\u00e9rimentales concernant les mat\u00e9riaux c\u00e9ramiques ont pour principal objectif d\u2019obtenir des mat\u00e9riaux avec une microstructure et des propri\u00e9t\u00e9s contr\u00f4l\u00e9es en ma\u00eetrisant les param\u00e8tres d\u2019\u00e9laboration. Les recherches men\u00e9es par le laboratoire LGF s\u2019int\u00e9ressent principalement aux \u00e9tapes de mise en forme et de frittage des c\u00e9ramiques. Ainsi, le laboratoire poss\u00e8de des \u00e9quipements permettant&hellip;","og_url":"https:\/\/www.mines-stetienne.fr\/lgf\/plateaux\/plateaux-technologiques-et-numeriques\/materiaux-et-structures-modeles-msm\/ceramiques-modeles\/","og_site_name":"Laboratoire Georges Friedel","article_modified_time":"2022-09-07T11:28:22+00:00","twitter_card":"summary_large_image","twitter_misc":{"Dur\u00e9e de lecture estim\u00e9e":"2 minutes"},"schema":{"@context":"https:\/\/schema.org","@graph":[{"@type":"WebPage","@id":"https:\/\/www.mines-stetienne.fr\/lgf\/plateaux\/plateaux-technologiques-et-numeriques\/materiaux-et-structures-modeles-msm\/ceramiques-modeles\/","url":"https:\/\/www.mines-stetienne.fr\/lgf\/plateaux\/plateaux-technologiques-et-numeriques\/materiaux-et-structures-modeles-msm\/ceramiques-modeles\/","name":"C\u00e9ramiques mod\u00e8les - Laboratoire Georges Friedel","isPartOf":{"@id":"https:\/\/www.mines-stetienne.fr\/lgf\/#website"},"datePublished":"2022-03-09T18:12:45+00:00","dateModified":"2022-09-07T11:28:22+00:00","breadcrumb":{"@id":"https:\/\/www.mines-stetienne.fr\/lgf\/plateaux\/plateaux-technologiques-et-numeriques\/materiaux-et-structures-modeles-msm\/ceramiques-modeles\/#breadcrumb"},"inLanguage":"fr-FR","potentialAction":[{"@type":"ReadAction","target":["https:\/\/www.mines-stetienne.fr\/lgf\/plateaux\/plateaux-technologiques-et-numeriques\/materiaux-et-structures-modeles-msm\/ceramiques-modeles\/"]}]},{"@type":"BreadcrumbList","@id":"https:\/\/www.mines-stetienne.fr\/lgf\/plateaux\/plateaux-technologiques-et-numeriques\/materiaux-et-structures-modeles-msm\/ceramiques-modeles\/#breadcrumb","itemListElement":[{"@type":"ListItem","position":1,"name":"Plateaux","item":"https:\/\/www.mines-stetienne.fr\/lgf\/plateaux\/"},{"@type":"ListItem","position":2,"name":"Plateaux technologiques et num\u00e9riques","item":"https:\/\/www.mines-stetienne.fr\/lgf\/plateaux\/plateaux-technologiques-et-numeriques\/"},{"@type":"ListItem","position":3,"name":"Mat\u00e9riaux et Structures Mod\u00e8les (MSM)","item":"https:\/\/www.mines-stetienne.fr\/lgf\/plateaux\/plateaux-technologiques-et-numeriques\/materiaux-et-structures-modeles-msm\/"},{"@type":"ListItem","position":4,"name":"C\u00e9ramiques mod\u00e8les"}]},{"@type":"WebSite","@id":"https:\/\/www.mines-stetienne.fr\/lgf\/#website","url":"https:\/\/www.mines-stetienne.fr\/lgf\/","name":"Laboratoire Georges Friedel","description":"","publisher":{"@id":"https:\/\/www.mines-stetienne.fr\/lgf\/#organization"},"potentialAction":[{"@type":"SearchAction","target":{"@type":"EntryPoint","urlTemplate":"https:\/\/www.mines-stetienne.fr\/lgf\/?s={search_term_string}"},"query-input":{"@type":"PropertyValueSpecification","valueRequired":true,"valueName":"search_term_string"}}],"inLanguage":"fr-FR"},{"@type":"Organization","@id":"https:\/\/www.mines-stetienne.fr\/lgf\/#organization","name":"Laboratoire Georges Friedel","url":"https:\/\/www.mines-stetienne.fr\/lgf\/","logo":{"@type":"ImageObject","inLanguage":"fr-FR","@id":"https:\/\/www.mines-stetienne.fr\/lgf\/#\/schema\/logo\/image\/","url":"https:\/\/www.mines-stetienne.fr\/lgf\/wp-content\/uploads\/sites\/6\/2024\/07\/EMSE_LGF_CNRS_logo.png","contentUrl":"https:\/\/www.mines-stetienne.fr\/lgf\/wp-content\/uploads\/sites\/6\/2024\/07\/EMSE_LGF_CNRS_logo.png","width":1930,"height":440,"caption":"Laboratoire Georges Friedel"},"image":{"@id":"https:\/\/www.mines-stetienne.fr\/lgf\/#\/schema\/logo\/image\/"}}]}},"_links":{"self":[{"href":"https:\/\/www.mines-stetienne.fr\/lgf\/wp-json\/wp\/v2\/pages\/5260","targetHints":{"allow":["GET"]}}],"collection":[{"href":"https:\/\/www.mines-stetienne.fr\/lgf\/wp-json\/wp\/v2\/pages"}],"about":[{"href":"https:\/\/www.mines-stetienne.fr\/lgf\/wp-json\/wp\/v2\/types\/page"}],"author":[{"embeddable":true,"href":"https:\/\/www.mines-stetienne.fr\/lgf\/wp-json\/wp\/v2\/users\/2"}],"replies":[{"embeddable":true,"href":"https:\/\/www.mines-stetienne.fr\/lgf\/wp-json\/wp\/v2\/comments?post=5260"}],"version-history":[{"count":1,"href":"https:\/\/www.mines-stetienne.fr\/lgf\/wp-json\/wp\/v2\/pages\/5260\/revisions"}],"predecessor-version":[{"id":6006,"href":"https:\/\/www.mines-stetienne.fr\/lgf\/wp-json\/wp\/v2\/pages\/5260\/revisions\/6006"}],"up":[{"embeddable":true,"href":"https:\/\/www.mines-stetienne.fr\/lgf\/wp-json\/wp\/v2\/pages\/5090"}],"wp:attachment":[{"href":"https:\/\/www.mines-stetienne.fr\/lgf\/wp-json\/wp\/v2\/media?parent=5260"}],"wp:term":[{"taxonomy":"post_tag","embeddable":true,"href":"https:\/\/www.mines-stetienne.fr\/lgf\/wp-json\/wp\/v2\/tags?post=5260"}],"curies":[{"name":"wp","href":"https:\/\/api.w.org\/{rel}","templated":true}]}}