{"id":5090,"date":"2022-03-08T09:47:54","date_gmt":"2022-03-08T08:47:54","guid":{"rendered":"https:\/\/mindev.mines-stetienne.fr\/lgf\/?page_id=5090"},"modified":"2022-09-07T13:20:27","modified_gmt":"2022-09-07T11:20:27","slug":"materiaux-et-structures-modeles-msm","status":"publish","type":"page","link":"https:\/\/www.mines-stetienne.fr\/lgf\/plateaux\/plateaux-technologiques-et-numeriques\/materiaux-et-structures-modeles-msm\/","title":{"rendered":"Mat\u00e9riaux et Structures Mod\u00e8les (MSM)"},"content":{"rendered":"<div class=\"wpb-content-wrapper\">[vc_row][vc_column css_animation=&#8221;fadeIn&#8221;][vc_column_text]<strong>Le plateau d\u2019activit\u00e9s MSM<\/strong> est une structure transverse du laboratoire LGF mettant \u00e0 disposition des outils de recherche destin\u00e9s \u00e0 l\u2019\u00e9tude des m\u00e9canismes fondamentaux du comportement des mat\u00e9riaux. Il est compos\u00e9 de 2 ing\u00e9nieurs de recherche et 6 techniciens sup\u00e9rieurs rattach\u00e9s aux diff\u00e9rentes \u00e9quipes du LGF. \u00c0 l\u2019aide d\u2019\u00e9quipements uniques, le plateau MSM d\u00e9veloppe des activit\u00e9s autour de l\u2019\u00e9laboration\u00a0:<\/p>\r\n\r\n<ul>\r\n<li>d\u2019alliages m\u00e9talliques sur des probl\u00e9matiques m\u00e9tallurgiques industrielles ;<\/li>\r\n<li>de c\u00e9ramiques et multimat\u00e9riaux par des proc\u00e9d\u00e9s de frittage rapide (micro-ondes)\u00a0;<\/li>\r\n<li>de composites par voie liquide (infusion de r\u00e9sine) et de biocomposites \u00e0 base de fibres de lin.<\/li>\r\n<\/ul>\r\n<p>En support au plateau MSM, on trouve un service d\u2019analyse chimique pour identifier la composition des alliages m\u00e9talliques ainsi qu\u2019un service de m\u00e9tallographie disposant de moyens de pr\u00e9paration et d\u2019observation d\u2019\u00e9chantillons par microscopie optique.<\/p>\r\n<!-- \/wp:post-content -->\r\n<p><!-- wp:paragraph -->MSM r\u00e9pond ainsi \u00e0 l\u2019\u00e9tude des propri\u00e9t\u00e9s d\u2019usage des mat\u00e9riaux au service des \u00e9quipes du LGF.[\/vc_column_text][\/vc_column][\/vc_row][vc_row][vc_column css_animation=&#8221;fadeIn&#8221; css_animation_delay=&#8221;0,5&#8243;]<nav class=\"vcex-navbar vcex-navbar--spaced_out vcex-module\"><div class=\"vcex-navbar-inner wpex-flex wpex-flex-wrap wpex-justify-between wpex-items-center wpex-last-mr-0 wpex-last-mr-0\"><a href=\"https:\/\/www.mines-stetienne.fr\/lgf\/plateaux\/plateaux-technologiques-et-numeriques\/materiaux-et-structures-modeles-msm\/alliages-modeles\/\" class=\"vcex-navbar-link vcex-navbar-link--5251 wpex-block wpex-float-left wpex-mr-5 wpex-mb-5 theme-button three-d hvr hvr-grow wpex-rounded-0\"><span class=\"vcex-navbar-link-text\">Alliages mod\u00e8les<\/span><\/a><a href=\"https:\/\/www.mines-stetienne.fr\/lgf\/plateaux\/plateaux-technologiques-et-numeriques\/materiaux-et-structures-modeles-msm\/ceramiques-modeles\/\" class=\"vcex-navbar-link vcex-navbar-link--5260 wpex-block wpex-float-left wpex-mr-5 wpex-mb-5 theme-button three-d hvr hvr-grow wpex-rounded-0\"><span class=\"vcex-navbar-link-text\">C\u00e9ramiques mod\u00e8les<\/span><\/a><a href=\"https:\/\/www.mines-stetienne.fr\/lgf\/plateaux\/plateaux-technologiques-et-numeriques\/materiaux-et-structures-modeles-msm\/composites-modeles\/\" class=\"vcex-navbar-link vcex-navbar-link--5274 wpex-block wpex-float-left wpex-mr-5 wpex-mb-5 theme-button three-d hvr hvr-grow wpex-rounded-0\"><span class=\"vcex-navbar-link-text\">Composites mod\u00e8les<\/span><\/a><a href=\"https:\/\/www.mines-stetienne.fr\/lgf\/plateaux\/plateaux-technologiques-et-numeriques\/materiaux-et-structures-modeles-msm\/service-de-metallographie\/\" class=\"vcex-navbar-link vcex-navbar-link--5283 wpex-block wpex-float-left wpex-mr-5 wpex-mb-5 theme-button three-d hvr hvr-grow wpex-rounded-0\"><span class=\"vcex-navbar-link-text\">Service de m\u00e9tallographie<\/span><\/a><\/div><\/nav>[\/vc_column][\/vc_row][vc_row][vc_column css_animation=&#8221;fadeIn&#8221; css_animation_delay=&#8221;1&#8243;]<h2 class=\"vcex-heading vcex-heading-plain vcex-module wpex-heading wpex-text-2xl\"><span class=\"vcex-heading-inner wpex-inline-block\">Contacts<\/span><\/h2>[vc_column_text]\r\n<!-- wp:list -->\r\n<ul>\r\n<li><em>Responsable plateau MSM<\/em>\u00a0: Christophe Meunier (<a href=\"&#x6d;&#97;i&#x6c;&#116;o&#x3a;&#109;e&#x75;&#110;i&#x65;&#114;&#64;&#x6d;&#105;n&#x65;&#115;-&#x73;&#116;e&#x74;&#105;e&#x6e;&#110;e&#x2e;&#102;r\">me&#117;&#110;&#x69;&#x65;&#x72;&#x40;mi&#110;&#101;&#x73;&#x2d;&#x73;&#x74;et&#105;&#101;&#110;&#x6e;&#x65;&#x2e;&#x66;r<\/a>)<\/li>\r\n<li><em>Alliages mod\u00e8les<\/em>\u00a0: Anne-C\u00e9cile Bach (<a href=\"m&#97;&#105;&#x6c;&#x74;&#x6f;:a&#110;&#110;&#x65;&#x2d;&#x63;e&#99;&#105;&#108;&#x65;&#x2e;&#x62;a&#99;&#104;&#x40;&#x6d;&#x69;ne&#115;&#45;&#x73;&#x74;&#x65;t&#105;&#101;&#110;&#x6e;&#x65;&#x2e;f&#114;\">&#x61;&#x6e;&#x6e;&#x65;&#x2d;&#x63;&#101;&#99;&#105;&#108;e&#46;ba&#x63;&#x68;&#x40;&#x6d;&#x69;&#x6e;&#101;&#115;&#45;&#115;&#116;eti&#x65;&#x6e;&#x6e;&#x65;&#x2e;&#x66;&#114;<\/a>)<\/li>\r\n<li><em>M\u00e9tallographie<\/em>\u00a0: Gilles Blanc (<a href=\"m&#97;&#105;&#x6c;&#x74;&#x6f;:b&#108;&#97;&#x6e;&#x63;&#x40;m&#105;&#110;&#101;&#x73;&#x2d;&#x73;t&#101;&#116;&#x69;&#x65;&#x6e;ne&#46;&#102;&#x72;\">&#x62;&#x6c;&#97;nc&#x40;&#x6d;&#105;&#110;e&#x73;&#x2d;&#115;&#116;e&#x74;&#x69;&#x65;&#110;ne&#x2e;&#x66;&#114;<\/a>)<\/li>\r\n<li><em>C\u00e9ramiques mod\u00e8les<\/em>\u00a0: Christophe Meunier (<a href=\"&#x6d;&#x61;&#x69;&#x6c;&#x74;&#x6f;&#58;&#109;&#101;&#117;nier&#x40;&#x6d;&#x69;&#x6e;&#x65;&#x73;&#45;&#115;&#116;&#101;&#116;ien&#x6e;&#x65;&#x2e;&#x66;&#x72;\">&#x6d;e&#x75;&#110;&#x69;&#101;&#x72;&#x40;m&#x69;&#110;&#x65;&#115;&#x2d;&#115;t&#x65;&#116;&#x69;&#101;&#x6e;&#110;e&#x2e;&#102;&#x72;<\/a>)<\/li>\r\n<li><em>Composites mod\u00e8les<\/em>\u00a0: Paul Baral (<a href=\"&#109;&#x61;i&#x6c;&#x74;&#111;&#x3a;p&#97;&#x75;&#108;&#x2e;b&#97;&#x72;a&#x6c;&#64;&#109;&#x69;n&#x65;&#x73;&#45;&#x73;t&#101;&#x74;&#105;&#x65;n&#110;&#x65;&#46;&#x66;r\">&#x70;&#97;u&#x6c;&#46;&#98;&#x61;&#x72;&#97;l&#x40;&#109;i&#x6e;&#x65;&#115;-&#x73;&#116;e&#x74;&#x69;&#101;n&#x6e;&#101;&#46;&#x66;&#x72;<\/a>)<\/li>\r\n<\/ul>\r\n<p><!-- \/wp:list -->[\/vc_column_text][\/vc_column][\/vc_row]<\/div>","protected":false},"excerpt":{"rendered":"<p>Regroupe l\u2019ensemble des moyens d\u2019\u00e9laboration des mat\u00e9riaux et des structures mod\u00e8les pour le laboratoire LGF. En particulier il dispose d\u2019\u00e9quipements permettant la r\u00e9alisation d\u2019alliages m\u00e9talliques de haute puret\u00e9, de mat\u00e9riaux c\u00e9ramiques par des proc\u00e9d\u00e9s innovants (fabrication additive, frittage micro-ondes\u2026) et de composites structuraux \u00e0 matrice organique par des proc\u00e9d\u00e9s d\u2019\u00e9laboration directe. Associ\u00e9 au plateau MSM, un service de m\u00e9tallographie apporte des moyens de caract\u00e9risations microstructurales. <\/p>\n","protected":false},"author":2,"featured_media":0,"parent":5741,"menu_order":0,"comment_status":"closed","ping_status":"closed","template":"","meta":{"_relevanssi_hide_post":"","_relevanssi_hide_content":"","_relevanssi_pin_for_all":"","_relevanssi_pin_keywords":"","_relevanssi_unpin_keywords":"","_relevanssi_related_keywords":"","_relevanssi_related_include_ids":"","_relevanssi_related_exclude_ids":"","_relevanssi_related_no_append":"","_relevanssi_related_not_related":"","_relevanssi_related_posts":"","_relevanssi_noindex_reason":"","footnotes":""},"tags":[],"class_list":["post-5090","page","type-page","status-publish","hentry","entry","no-media"],"pp_statuses_selecting_workflow":false,"pp_workflow_action":"current","pp_status_selection":"publish","pp_force_visibility":null,"pp_subpost_visibility":null,"pp_inherited_force_visibility":null,"pp_inherited_subpost_visibility":null,"yoast_head":"<!-- This site is optimized with the Yoast SEO plugin v27.5 - https:\/\/yoast.com\/product\/yoast-seo-wordpress\/ -->\n<title>Mat\u00e9riaux et Structures Mod\u00e8les (MSM) - Laboratoire Georges Friedel<\/title>\n<meta name=\"robots\" content=\"index, follow, max-snippet:-1, max-image-preview:large, max-video-preview:-1\" \/>\n<link rel=\"canonical\" href=\"https:\/\/www.mines-stetienne.fr\/lgf\/plateaux\/plateaux-technologiques-et-numeriques\/materiaux-et-structures-modeles-msm\/\" \/>\n<meta property=\"og:locale\" content=\"fr_FR\" \/>\n<meta property=\"og:type\" content=\"article\" \/>\n<meta property=\"og:title\" content=\"Mat\u00e9riaux et Structures Mod\u00e8les (MSM) - Laboratoire Georges Friedel\" \/>\n<meta property=\"og:description\" content=\"Regroupe l\u2019ensemble des moyens d\u2019\u00e9laboration des mat\u00e9riaux et des structures mod\u00e8les pour le laboratoire LGF. En particulier il dispose d\u2019\u00e9quipements permettant la r\u00e9alisation d\u2019alliages m\u00e9talliques de haute puret\u00e9, de mat\u00e9riaux c\u00e9ramiques par des proc\u00e9d\u00e9s innovants (fabrication additive, frittage micro-ondes\u2026) et de composites structuraux \u00e0 matrice organique par des proc\u00e9d\u00e9s d\u2019\u00e9laboration directe. Associ\u00e9 au plateau MSM, un service de m\u00e9tallographie apporte des moyens de caract\u00e9risations microstructurales.\" \/>\n<meta property=\"og:url\" content=\"https:\/\/www.mines-stetienne.fr\/lgf\/plateaux\/plateaux-technologiques-et-numeriques\/materiaux-et-structures-modeles-msm\/\" \/>\n<meta property=\"og:site_name\" content=\"Laboratoire Georges Friedel\" \/>\n<meta property=\"article:modified_time\" content=\"2022-09-07T11:20:27+00:00\" \/>\n<meta name=\"twitter:card\" content=\"summary_large_image\" \/>\n<meta name=\"twitter:label1\" content=\"Dur\u00e9e de lecture estim\u00e9e\" \/>\n\t<meta name=\"twitter:data1\" content=\"1 minute\" \/>\n<script type=\"application\/ld+json\" class=\"yoast-schema-graph\">{\"@context\":\"https:\\\/\\\/schema.org\",\"@graph\":[{\"@type\":\"WebPage\",\"@id\":\"https:\\\/\\\/www.mines-stetienne.fr\\\/lgf\\\/plateaux\\\/plateaux-technologiques-et-numeriques\\\/materiaux-et-structures-modeles-msm\\\/\",\"url\":\"https:\\\/\\\/www.mines-stetienne.fr\\\/lgf\\\/plateaux\\\/plateaux-technologiques-et-numeriques\\\/materiaux-et-structures-modeles-msm\\\/\",\"name\":\"Mat\u00e9riaux et Structures Mod\u00e8les (MSM) - Laboratoire Georges Friedel\",\"isPartOf\":{\"@id\":\"https:\\\/\\\/www.mines-stetienne.fr\\\/lgf\\\/#website\"},\"datePublished\":\"2022-03-08T08:47:54+00:00\",\"dateModified\":\"2022-09-07T11:20:27+00:00\",\"breadcrumb\":{\"@id\":\"https:\\\/\\\/www.mines-stetienne.fr\\\/lgf\\\/plateaux\\\/plateaux-technologiques-et-numeriques\\\/materiaux-et-structures-modeles-msm\\\/#breadcrumb\"},\"inLanguage\":\"fr-FR\",\"potentialAction\":[{\"@type\":\"ReadAction\",\"target\":[\"https:\\\/\\\/www.mines-stetienne.fr\\\/lgf\\\/plateaux\\\/plateaux-technologiques-et-numeriques\\\/materiaux-et-structures-modeles-msm\\\/\"]}]},{\"@type\":\"BreadcrumbList\",\"@id\":\"https:\\\/\\\/www.mines-stetienne.fr\\\/lgf\\\/plateaux\\\/plateaux-technologiques-et-numeriques\\\/materiaux-et-structures-modeles-msm\\\/#breadcrumb\",\"itemListElement\":[{\"@type\":\"ListItem\",\"position\":1,\"name\":\"Plateaux\",\"item\":\"https:\\\/\\\/www.mines-stetienne.fr\\\/lgf\\\/plateaux\\\/\"},{\"@type\":\"ListItem\",\"position\":2,\"name\":\"Plateaux technologiques et num\u00e9riques\",\"item\":\"https:\\\/\\\/www.mines-stetienne.fr\\\/lgf\\\/plateaux\\\/plateaux-technologiques-et-numeriques\\\/\"},{\"@type\":\"ListItem\",\"position\":3,\"name\":\"Mat\u00e9riaux et Structures Mod\u00e8les (MSM)\"}]},{\"@type\":\"WebSite\",\"@id\":\"https:\\\/\\\/www.mines-stetienne.fr\\\/lgf\\\/#website\",\"url\":\"https:\\\/\\\/www.mines-stetienne.fr\\\/lgf\\\/\",\"name\":\"Laboratoire Georges Friedel\",\"description\":\"\",\"publisher\":{\"@id\":\"https:\\\/\\\/www.mines-stetienne.fr\\\/lgf\\\/#organization\"},\"potentialAction\":[{\"@type\":\"SearchAction\",\"target\":{\"@type\":\"EntryPoint\",\"urlTemplate\":\"https:\\\/\\\/www.mines-stetienne.fr\\\/lgf\\\/?s={search_term_string}\"},\"query-input\":{\"@type\":\"PropertyValueSpecification\",\"valueRequired\":true,\"valueName\":\"search_term_string\"}}],\"inLanguage\":\"fr-FR\"},{\"@type\":\"Organization\",\"@id\":\"https:\\\/\\\/www.mines-stetienne.fr\\\/lgf\\\/#organization\",\"name\":\"Laboratoire Georges Friedel\",\"url\":\"https:\\\/\\\/www.mines-stetienne.fr\\\/lgf\\\/\",\"logo\":{\"@type\":\"ImageObject\",\"inLanguage\":\"fr-FR\",\"@id\":\"https:\\\/\\\/www.mines-stetienne.fr\\\/lgf\\\/#\\\/schema\\\/logo\\\/image\\\/\",\"url\":\"https:\\\/\\\/www.mines-stetienne.fr\\\/lgf\\\/wp-content\\\/uploads\\\/sites\\\/6\\\/2024\\\/07\\\/EMSE_LGF_CNRS_logo.png\",\"contentUrl\":\"https:\\\/\\\/www.mines-stetienne.fr\\\/lgf\\\/wp-content\\\/uploads\\\/sites\\\/6\\\/2024\\\/07\\\/EMSE_LGF_CNRS_logo.png\",\"width\":1930,\"height\":440,\"caption\":\"Laboratoire Georges Friedel\"},\"image\":{\"@id\":\"https:\\\/\\\/www.mines-stetienne.fr\\\/lgf\\\/#\\\/schema\\\/logo\\\/image\\\/\"}}]}<\/script>\n<!-- \/ Yoast SEO plugin. -->","yoast_head_json":{"title":"Mat\u00e9riaux et Structures Mod\u00e8les (MSM) - Laboratoire Georges Friedel","robots":{"index":"index","follow":"follow","max-snippet":"max-snippet:-1","max-image-preview":"max-image-preview:large","max-video-preview":"max-video-preview:-1"},"canonical":"https:\/\/www.mines-stetienne.fr\/lgf\/plateaux\/plateaux-technologiques-et-numeriques\/materiaux-et-structures-modeles-msm\/","og_locale":"fr_FR","og_type":"article","og_title":"Mat\u00e9riaux et Structures Mod\u00e8les (MSM) - Laboratoire Georges Friedel","og_description":"Regroupe l\u2019ensemble des moyens d\u2019\u00e9laboration des mat\u00e9riaux et des structures mod\u00e8les pour le laboratoire LGF. En particulier il dispose d\u2019\u00e9quipements permettant la r\u00e9alisation d\u2019alliages m\u00e9talliques de haute puret\u00e9, de mat\u00e9riaux c\u00e9ramiques par des proc\u00e9d\u00e9s innovants (fabrication additive, frittage micro-ondes\u2026) et de composites structuraux \u00e0 matrice organique par des proc\u00e9d\u00e9s d\u2019\u00e9laboration directe. Associ\u00e9 au plateau MSM, un service de m\u00e9tallographie apporte des moyens de caract\u00e9risations microstructurales.","og_url":"https:\/\/www.mines-stetienne.fr\/lgf\/plateaux\/plateaux-technologiques-et-numeriques\/materiaux-et-structures-modeles-msm\/","og_site_name":"Laboratoire Georges Friedel","article_modified_time":"2022-09-07T11:20:27+00:00","twitter_card":"summary_large_image","twitter_misc":{"Dur\u00e9e de lecture estim\u00e9e":"1 minute"},"schema":{"@context":"https:\/\/schema.org","@graph":[{"@type":"WebPage","@id":"https:\/\/www.mines-stetienne.fr\/lgf\/plateaux\/plateaux-technologiques-et-numeriques\/materiaux-et-structures-modeles-msm\/","url":"https:\/\/www.mines-stetienne.fr\/lgf\/plateaux\/plateaux-technologiques-et-numeriques\/materiaux-et-structures-modeles-msm\/","name":"Mat\u00e9riaux et Structures Mod\u00e8les (MSM) - Laboratoire Georges Friedel","isPartOf":{"@id":"https:\/\/www.mines-stetienne.fr\/lgf\/#website"},"datePublished":"2022-03-08T08:47:54+00:00","dateModified":"2022-09-07T11:20:27+00:00","breadcrumb":{"@id":"https:\/\/www.mines-stetienne.fr\/lgf\/plateaux\/plateaux-technologiques-et-numeriques\/materiaux-et-structures-modeles-msm\/#breadcrumb"},"inLanguage":"fr-FR","potentialAction":[{"@type":"ReadAction","target":["https:\/\/www.mines-stetienne.fr\/lgf\/plateaux\/plateaux-technologiques-et-numeriques\/materiaux-et-structures-modeles-msm\/"]}]},{"@type":"BreadcrumbList","@id":"https:\/\/www.mines-stetienne.fr\/lgf\/plateaux\/plateaux-technologiques-et-numeriques\/materiaux-et-structures-modeles-msm\/#breadcrumb","itemListElement":[{"@type":"ListItem","position":1,"name":"Plateaux","item":"https:\/\/www.mines-stetienne.fr\/lgf\/plateaux\/"},{"@type":"ListItem","position":2,"name":"Plateaux technologiques et num\u00e9riques","item":"https:\/\/www.mines-stetienne.fr\/lgf\/plateaux\/plateaux-technologiques-et-numeriques\/"},{"@type":"ListItem","position":3,"name":"Mat\u00e9riaux et Structures Mod\u00e8les (MSM)"}]},{"@type":"WebSite","@id":"https:\/\/www.mines-stetienne.fr\/lgf\/#website","url":"https:\/\/www.mines-stetienne.fr\/lgf\/","name":"Laboratoire Georges Friedel","description":"","publisher":{"@id":"https:\/\/www.mines-stetienne.fr\/lgf\/#organization"},"potentialAction":[{"@type":"SearchAction","target":{"@type":"EntryPoint","urlTemplate":"https:\/\/www.mines-stetienne.fr\/lgf\/?s={search_term_string}"},"query-input":{"@type":"PropertyValueSpecification","valueRequired":true,"valueName":"search_term_string"}}],"inLanguage":"fr-FR"},{"@type":"Organization","@id":"https:\/\/www.mines-stetienne.fr\/lgf\/#organization","name":"Laboratoire Georges Friedel","url":"https:\/\/www.mines-stetienne.fr\/lgf\/","logo":{"@type":"ImageObject","inLanguage":"fr-FR","@id":"https:\/\/www.mines-stetienne.fr\/lgf\/#\/schema\/logo\/image\/","url":"https:\/\/www.mines-stetienne.fr\/lgf\/wp-content\/uploads\/sites\/6\/2024\/07\/EMSE_LGF_CNRS_logo.png","contentUrl":"https:\/\/www.mines-stetienne.fr\/lgf\/wp-content\/uploads\/sites\/6\/2024\/07\/EMSE_LGF_CNRS_logo.png","width":1930,"height":440,"caption":"Laboratoire Georges Friedel"},"image":{"@id":"https:\/\/www.mines-stetienne.fr\/lgf\/#\/schema\/logo\/image\/"}}]}},"_links":{"self":[{"href":"https:\/\/www.mines-stetienne.fr\/lgf\/wp-json\/wp\/v2\/pages\/5090","targetHints":{"allow":["GET"]}}],"collection":[{"href":"https:\/\/www.mines-stetienne.fr\/lgf\/wp-json\/wp\/v2\/pages"}],"about":[{"href":"https:\/\/www.mines-stetienne.fr\/lgf\/wp-json\/wp\/v2\/types\/page"}],"author":[{"embeddable":true,"href":"https:\/\/www.mines-stetienne.fr\/lgf\/wp-json\/wp\/v2\/users\/2"}],"replies":[{"embeddable":true,"href":"https:\/\/www.mines-stetienne.fr\/lgf\/wp-json\/wp\/v2\/comments?post=5090"}],"version-history":[{"count":1,"href":"https:\/\/www.mines-stetienne.fr\/lgf\/wp-json\/wp\/v2\/pages\/5090\/revisions"}],"predecessor-version":[{"id":6003,"href":"https:\/\/www.mines-stetienne.fr\/lgf\/wp-json\/wp\/v2\/pages\/5090\/revisions\/6003"}],"up":[{"embeddable":true,"href":"https:\/\/www.mines-stetienne.fr\/lgf\/wp-json\/wp\/v2\/pages\/5741"}],"wp:attachment":[{"href":"https:\/\/www.mines-stetienne.fr\/lgf\/wp-json\/wp\/v2\/media?parent=5090"}],"wp:term":[{"taxonomy":"post_tag","embeddable":true,"href":"https:\/\/www.mines-stetienne.fr\/lgf\/wp-json\/wp\/v2\/tags?post=5090"}],"curies":[{"name":"wp","href":"https:\/\/api.w.org\/{rel}","templated":true}]}}