{"id":5076,"date":"2022-03-08T09:35:55","date_gmt":"2022-03-08T08:35:55","guid":{"rendered":"https:\/\/mindev.mines-stetienne.fr\/lgf\/?page_id=5076"},"modified":"2022-03-08T09:35:55","modified_gmt":"2022-03-08T08:35:55","slug":"etude-de-solides-par-micro-analyse-thermique","status":"publish","type":"page","link":"https:\/\/www.mines-stetienne.fr\/lgf\/plateaux\/plateaux-dinstruments\/etude-de-solides-par-micro-analyse-thermique\/","title":{"rendered":"\u00c9tude de Solides par Micro-Analyse Thermique (ESMAT)"},"content":{"rendered":"<div class=\"wpb-content-wrapper\">[vc_row css_animation=&#8221;fadeIn&#8221;][vc_column css_animation=&#8221;none&#8221;][vc_column_text]Notre <strong>plateau ESMAT<\/strong> est \u00e9quip\u00e9 de 14 appareils de haute technologie pour satisfaire toutes les exigences en analyse thermique et calorim\u00e9trie. Il est possible de suivre le comportement de solides, massifs, poudres, soumis \u00e0 des conditions de temp\u00e9rature et de pressions de gaz contr\u00f4l\u00e9es.<\/p>\n<p><!-- \/wp:post-content -->\n\n<!-- wp:paragraph -->Le plateau poss\u00e8de diff\u00e9rents appareils servant notamment \u00e0 mesurer la variation de masse, les quantit\u00e9s de chaleur \u00e9chang\u00e9es par le solide ou d\u2019autres caract\u00e9ristiques du mat\u00e9riau (dimension, structure cristalline, esp\u00e8ces adsorb\u00e9es \u2026) durant la transformation.<\/p>\n<!-- \/wp:paragraph -->\n\n<!-- wp:paragraph -->\n<p>Les domaines d\u2019applications : \u00e9nergie, environnement, mat\u00e9riaux de construction, produits pharmaceutiques, industrie nucl\u00e9aire, m\u00e9tallurgie, m\u00e9canique\u2026[\/vc_column_text][\/vc_column][\/vc_row][vc_row css_animation=&#8221;fadeIn&#8221;][vc_column css_animation=&#8221;fadeIn&#8221; css_animation_delay=&#8221;0.5&#8243;]<h2 class=\"vcex-heading vcex-heading-bottom-border-w-color vcex-module wpex-heading wpex-text-2xl wpex-mb-15 wpex-border-b-2 wpex-border-solid wpex-border-main\"><span class=\"vcex-heading-inner wpex-inline-block wpex-relative wpex-pb-5 wpex-border-b-2 wpex-border-solid wpex-border-accent\">\u00c9quipements<\/span><\/h2>[vc_column_text]\n<!-- wp:list \/-->\n<p><!-- wp:paragraph --><strong>La thermogravim\u00e9trie<\/strong> <strong>(TG), calorim\u00e9trie et couplages TG\/DSC et TG\/ATD<\/strong> : mesure de la masse, du flux de chaleur en contr\u00f4lant pr\u00e9cis\u00e9ment la temp\u00e9rature et la pression des gaz.<\/p>\n<!-- \/wp:paragraph -->\n<ul>\n<li><!-- wp:paragraph -->3 Thermobalances sym\u00e9triques Setaram TAG 24 (20\u00b0C \u00e0 1750\u00b0C, flux de gaz ou vapeur d\u2019eau)<\/li>\n<li>Thermobalance Setaram ATD\/TG 92 (20\u00b0C \u00e0 1750\u00b0C, flux de gaz)<\/li>\n<li>Thermobalance Setaram MTB 10<sup>-8<\/sup> (20\u00b0C \u00e0 100\u00b0C, vide ou vapeur d\u2019eau)<\/li>\n<li>Thermobalance Setaram Setsys (20\u00b0C \u00e0 1200\u00b0C, flux de gaz)<\/li>\n<li>Thermobalance Netzch TG 209 (20\u00b0C \u00e0 1000\u00b0C, flux de gaz )<\/li>\n<li>ATG\/DSC Setaram Sensys Evo (20\u00b0C \u00e0 830\u00b0C, flux de gaz ou vapeur d\u2019eau)<\/li>\n<li>ATG\/DSC Mettler Toledo DSC 1 (20\u00b0C \u00e0 1500\u00b0C, flux de gaz)<\/li>\n<li>DSC Setaram 131(-30\u00b0C \u00e0 700\u00b0C, flux de gaz)<\/li>\n<\/ul>\n<p><strong>Dilatom\u00e9trie : <\/strong>d\u00e9termination de la vitesse et du retrait au cours du frittage de mat\u00e9riau, mesures du coefficient de dilatation volumique et thermique.<\/p>\n<ul>\n<li>Dilatom\u00e8tre Setaram TMA 92 20\u00b0C \u00e0 1750\u00b0C, flux de gaz.<\/li>\n<\/ul>\n<!-- \/wp:paragraph -->\n<p><!-- wp:paragraph --><strong>Thermod\u00e9sorption en programmation de temp\u00e9rature :<\/strong> \u00e9tude des esp\u00e8ces adsorb\u00e9es en surface<\/p>\n<ul>\n<li>Appareil de thermod\u00e9sorption 20\u00b0C \u00e0 1000\u00b0C<\/li>\n<\/ul>\n<!-- \/wp:paragraph -->\n<p><!-- wp:paragraph --><strong>Couplage par spectrom\u00e9trie de masse<\/strong> : analyse en ligne des gaz<\/p>\n<ul>\n<li>Spectroscopie Infra Rouge,<\/li>\n<li>Spectrom\u00e9trie de masse<\/li>\n<\/ul>\n<!-- \/wp:paragraph -->\n\n<!-- wp:paragraph -->\n<p><strong>Couplages innovants d\u00e9velopp\u00e9s au LGF <\/strong><\/p>\n<!-- \/wp:paragraph -->\n\n<!-- wp:list -->\n<ul>\n<li>Analyse thermogravim\u00e9trique-\u00e9mission acoustique : suivre les d\u00e9fauts de structure \u00e9missifs<\/li>\n<li>Analyse thermogravim\u00e9trique-champ \u00e9lectrique : influence du champ \u00e9lectrique sur les cin\u00e9tiques d\u2019oxydation<\/li>\n<\/ul>\n<p><!-- \/wp:list -->[\/vc_column_text][\/vc_column][\/vc_row][vc_row][vc_column]<style>.vcex-image-carousel.vcex_69f9b37cc86ae{animation-duration:2s;animation-delay:0,5;}<\/style><style class=\"vcex-carousel-preload-css\">.vcex_69f9b37ccc3e3{--wpex-carousel-gap:15px;}.vcex_69f9b37ccc3e3{--wpex-carousel-columns:1;}.vcex_69f9b37ccc3e3.wpex-carousel:not(.wpex-carousel--loaded) > *:not(:nth-child(1n+2)){display: flex !important;}@media only screen and (min-width: 480px) {.vcex_69f9b37ccc3e3{--wpex-carousel-columns:2;}.vcex_69f9b37ccc3e3.wpex-carousel:not(.wpex-carousel--loaded) > *:not(:nth-child(1n+3)){display: flex !important;}}@media only screen and (min-width: 768px) {.vcex_69f9b37ccc3e3{--wpex-carousel-columns:3;}.vcex_69f9b37ccc3e3.wpex-carousel:not(.wpex-carousel--loaded) > *:not(:nth-child(1n+4)){display: flex !important;}}@media only screen and (min-width: 960px) {.vcex_69f9b37ccc3e3{--wpex-carousel-columns:4;}.vcex_69f9b37ccc3e3.wpex-carousel:not(.wpex-carousel--loaded) > *:not(:nth-child(1n+5)){display: flex !important;}}<\/style><div class=\"vcex-image-carousel wpex-carousel wpex-carousel-images wpex-clr vcex-module owl-carousel wpex-carousel--render-onload vcex_69f9b37ccc3e3 arrwstyle-default arrwpos-default  wpb_animate_when_almost_visible wpb_appear appear wpex-carousel-lightbox vcex_69f9b37cc86ae\" data-wpex-carousel=\"{&quot;loop&quot;:&quot;false&quot;,&quot;slideBy&quot;:1,&quot;responsive&quot;:{&quot;0&quot;:{&quot;items&quot;:&quot;1&quot;},&quot;480&quot;:{&quot;items&quot;:&quot;2&quot;},&quot;768&quot;:{&quot;items&quot;:&quot;3&quot;},&quot;960&quot;:{&quot;items&quot;:&quot;4&quot;}}}\"><div class=\"wpex-carousel-slide wpex-text-center\"><figure class=\"wpex-carousel-entry-media entry-media wpex-relative wpex-image-hover grow\"><a href=\"https:\/\/www.mines-stetienne.fr\/lgf\/wp-content\/uploads\/sites\/6\/2022\/03\/esmat_01.png\" class=\"wpex-carousel-entry-img wpex-carousel-lightbox-item\" data-count=\"1\" data-show_title=\"false\"><img data-no-lazy=\"1\" class=\"wpex-align-middle skip-lazy\" src=\"https:\/\/www.mines-stetienne.fr\/lgf\/wp-content\/uploads\/sites\/6\/2022\/03\/esmat_01.png\" alt=\"\" srcset=\"https:\/\/www.mines-stetienne.fr\/lgf\/wp-content\/uploads\/sites\/6\/2022\/03\/esmat_01.png 524w, https:\/\/www.mines-stetienne.fr\/lgf\/wp-content\/uploads\/sites\/6\/2022\/03\/esmat_01-262x300.png 262w\" width=\"524\" height=\"600\"><\/a><\/figure><\/div><div class=\"wpex-carousel-slide wpex-text-center\"><figure class=\"wpex-carousel-entry-media entry-media wpex-relative wpex-image-hover grow\"><a href=\"https:\/\/www.mines-stetienne.fr\/lgf\/wp-content\/uploads\/sites\/6\/2022\/03\/esmat_02.png\" class=\"wpex-carousel-entry-img wpex-carousel-lightbox-item\" data-count=\"2\" data-show_title=\"false\"><img data-no-lazy=\"1\" class=\"wpex-align-middle skip-lazy\" src=\"https:\/\/www.mines-stetienne.fr\/lgf\/wp-content\/uploads\/sites\/6\/2022\/03\/esmat_02.png\" alt=\"\" srcset=\"https:\/\/www.mines-stetienne.fr\/lgf\/wp-content\/uploads\/sites\/6\/2022\/03\/esmat_02.png 400w, https:\/\/www.mines-stetienne.fr\/lgf\/wp-content\/uploads\/sites\/6\/2022\/03\/esmat_02-200x300.png 200w\" width=\"400\" height=\"600\"><\/a><\/figure><\/div><\/div>[\/vc_column][\/vc_row][vc_row][vc_column][\/vc_column][\/vc_row]<\/div>","protected":false},"excerpt":{"rendered":"<p>Le plateau est \u00e9quip\u00e9 de 14 appareils de haute technologie pour satisfaire toutes les exigences en analyse thermique et calorim\u00e9trie. Il est possible de suivre le comportement de solides, massifs, poudres, soumis \u00e0 des conditions de temp\u00e9rature et de pressions de gaz contr\u00f4l\u00e9es.<\/p>\n","protected":false},"author":2,"featured_media":0,"parent":5739,"menu_order":0,"comment_status":"closed","ping_status":"closed","template":"","meta":{"_relevanssi_hide_post":"","_relevanssi_hide_content":"","_relevanssi_pin_for_all":"","_relevanssi_pin_keywords":"","_relevanssi_unpin_keywords":"","_relevanssi_related_keywords":"","_relevanssi_related_include_ids":"","_relevanssi_related_exclude_ids":"","_relevanssi_related_no_append":"","_relevanssi_related_not_related":"","_relevanssi_related_posts":"","_relevanssi_noindex_reason":"","footnotes":""},"tags":[],"class_list":["post-5076","page","type-page","status-publish","hentry","entry","no-media"],"pp_statuses_selecting_workflow":false,"pp_workflow_action":"current","pp_status_selection":"publish","pp_force_visibility":null,"pp_subpost_visibility":null,"pp_inherited_force_visibility":null,"pp_inherited_subpost_visibility":null,"yoast_head":"<!-- This site is optimized with the Yoast SEO plugin v27.5 - https:\/\/yoast.com\/product\/yoast-seo-wordpress\/ -->\n<title>\u00c9tude de Solides par Micro-Analyse Thermique (ESMAT) - Laboratoire Georges Friedel<\/title>\n<meta name=\"robots\" content=\"index, follow, max-snippet:-1, max-image-preview:large, max-video-preview:-1\" \/>\n<link rel=\"canonical\" href=\"https:\/\/www.mines-stetienne.fr\/lgf\/plateaux\/plateaux-dinstruments\/etude-de-solides-par-micro-analyse-thermique\/\" \/>\n<meta property=\"og:locale\" content=\"fr_FR\" \/>\n<meta property=\"og:type\" content=\"article\" \/>\n<meta property=\"og:title\" content=\"\u00c9tude de Solides par Micro-Analyse Thermique (ESMAT) - Laboratoire Georges Friedel\" \/>\n<meta property=\"og:description\" content=\"Le plateau est \u00e9quip\u00e9 de 14 appareils de haute technologie pour satisfaire toutes les exigences en analyse thermique et calorim\u00e9trie. Il est possible de suivre le comportement de solides, massifs, poudres, soumis \u00e0 des conditions de temp\u00e9rature et de pressions de gaz contr\u00f4l\u00e9es.\" \/>\n<meta property=\"og:url\" content=\"https:\/\/www.mines-stetienne.fr\/lgf\/plateaux\/plateaux-dinstruments\/etude-de-solides-par-micro-analyse-thermique\/\" \/>\n<meta property=\"og:site_name\" content=\"Laboratoire Georges Friedel\" \/>\n<meta name=\"twitter:card\" content=\"summary_large_image\" \/>\n<meta name=\"twitter:label1\" content=\"Dur\u00e9e de lecture estim\u00e9e\" \/>\n\t<meta name=\"twitter:data1\" content=\"2 minutes\" \/>\n<script type=\"application\/ld+json\" class=\"yoast-schema-graph\">{\"@context\":\"https:\\\/\\\/schema.org\",\"@graph\":[{\"@type\":\"WebPage\",\"@id\":\"https:\\\/\\\/www.mines-stetienne.fr\\\/lgf\\\/plateaux\\\/plateaux-dinstruments\\\/etude-de-solides-par-micro-analyse-thermique\\\/\",\"url\":\"https:\\\/\\\/www.mines-stetienne.fr\\\/lgf\\\/plateaux\\\/plateaux-dinstruments\\\/etude-de-solides-par-micro-analyse-thermique\\\/\",\"name\":\"\u00c9tude de Solides par Micro-Analyse Thermique (ESMAT) - Laboratoire Georges Friedel\",\"isPartOf\":{\"@id\":\"https:\\\/\\\/www.mines-stetienne.fr\\\/lgf\\\/#website\"},\"datePublished\":\"2022-03-08T08:35:55+00:00\",\"breadcrumb\":{\"@id\":\"https:\\\/\\\/www.mines-stetienne.fr\\\/lgf\\\/plateaux\\\/plateaux-dinstruments\\\/etude-de-solides-par-micro-analyse-thermique\\\/#breadcrumb\"},\"inLanguage\":\"fr-FR\",\"potentialAction\":[{\"@type\":\"ReadAction\",\"target\":[\"https:\\\/\\\/www.mines-stetienne.fr\\\/lgf\\\/plateaux\\\/plateaux-dinstruments\\\/etude-de-solides-par-micro-analyse-thermique\\\/\"]}]},{\"@type\":\"BreadcrumbList\",\"@id\":\"https:\\\/\\\/www.mines-stetienne.fr\\\/lgf\\\/plateaux\\\/plateaux-dinstruments\\\/etude-de-solides-par-micro-analyse-thermique\\\/#breadcrumb\",\"itemListElement\":[{\"@type\":\"ListItem\",\"position\":1,\"name\":\"Plateaux\",\"item\":\"https:\\\/\\\/www.mines-stetienne.fr\\\/lgf\\\/plateaux\\\/\"},{\"@type\":\"ListItem\",\"position\":2,\"name\":\"Plateaux d\u2019instruments\",\"item\":\"https:\\\/\\\/www.mines-stetienne.fr\\\/lgf\\\/plateaux\\\/plateaux-dinstruments\\\/\"},{\"@type\":\"ListItem\",\"position\":3,\"name\":\"\u00c9tude de Solides par Micro-Analyse Thermique (ESMAT)\"}]},{\"@type\":\"WebSite\",\"@id\":\"https:\\\/\\\/www.mines-stetienne.fr\\\/lgf\\\/#website\",\"url\":\"https:\\\/\\\/www.mines-stetienne.fr\\\/lgf\\\/\",\"name\":\"Laboratoire Georges Friedel\",\"description\":\"\",\"publisher\":{\"@id\":\"https:\\\/\\\/www.mines-stetienne.fr\\\/lgf\\\/#organization\"},\"potentialAction\":[{\"@type\":\"SearchAction\",\"target\":{\"@type\":\"EntryPoint\",\"urlTemplate\":\"https:\\\/\\\/www.mines-stetienne.fr\\\/lgf\\\/?s={search_term_string}\"},\"query-input\":{\"@type\":\"PropertyValueSpecification\",\"valueRequired\":true,\"valueName\":\"search_term_string\"}}],\"inLanguage\":\"fr-FR\"},{\"@type\":\"Organization\",\"@id\":\"https:\\\/\\\/www.mines-stetienne.fr\\\/lgf\\\/#organization\",\"name\":\"Laboratoire Georges Friedel\",\"url\":\"https:\\\/\\\/www.mines-stetienne.fr\\\/lgf\\\/\",\"logo\":{\"@type\":\"ImageObject\",\"inLanguage\":\"fr-FR\",\"@id\":\"https:\\\/\\\/www.mines-stetienne.fr\\\/lgf\\\/#\\\/schema\\\/logo\\\/image\\\/\",\"url\":\"https:\\\/\\\/www.mines-stetienne.fr\\\/lgf\\\/wp-content\\\/uploads\\\/sites\\\/6\\\/2024\\\/07\\\/EMSE_LGF_CNRS_logo.png\",\"contentUrl\":\"https:\\\/\\\/www.mines-stetienne.fr\\\/lgf\\\/wp-content\\\/uploads\\\/sites\\\/6\\\/2024\\\/07\\\/EMSE_LGF_CNRS_logo.png\",\"width\":1930,\"height\":440,\"caption\":\"Laboratoire Georges Friedel\"},\"image\":{\"@id\":\"https:\\\/\\\/www.mines-stetienne.fr\\\/lgf\\\/#\\\/schema\\\/logo\\\/image\\\/\"}}]}<\/script>\n<!-- \/ Yoast SEO plugin. -->","yoast_head_json":{"title":"\u00c9tude de Solides par Micro-Analyse Thermique (ESMAT) - Laboratoire Georges Friedel","robots":{"index":"index","follow":"follow","max-snippet":"max-snippet:-1","max-image-preview":"max-image-preview:large","max-video-preview":"max-video-preview:-1"},"canonical":"https:\/\/www.mines-stetienne.fr\/lgf\/plateaux\/plateaux-dinstruments\/etude-de-solides-par-micro-analyse-thermique\/","og_locale":"fr_FR","og_type":"article","og_title":"\u00c9tude de Solides par Micro-Analyse Thermique (ESMAT) - Laboratoire Georges Friedel","og_description":"Le plateau est \u00e9quip\u00e9 de 14 appareils de haute technologie pour satisfaire toutes les exigences en analyse thermique et calorim\u00e9trie. Il est possible de suivre le comportement de solides, massifs, poudres, soumis \u00e0 des conditions de temp\u00e9rature et de pressions de gaz contr\u00f4l\u00e9es.","og_url":"https:\/\/www.mines-stetienne.fr\/lgf\/plateaux\/plateaux-dinstruments\/etude-de-solides-par-micro-analyse-thermique\/","og_site_name":"Laboratoire Georges Friedel","twitter_card":"summary_large_image","twitter_misc":{"Dur\u00e9e de lecture estim\u00e9e":"2 minutes"},"schema":{"@context":"https:\/\/schema.org","@graph":[{"@type":"WebPage","@id":"https:\/\/www.mines-stetienne.fr\/lgf\/plateaux\/plateaux-dinstruments\/etude-de-solides-par-micro-analyse-thermique\/","url":"https:\/\/www.mines-stetienne.fr\/lgf\/plateaux\/plateaux-dinstruments\/etude-de-solides-par-micro-analyse-thermique\/","name":"\u00c9tude de Solides par Micro-Analyse Thermique (ESMAT) - Laboratoire Georges Friedel","isPartOf":{"@id":"https:\/\/www.mines-stetienne.fr\/lgf\/#website"},"datePublished":"2022-03-08T08:35:55+00:00","breadcrumb":{"@id":"https:\/\/www.mines-stetienne.fr\/lgf\/plateaux\/plateaux-dinstruments\/etude-de-solides-par-micro-analyse-thermique\/#breadcrumb"},"inLanguage":"fr-FR","potentialAction":[{"@type":"ReadAction","target":["https:\/\/www.mines-stetienne.fr\/lgf\/plateaux\/plateaux-dinstruments\/etude-de-solides-par-micro-analyse-thermique\/"]}]},{"@type":"BreadcrumbList","@id":"https:\/\/www.mines-stetienne.fr\/lgf\/plateaux\/plateaux-dinstruments\/etude-de-solides-par-micro-analyse-thermique\/#breadcrumb","itemListElement":[{"@type":"ListItem","position":1,"name":"Plateaux","item":"https:\/\/www.mines-stetienne.fr\/lgf\/plateaux\/"},{"@type":"ListItem","position":2,"name":"Plateaux d\u2019instruments","item":"https:\/\/www.mines-stetienne.fr\/lgf\/plateaux\/plateaux-dinstruments\/"},{"@type":"ListItem","position":3,"name":"\u00c9tude de Solides par Micro-Analyse Thermique (ESMAT)"}]},{"@type":"WebSite","@id":"https:\/\/www.mines-stetienne.fr\/lgf\/#website","url":"https:\/\/www.mines-stetienne.fr\/lgf\/","name":"Laboratoire Georges Friedel","description":"","publisher":{"@id":"https:\/\/www.mines-stetienne.fr\/lgf\/#organization"},"potentialAction":[{"@type":"SearchAction","target":{"@type":"EntryPoint","urlTemplate":"https:\/\/www.mines-stetienne.fr\/lgf\/?s={search_term_string}"},"query-input":{"@type":"PropertyValueSpecification","valueRequired":true,"valueName":"search_term_string"}}],"inLanguage":"fr-FR"},{"@type":"Organization","@id":"https:\/\/www.mines-stetienne.fr\/lgf\/#organization","name":"Laboratoire Georges Friedel","url":"https:\/\/www.mines-stetienne.fr\/lgf\/","logo":{"@type":"ImageObject","inLanguage":"fr-FR","@id":"https:\/\/www.mines-stetienne.fr\/lgf\/#\/schema\/logo\/image\/","url":"https:\/\/www.mines-stetienne.fr\/lgf\/wp-content\/uploads\/sites\/6\/2024\/07\/EMSE_LGF_CNRS_logo.png","contentUrl":"https:\/\/www.mines-stetienne.fr\/lgf\/wp-content\/uploads\/sites\/6\/2024\/07\/EMSE_LGF_CNRS_logo.png","width":1930,"height":440,"caption":"Laboratoire Georges Friedel"},"image":{"@id":"https:\/\/www.mines-stetienne.fr\/lgf\/#\/schema\/logo\/image\/"}}]}},"_links":{"self":[{"href":"https:\/\/www.mines-stetienne.fr\/lgf\/wp-json\/wp\/v2\/pages\/5076","targetHints":{"allow":["GET"]}}],"collection":[{"href":"https:\/\/www.mines-stetienne.fr\/lgf\/wp-json\/wp\/v2\/pages"}],"about":[{"href":"https:\/\/www.mines-stetienne.fr\/lgf\/wp-json\/wp\/v2\/types\/page"}],"author":[{"embeddable":true,"href":"https:\/\/www.mines-stetienne.fr\/lgf\/wp-json\/wp\/v2\/users\/2"}],"replies":[{"embeddable":true,"href":"https:\/\/www.mines-stetienne.fr\/lgf\/wp-json\/wp\/v2\/comments?post=5076"}],"version-history":[{"count":0,"href":"https:\/\/www.mines-stetienne.fr\/lgf\/wp-json\/wp\/v2\/pages\/5076\/revisions"}],"up":[{"embeddable":true,"href":"https:\/\/www.mines-stetienne.fr\/lgf\/wp-json\/wp\/v2\/pages\/5739"}],"wp:attachment":[{"href":"https:\/\/www.mines-stetienne.fr\/lgf\/wp-json\/wp\/v2\/media?parent=5076"}],"wp:term":[{"taxonomy":"post_tag","embeddable":true,"href":"https:\/\/www.mines-stetienne.fr\/lgf\/wp-json\/wp\/v2\/tags?post=5076"}],"curies":[{"name":"wp","href":"https:\/\/api.w.org\/{rel}","templated":true}]}}