{"id":4929,"date":"2022-03-04T16:53:50","date_gmt":"2022-03-04T15:53:50","guid":{"rendered":"https:\/\/mindev.mines-stetienne.fr\/lgf\/?page_id=4929"},"modified":"2026-02-16T08:32:03","modified_gmt":"2026-02-16T07:32:03","slug":"capteurs-piles-sofc-et-instrumentation","status":"publish","type":"page","link":"https:\/\/www.mines-stetienne.fr\/lgf\/equipes-2\/surf\/capteurs-piles-sofc-et-instrumentation\/","title":{"rendered":"Capteurs, piles SOFC et instrumentation"},"content":{"rendered":"<div class=\"wpb-content-wrapper\">[vc_row][vc_column][vc_column_text css=&#8221;&#8221;]\r\n<p>Les activit\u00e9s de recherche concernent les <strong>propri\u00e9t\u00e9s \u00e9lectriques des solides en interaction avec un gaz<\/strong>, et se d\u00e9clinent du point de vue applicatif dans le d\u00e9veloppement de capteur de gaz et de particules, et de piles \u00e0 combustible de type SOFC.<\/p>\r\n\r\n<p>Elles couvrent toute la chaine de valeur depuis les principes physico-chimiques d\u2019interactions gaz-solide et leur mod\u00e9lisation, le d\u00e9veloppement de capteurs chimiques bas\u00e9s sur des mat\u00e9riaux semi-conducteurs ou conducteurs ioniques <em>via<\/em> diff\u00e9rentes technologies de mises en forme (s\u00e9rigraphie, jet d\u2019encre , \u2026), la mise en \u0153uvre et l\u2019\u00e9valuation des performances des capteurs sur des bancs de tests laboratoire ou sur site, le traitement des donn\u00e9es.<\/p>\r\n\r\n<p>Axe 1\u00a0: <strong>Capteurs robustes et haute temp\u00e9rature<\/strong><\/p>\r\n\r\n<p>&nbsp;<\/p>\r\n\r\n<ul class=\"wp-block-list\">\r\n<li>Capteurs de gaz potentiom\u00e9triques<\/li>\r\n<li>Capteurs de particules\/suies<\/li>\r\n<li>Capteurs pour l\u2019\u00e9chappement (gaz et particules)<\/li>\r\n<li>Capteurs hydrog\u00e8ne, Biogaz, application Power to Gas,<\/li>\r\n<li>SOFC monochambre<\/li>\r\n<\/ul>\r\n\r\n<p>Axe 2\u00a0: <strong>Capteurs basse temp\u00e9rature<\/strong><\/p>\r\n\r\n<p>&nbsp;<\/p>\r\n\r\n<ul class=\"wp-block-list\">\r\n<li>SnO<sub>2<\/sub> fonctionnalis\u00e9<\/li>\r\n<li>\u00a0Support flexible<\/li>\r\n<li>\u00a0D\u00e9tection de NH<sub>3<\/sub> et de COV Electronique imprim\u00e9e, Emballage, Analyse d\u2019haleine,<\/li>\r\n<li>Pr\u00e9-concentrateur de gaz<\/li>\r\n<\/ul>\r\n\r\n<p>Axe 3\u00a0: <strong>\u00c9valuation de capteurs et d\u2019analyseurs<\/strong><\/p>\r\n\r\n<p>&nbsp;<\/p>\r\n\r\n<ul class=\"wp-block-list\">\r\n<li>Mod\u00e9lisation comportementale de multi-capteurs<\/li>\r\n<li>Contr\u00f4le de proc\u00e9d\u00e9s en ligne<\/li>\r\n<li>Syst\u00e8me de qualit\u00e9 de l\u2019air: pollution int\u00e9rieure et ext\u00e9rieure<\/li>\r\n<li>D\u00e9tection de drogues et d\u2019explosifs<\/li>\r\n<\/ul>\r\n\r\n<p>&nbsp;<\/p>\r\n\r\n<div class=\"wp-block-image\">\r\n<figure class=\"aligncenter size-full\"><img loading=\"lazy\" decoding=\"async\" width=\"449\" height=\"224\" class=\"wp-image-5128\" src=\"https:\/\/www.mines-stetienne.fr\/lgf\/wp-content\/uploads\/sites\/6\/2022\/03\/surf_08.png\" alt=\"\" srcset=\"https:\/\/www.mines-stetienne.fr\/lgf\/wp-content\/uploads\/sites\/6\/2022\/03\/surf_08.png 449w, https:\/\/www.mines-stetienne.fr\/lgf\/wp-content\/uploads\/sites\/6\/2022\/03\/surf_08-300x150.png 300w\" sizes=\"auto, (max-width: 449px) 100vw, 449px\" \/><\/figure>\r\n<\/div>\r\n\r\n<p>&nbsp;<\/p>\r\n\r\n<h2 class=\"wp-block-heading\">Moyens<\/h2>\r\n\r\n<p>&nbsp;<\/p>\r\n\r\n<ul class=\"wp-block-list\">\r\n<li><strong><em>Outils de mise en forme\u00a0: <\/em><\/strong>S\u00e9rigraphie, Coulage en bande, Jet d\u2019encre, Gravure laser, Fours haute temp\u00e9rature<\/li>\r\n<li><strong><em>Caract\u00e9risation physico-<\/em><\/strong>chimiques\u00a0: MEB, TEM, DRX, Analyses thermiques, Analyses spectroscopiques et chimiques (XPS, Raman, FTIR, ICP)<\/li>\r\n<li><strong><em>Equipements de caract\u00e9risation pour capteurs gaz et particules\u00a0: <\/em><\/strong>Bancs de tests sous gaz et contr\u00f4l\u00e9s en temp\u00e9rature, g\u00e9n\u00e9ration gazeuse du ppb au %<\/li>\r\n<li><strong><em>Outils sp\u00e9cifiques pour l\u2019instrumentation, l\u2019acquisition et le traitement des donn\u00e9es\u00a0: <\/em><\/strong>Unit\u00e9s \u00e9lectroniques pour le monitoring de capteurs : mesures \u00e9lectriques et contr\u00f4le<\/li>\r\n<li><strong><em>Mesures \u00e9lectriques et \u00e9lectrochimiques\u00a0: <\/em><\/strong>Potentiostats-galvanostats, Analyseur de r\u00e9ponses en fr\u00e9quences pour l\u2019imp\u00e9dance<\/li>\r\n<li><strong><em>Equipements de caract\u00e9risations chimiques et thermiques\u00a0: <\/em><\/strong>Chromatographe gaz coupl\u00e9 spectrom\u00e8tre de masse, Analyseurs de gaz (NO, NO<sub>2<\/sub>, CO, NH<sub>3<\/sub>, O<sub>2<\/sub>, etc), Equipement de thermo-d\u00e9sorption<\/li>\r\n<\/ul>\r\n\r\n<p>&nbsp;<\/p>\r\n\r\n<div class=\"wp-block-image\">\r\n<figure class=\"aligncenter size-full\"><img loading=\"lazy\" decoding=\"async\" width=\"364\" height=\"380\" class=\"wp-image-5129\" src=\"https:\/\/www.mines-stetienne.fr\/lgf\/wp-content\/uploads\/sites\/6\/2022\/03\/surf_09.png\" alt=\"\" srcset=\"https:\/\/www.mines-stetienne.fr\/lgf\/wp-content\/uploads\/sites\/6\/2022\/03\/surf_09.png 364w, https:\/\/www.mines-stetienne.fr\/lgf\/wp-content\/uploads\/sites\/6\/2022\/03\/surf_09-287x300.png 287w\" sizes=\"auto, (max-width: 364px) 100vw, 364px\" \/><\/figure>\r\n<\/div>\r\n\r\n<p>&nbsp;<\/p>\r\n\r\n<h2 class=\"wp-block-heading\">Th\u00e8ses<\/h2>\r\n\r\n<p><em>\u00c9lectrocatalyse pour production oxyde d&#8217;\u00e9thyl\u00e8ne<\/em>, Thomas Cavou\u00e9, 2020, coll. IRCELyon<\/p>\r\n\r\n<p><em>D\u00e9veloppement de capteurs NOx et NH<sub>3<\/sub><\/em>, Gita Nematbakhsh-Abkenar, 2020<\/p>\r\n\r\n<p><em>Effet du champ \u00e9lectrique sur la r\u00e9activit\u00e9 des mat\u00e9riaux \u00e0 haute temp\u00e9rature &#8211; mod\u00e9lisation de la diffusion sous champ \u00e9lectrique<\/em>, Juan-Carlos Peirera-Ibarra, 2020<\/p>\r\n\r\n<p><em>D\u00e9veloppement d\u2019un dispositif m\u00e9trologique multi-capteurs pour la mesure du d\u00e9p\u00f4t d\u2019a\u00e9rosols dans un local lors d\u2019un incendie, <\/em>Amel Kort, 2021, coll. IRSN<\/p>\r\n\r\n<p><em>D\u00e9veloppement d\u2019un capteur de gaz NO<sub>x<\/sub> et NH<sub>3<\/sub> pour fonctionnement en environnements s\u00e9v\u00e8res<\/em>, Carole Naddour, 2020-2023, coll. IRCELyon<\/p>\r\n\r\n<p><em>Development of functional inks for screen-printing and inkjet printing, Applications to sensors<\/em>, Bastien Le Porcher, 2021-2024<\/p>\r\n\r\n<p><em>Effets combin\u00e9s des particules d\u2019usure de pneumatiques (Tire and Road Wear Particles, TRWP) et des gaz d\u2019\u00e9chappement automobiles sur la sant\u00e9 humaine<\/em>, Abderrahmane Bouredji, 2021-2024, coll. CIS\/EMSE<\/p>\r\n\r\n<p>&nbsp;<\/p>\r\n\r\n<h2 class=\"wp-block-heading\">Partenaires acad\u00e9miques et industriels<\/h2>\r\n\r\n<p>IRCELyon, LMGP\/Grenoble INP, Univ. Padoue, Labex Manutech, IMM Le Mans, SPMS\/CentraleSupelec, IMT Neuchatel, Univ. Li\u00e8ge, IFPEN, CEA, IRSN, RB Technologies, SEB, Electricfil, Renault, Schlumberger<\/p>\r\n\r\n<p>&nbsp;<\/p>\r\n\r\n<h2 class=\"wp-block-heading\">Contacts<\/h2>\r\n\r\n<div>\r\n<p><strong>Mathilde Rieu<\/strong><br \/><a href=\"&#109;&#97;&#x69;l&#116;&#x6f;&#x3a;r&#105;&#x65;&#x75;&#64;&#109;&#x69;n&#101;&#x73;&#x2d;s&#116;&#x65;&#x74;i&#101;&#x6e;n&#101;&#x2e;&#x66;r\">&#114;&#x69;e&#117;&#x40;m&#105;&#x6e;e&#x73;&#x2d;&#115;&#x74;e&#116;&#x69;e&#110;&#x6e;e&#x2e;&#x66;&#114;<\/a><\/p>\r\n<\/div>\r\n<div><strong>Maxime Minot<\/strong><br \/><a href=\"&#x6d;&#x61;&#105;l&#x74;&#x6f;&#58;&#109;i&#x6e;&#x6f;&#116;&#64;m&#x69;&#x6e;&#101;s-&#x73;&#x74;&#101;t&#x69;&#x65;&#110;&#110;e&#x2e;&#x66;&#114;\">&#x6d;&#x69;&#110;o&#x74;&#x40;&#109;&#105;n&#x65;&#x73;&#45;&#115;t&#x65;&#x74;&#105;en&#x6e;&#x65;&#46;f&#x72;<\/a><\/div>\r\n<!-- \/wp:post-content -->\r\n<p>&nbsp;<\/p>\r\n[\/vc_column_text][\/vc_column][\/vc_row]<\/div>","protected":false},"excerpt":{"rendered":"<p>[vc_row][vc_column][vc_column_text css=&#8221;&#8221;] Les activit\u00e9s de recherche concernent les propri\u00e9t\u00e9s \u00e9lectriques des solides en interaction avec un gaz, et se d\u00e9clinent du point de vue applicatif dans le d\u00e9veloppement de capteur de gaz et de particules, et de piles \u00e0 combustible de type SOFC. Elles couvrent toute la chaine de valeur depuis les principes physico-chimiques d\u2019interactions&hellip;<\/p>\n","protected":false},"author":2,"featured_media":0,"parent":4898,"menu_order":40,"comment_status":"closed","ping_status":"closed","template":"","meta":{"_relevanssi_hide_post":"","_relevanssi_hide_content":"","_relevanssi_pin_for_all":"","_relevanssi_pin_keywords":"","_relevanssi_unpin_keywords":"","_relevanssi_related_keywords":"","_relevanssi_related_include_ids":"","_relevanssi_related_exclude_ids":"","_relevanssi_related_no_append":"","_relevanssi_related_not_related":"","_relevanssi_related_posts":"","_relevanssi_noindex_reason":"","footnotes":""},"tags":[],"class_list":["post-4929","page","type-page","status-publish","hentry","entry","no-media"],"pp_statuses_selecting_workflow":false,"pp_workflow_action":"current","pp_status_selection":"publish","pp_force_visibility":null,"pp_subpost_visibility":null,"pp_inherited_force_visibility":null,"pp_inherited_subpost_visibility":null,"yoast_head":"<!-- This site is optimized with the Yoast SEO plugin v27.5 - https:\/\/yoast.com\/product\/yoast-seo-wordpress\/ -->\n<title>Capteurs, piles SOFC et instrumentation - Laboratoire Georges Friedel<\/title>\n<meta name=\"robots\" content=\"index, follow, max-snippet:-1, max-image-preview:large, max-video-preview:-1\" \/>\n<link rel=\"canonical\" href=\"https:\/\/www.mines-stetienne.fr\/lgf\/equipes-2\/surf\/capteurs-piles-sofc-et-instrumentation\/\" \/>\n<meta property=\"og:locale\" content=\"fr_FR\" \/>\n<meta property=\"og:type\" content=\"article\" \/>\n<meta property=\"og:title\" content=\"Capteurs, piles SOFC et instrumentation - Laboratoire Georges Friedel\" \/>\n<meta property=\"og:description\" content=\"[vc_row][vc_column][vc_column_text css=&#8221;&#8221;] Les activit\u00e9s de recherche concernent les propri\u00e9t\u00e9s \u00e9lectriques des solides en interaction avec un gaz, et se d\u00e9clinent du point de vue applicatif dans le d\u00e9veloppement de capteur de gaz et de particules, et de piles \u00e0 combustible de type SOFC. Elles couvrent toute la chaine de valeur depuis les principes physico-chimiques d\u2019interactions&hellip;\" \/>\n<meta property=\"og:url\" content=\"https:\/\/www.mines-stetienne.fr\/lgf\/equipes-2\/surf\/capteurs-piles-sofc-et-instrumentation\/\" \/>\n<meta property=\"og:site_name\" content=\"Laboratoire Georges Friedel\" \/>\n<meta property=\"article:modified_time\" content=\"2026-02-16T07:32:03+00:00\" \/>\n<meta property=\"og:image\" content=\"https:\/\/www.mines-stetienne.fr\/lgf\/wp-content\/uploads\/sites\/6\/2022\/03\/surf_08.png\" \/>\n\t<meta property=\"og:image:width\" content=\"449\" \/>\n\t<meta property=\"og:image:height\" content=\"224\" \/>\n\t<meta property=\"og:image:type\" content=\"image\/png\" \/>\n<meta name=\"twitter:card\" content=\"summary_large_image\" \/>\n<meta name=\"twitter:label1\" content=\"Dur\u00e9e de lecture estim\u00e9e\" \/>\n\t<meta name=\"twitter:data1\" content=\"3 minutes\" \/>\n<script type=\"application\/ld+json\" class=\"yoast-schema-graph\">{\"@context\":\"https:\\\/\\\/schema.org\",\"@graph\":[{\"@type\":\"WebPage\",\"@id\":\"https:\\\/\\\/www.mines-stetienne.fr\\\/lgf\\\/equipes-2\\\/surf\\\/capteurs-piles-sofc-et-instrumentation\\\/\",\"url\":\"https:\\\/\\\/www.mines-stetienne.fr\\\/lgf\\\/equipes-2\\\/surf\\\/capteurs-piles-sofc-et-instrumentation\\\/\",\"name\":\"Capteurs, piles SOFC et instrumentation - Laboratoire Georges Friedel\",\"isPartOf\":{\"@id\":\"https:\\\/\\\/www.mines-stetienne.fr\\\/lgf\\\/#website\"},\"primaryImageOfPage\":{\"@id\":\"https:\\\/\\\/www.mines-stetienne.fr\\\/lgf\\\/equipes-2\\\/surf\\\/capteurs-piles-sofc-et-instrumentation\\\/#primaryimage\"},\"image\":{\"@id\":\"https:\\\/\\\/www.mines-stetienne.fr\\\/lgf\\\/equipes-2\\\/surf\\\/capteurs-piles-sofc-et-instrumentation\\\/#primaryimage\"},\"thumbnailUrl\":\"https:\\\/\\\/www.mines-stetienne.fr\\\/lgf\\\/wp-content\\\/uploads\\\/sites\\\/6\\\/2022\\\/03\\\/surf_08.png\",\"datePublished\":\"2022-03-04T15:53:50+00:00\",\"dateModified\":\"2026-02-16T07:32:03+00:00\",\"breadcrumb\":{\"@id\":\"https:\\\/\\\/www.mines-stetienne.fr\\\/lgf\\\/equipes-2\\\/surf\\\/capteurs-piles-sofc-et-instrumentation\\\/#breadcrumb\"},\"inLanguage\":\"fr-FR\",\"potentialAction\":[{\"@type\":\"ReadAction\",\"target\":[\"https:\\\/\\\/www.mines-stetienne.fr\\\/lgf\\\/equipes-2\\\/surf\\\/capteurs-piles-sofc-et-instrumentation\\\/\"]}]},{\"@type\":\"ImageObject\",\"inLanguage\":\"fr-FR\",\"@id\":\"https:\\\/\\\/www.mines-stetienne.fr\\\/lgf\\\/equipes-2\\\/surf\\\/capteurs-piles-sofc-et-instrumentation\\\/#primaryimage\",\"url\":\"https:\\\/\\\/www.mines-stetienne.fr\\\/lgf\\\/wp-content\\\/uploads\\\/sites\\\/6\\\/2022\\\/03\\\/surf_08.png\",\"contentUrl\":\"https:\\\/\\\/www.mines-stetienne.fr\\\/lgf\\\/wp-content\\\/uploads\\\/sites\\\/6\\\/2022\\\/03\\\/surf_08.png\",\"width\":449,\"height\":224},{\"@type\":\"BreadcrumbList\",\"@id\":\"https:\\\/\\\/www.mines-stetienne.fr\\\/lgf\\\/equipes-2\\\/surf\\\/capteurs-piles-sofc-et-instrumentation\\\/#breadcrumb\",\"itemListElement\":[{\"@type\":\"ListItem\",\"position\":1,\"name\":\"\u00c9quipes\",\"item\":\"https:\\\/\\\/www.mines-stetienne.fr\\\/lgf\\\/equipes-2\\\/\"},{\"@type\":\"ListItem\",\"position\":2,\"name\":\"SURF\",\"item\":\"https:\\\/\\\/www.mines-stetienne.fr\\\/lgf\\\/equipes-2\\\/surf\\\/\"},{\"@type\":\"ListItem\",\"position\":3,\"name\":\"Capteurs, piles SOFC et instrumentation\"}]},{\"@type\":\"WebSite\",\"@id\":\"https:\\\/\\\/www.mines-stetienne.fr\\\/lgf\\\/#website\",\"url\":\"https:\\\/\\\/www.mines-stetienne.fr\\\/lgf\\\/\",\"name\":\"Laboratoire Georges Friedel\",\"description\":\"\",\"publisher\":{\"@id\":\"https:\\\/\\\/www.mines-stetienne.fr\\\/lgf\\\/#organization\"},\"potentialAction\":[{\"@type\":\"SearchAction\",\"target\":{\"@type\":\"EntryPoint\",\"urlTemplate\":\"https:\\\/\\\/www.mines-stetienne.fr\\\/lgf\\\/?s={search_term_string}\"},\"query-input\":{\"@type\":\"PropertyValueSpecification\",\"valueRequired\":true,\"valueName\":\"search_term_string\"}}],\"inLanguage\":\"fr-FR\"},{\"@type\":\"Organization\",\"@id\":\"https:\\\/\\\/www.mines-stetienne.fr\\\/lgf\\\/#organization\",\"name\":\"Laboratoire Georges Friedel\",\"url\":\"https:\\\/\\\/www.mines-stetienne.fr\\\/lgf\\\/\",\"logo\":{\"@type\":\"ImageObject\",\"inLanguage\":\"fr-FR\",\"@id\":\"https:\\\/\\\/www.mines-stetienne.fr\\\/lgf\\\/#\\\/schema\\\/logo\\\/image\\\/\",\"url\":\"https:\\\/\\\/www.mines-stetienne.fr\\\/lgf\\\/wp-content\\\/uploads\\\/sites\\\/6\\\/2024\\\/07\\\/EMSE_LGF_CNRS_logo.png\",\"contentUrl\":\"https:\\\/\\\/www.mines-stetienne.fr\\\/lgf\\\/wp-content\\\/uploads\\\/sites\\\/6\\\/2024\\\/07\\\/EMSE_LGF_CNRS_logo.png\",\"width\":1930,\"height\":440,\"caption\":\"Laboratoire Georges Friedel\"},\"image\":{\"@id\":\"https:\\\/\\\/www.mines-stetienne.fr\\\/lgf\\\/#\\\/schema\\\/logo\\\/image\\\/\"}}]}<\/script>\n<!-- \/ Yoast SEO plugin. -->","yoast_head_json":{"title":"Capteurs, piles SOFC et instrumentation - Laboratoire Georges Friedel","robots":{"index":"index","follow":"follow","max-snippet":"max-snippet:-1","max-image-preview":"max-image-preview:large","max-video-preview":"max-video-preview:-1"},"canonical":"https:\/\/www.mines-stetienne.fr\/lgf\/equipes-2\/surf\/capteurs-piles-sofc-et-instrumentation\/","og_locale":"fr_FR","og_type":"article","og_title":"Capteurs, piles SOFC et instrumentation - Laboratoire Georges Friedel","og_description":"[vc_row][vc_column][vc_column_text css=&#8221;&#8221;] Les activit\u00e9s de recherche concernent les propri\u00e9t\u00e9s \u00e9lectriques des solides en interaction avec un gaz, et se d\u00e9clinent du point de vue applicatif dans le d\u00e9veloppement de capteur de gaz et de particules, et de piles \u00e0 combustible de type SOFC. Elles couvrent toute la chaine de valeur depuis les principes physico-chimiques d\u2019interactions&hellip;","og_url":"https:\/\/www.mines-stetienne.fr\/lgf\/equipes-2\/surf\/capteurs-piles-sofc-et-instrumentation\/","og_site_name":"Laboratoire Georges Friedel","article_modified_time":"2026-02-16T07:32:03+00:00","og_image":[{"width":449,"height":224,"url":"https:\/\/www.mines-stetienne.fr\/lgf\/wp-content\/uploads\/sites\/6\/2022\/03\/surf_08.png","type":"image\/png"}],"twitter_card":"summary_large_image","twitter_misc":{"Dur\u00e9e de lecture estim\u00e9e":"3 minutes"},"schema":{"@context":"https:\/\/schema.org","@graph":[{"@type":"WebPage","@id":"https:\/\/www.mines-stetienne.fr\/lgf\/equipes-2\/surf\/capteurs-piles-sofc-et-instrumentation\/","url":"https:\/\/www.mines-stetienne.fr\/lgf\/equipes-2\/surf\/capteurs-piles-sofc-et-instrumentation\/","name":"Capteurs, piles SOFC et instrumentation - Laboratoire Georges Friedel","isPartOf":{"@id":"https:\/\/www.mines-stetienne.fr\/lgf\/#website"},"primaryImageOfPage":{"@id":"https:\/\/www.mines-stetienne.fr\/lgf\/equipes-2\/surf\/capteurs-piles-sofc-et-instrumentation\/#primaryimage"},"image":{"@id":"https:\/\/www.mines-stetienne.fr\/lgf\/equipes-2\/surf\/capteurs-piles-sofc-et-instrumentation\/#primaryimage"},"thumbnailUrl":"https:\/\/www.mines-stetienne.fr\/lgf\/wp-content\/uploads\/sites\/6\/2022\/03\/surf_08.png","datePublished":"2022-03-04T15:53:50+00:00","dateModified":"2026-02-16T07:32:03+00:00","breadcrumb":{"@id":"https:\/\/www.mines-stetienne.fr\/lgf\/equipes-2\/surf\/capteurs-piles-sofc-et-instrumentation\/#breadcrumb"},"inLanguage":"fr-FR","potentialAction":[{"@type":"ReadAction","target":["https:\/\/www.mines-stetienne.fr\/lgf\/equipes-2\/surf\/capteurs-piles-sofc-et-instrumentation\/"]}]},{"@type":"ImageObject","inLanguage":"fr-FR","@id":"https:\/\/www.mines-stetienne.fr\/lgf\/equipes-2\/surf\/capteurs-piles-sofc-et-instrumentation\/#primaryimage","url":"https:\/\/www.mines-stetienne.fr\/lgf\/wp-content\/uploads\/sites\/6\/2022\/03\/surf_08.png","contentUrl":"https:\/\/www.mines-stetienne.fr\/lgf\/wp-content\/uploads\/sites\/6\/2022\/03\/surf_08.png","width":449,"height":224},{"@type":"BreadcrumbList","@id":"https:\/\/www.mines-stetienne.fr\/lgf\/equipes-2\/surf\/capteurs-piles-sofc-et-instrumentation\/#breadcrumb","itemListElement":[{"@type":"ListItem","position":1,"name":"\u00c9quipes","item":"https:\/\/www.mines-stetienne.fr\/lgf\/equipes-2\/"},{"@type":"ListItem","position":2,"name":"SURF","item":"https:\/\/www.mines-stetienne.fr\/lgf\/equipes-2\/surf\/"},{"@type":"ListItem","position":3,"name":"Capteurs, piles SOFC et instrumentation"}]},{"@type":"WebSite","@id":"https:\/\/www.mines-stetienne.fr\/lgf\/#website","url":"https:\/\/www.mines-stetienne.fr\/lgf\/","name":"Laboratoire Georges Friedel","description":"","publisher":{"@id":"https:\/\/www.mines-stetienne.fr\/lgf\/#organization"},"potentialAction":[{"@type":"SearchAction","target":{"@type":"EntryPoint","urlTemplate":"https:\/\/www.mines-stetienne.fr\/lgf\/?s={search_term_string}"},"query-input":{"@type":"PropertyValueSpecification","valueRequired":true,"valueName":"search_term_string"}}],"inLanguage":"fr-FR"},{"@type":"Organization","@id":"https:\/\/www.mines-stetienne.fr\/lgf\/#organization","name":"Laboratoire Georges Friedel","url":"https:\/\/www.mines-stetienne.fr\/lgf\/","logo":{"@type":"ImageObject","inLanguage":"fr-FR","@id":"https:\/\/www.mines-stetienne.fr\/lgf\/#\/schema\/logo\/image\/","url":"https:\/\/www.mines-stetienne.fr\/lgf\/wp-content\/uploads\/sites\/6\/2024\/07\/EMSE_LGF_CNRS_logo.png","contentUrl":"https:\/\/www.mines-stetienne.fr\/lgf\/wp-content\/uploads\/sites\/6\/2024\/07\/EMSE_LGF_CNRS_logo.png","width":1930,"height":440,"caption":"Laboratoire Georges Friedel"},"image":{"@id":"https:\/\/www.mines-stetienne.fr\/lgf\/#\/schema\/logo\/image\/"}}]}},"_links":{"self":[{"href":"https:\/\/www.mines-stetienne.fr\/lgf\/wp-json\/wp\/v2\/pages\/4929","targetHints":{"allow":["GET"]}}],"collection":[{"href":"https:\/\/www.mines-stetienne.fr\/lgf\/wp-json\/wp\/v2\/pages"}],"about":[{"href":"https:\/\/www.mines-stetienne.fr\/lgf\/wp-json\/wp\/v2\/types\/page"}],"author":[{"embeddable":true,"href":"https:\/\/www.mines-stetienne.fr\/lgf\/wp-json\/wp\/v2\/users\/2"}],"replies":[{"embeddable":true,"href":"https:\/\/www.mines-stetienne.fr\/lgf\/wp-json\/wp\/v2\/comments?post=4929"}],"version-history":[{"count":3,"href":"https:\/\/www.mines-stetienne.fr\/lgf\/wp-json\/wp\/v2\/pages\/4929\/revisions"}],"predecessor-version":[{"id":6749,"href":"https:\/\/www.mines-stetienne.fr\/lgf\/wp-json\/wp\/v2\/pages\/4929\/revisions\/6749"}],"up":[{"embeddable":true,"href":"https:\/\/www.mines-stetienne.fr\/lgf\/wp-json\/wp\/v2\/pages\/4898"}],"wp:attachment":[{"href":"https:\/\/www.mines-stetienne.fr\/lgf\/wp-json\/wp\/v2\/media?parent=4929"}],"wp:term":[{"taxonomy":"post_tag","embeddable":true,"href":"https:\/\/www.mines-stetienne.fr\/lgf\/wp-json\/wp\/v2\/tags?post=4929"}],"curies":[{"name":"wp","href":"https:\/\/api.w.org\/{rel}","templated":true}]}}