{"id":2,"date":"2024-12-13T11:41:49","date_gmt":"2024-12-13T10:41:49","guid":{"rendered":"https:\/\/www.mines-stetienne.fr\/juven-twin-en\/?page_id=2"},"modified":"2024-12-18T07:55:53","modified_gmt":"2024-12-18T06:55:53","slug":"page-d-exemple","status":"publish","type":"page","link":"https:\/\/www.mines-stetienne.fr\/juven-twin-en\/","title":{"rendered":"Home"},"content":{"rendered":"\n<figure class=\"wp-block-embed aligncenter is-type-video is-provider-youtube wp-block-embed-youtube center wp-embed-aspect-16-9 wp-has-aspect-ratio\"><div class=\"wp-block-embed__wrapper\">\n<iframe loading=\"lazy\" title=\"Peut-on retarder le vieillissement ? R\u00e9ponse avec le projet JUVEN TWIN men\u00e9 par St\u00e9phane Avril\" width=\"640\" height=\"360\" src=\"https:\/\/www.youtube.com\/embed\/JRqxXqP_XMg?feature=oembed\" frameborder=\"0\" allow=\"accelerometer; autoplay; clipboard-write; encrypted-media; gyroscope; picture-in-picture; web-share\" referrerpolicy=\"strict-origin-when-cross-origin\" allowfullscreen><\/iframe>\n<\/div><\/figure>\n\n\n\n<p>By 2050, 30% of European citizens will be over 65, and 10% will surpass the age of 80. While life expectancy has increased by 30 years over the past century, this extended longevity often comes with more years lived with chronic diseases, particularly cardiovascular conditions.<\/p>\n\n\n\n<p>A key factor in ageing is the loss of arterial elasticity, a phenomenon that can lead to serious conditions such as hypertension, atherosclerosis, aneurysms, heart failure, and neurovascular disorders associated with Alzheimer\u2019s disease.<\/p>\n\n\n\n<p>The&nbsp;<strong>JuvenTwin<\/strong>&nbsp;project aims to understand and counteract the mechanisms behind arterial stiffening. By leveraging advanced &#8220;digital twins,&#8221; it seeks to unravel the mechanobiological processes at the cellular level to delay or even reverse the effects of arterial ageing.<\/p>\n\n\n\n<p><strong>The project focuses on four major objectives:<\/strong><\/p>\n\n\n\n<ol class=\"wp-block-list\">\n<li>Identifying the impacts of ageing on arterial wall cells.<\/li>\n\n\n\n<li>Investigating the mechanobiological interactions influencing these cells.<\/li>\n\n\n\n<li>Simulating these processes at the systemic level for a deeper understanding.<\/li>\n\n\n\n<li>Developing innovative therapies to preserve or restore arterial health.<\/li>\n<\/ol>\n\n\n\n<p>By harnessing cutting-edge technologies such as artificial intelligence, interferometry, and advanced mathematical models, JuvenTwin aims to develop revolutionary treatments by 2030. The ultimate goal is to extend vascular health and significantly enhance the quality of life for older individuals.<\/p>\n","protected":false},"excerpt":{"rendered":"<p>By 2050, 30% of European citizens will be over 65, and 10% will surpass the age of 80. While life expectancy has increased by 30 years over the past century, this extended longevity often comes with more years lived with &hellip;<\/p>\n","protected":false},"author":1482,"featured_media":0,"parent":0,"menu_order":0,"comment_status":"closed","ping_status":"closed","template":"","meta":{"footnotes":""},"tags":[],"class_list":["post-2","page","type-page","status-publish","hentry"],"pp_statuses_selecting_workflow":false,"pp_workflow_action":"current","pp_status_selection":"publish","pp_force_visibility":null,"pp_subpost_visibility":null,"pp_inherited_force_visibility":null,"pp_inherited_subpost_visibility":null,"yoast_head":"<!-- This site is optimized with the Yoast SEO plugin v27.5 - https:\/\/yoast.com\/product\/yoast-seo-wordpress\/ -->\n<title>Home - Juven Twin<\/title>\n<meta name=\"robots\" content=\"index, follow, max-snippet:-1, max-image-preview:large, max-video-preview:-1\" \/>\n<link rel=\"canonical\" href=\"https:\/\/www.mines-stetienne.fr\/juven-twin-en\/\" \/>\n<meta property=\"og:locale\" content=\"en_GB\" \/>\n<meta property=\"og:type\" content=\"article\" \/>\n<meta property=\"og:title\" content=\"Home - Juven Twin\" \/>\n<meta property=\"og:description\" content=\"By 2050, 30% of European citizens will be over 65, and 10% will surpass the age of 80. While life expectancy has increased by 30 years over the past century, this extended longevity often comes with more years lived with &hellip;\" \/>\n<meta property=\"og:url\" content=\"https:\/\/www.mines-stetienne.fr\/juven-twin-en\/\" \/>\n<meta property=\"og:site_name\" content=\"Juven Twin\" \/>\n<meta property=\"article:publisher\" content=\"https:\/\/www.facebook.com\/MinesSaintEtienne\" \/>\n<meta property=\"article:modified_time\" content=\"2024-12-18T06:55:53+00:00\" \/>\n<meta name=\"twitter:card\" content=\"summary_large_image\" \/>\n<meta name=\"twitter:site\" content=\"@MINES_StEtienne\" \/>\n<meta name=\"twitter:label1\" content=\"Estimated reading time\" \/>\n\t<meta name=\"twitter:data1\" content=\"1 minute\" \/>\n<script type=\"application\/ld+json\" class=\"yoast-schema-graph\">{\"@context\":\"https:\\\/\\\/schema.org\",\"@graph\":[{\"@type\":\"WebPage\",\"@id\":\"https:\\\/\\\/www.mines-stetienne.fr\\\/juven-twin-en\\\/\",\"url\":\"https:\\\/\\\/www.mines-stetienne.fr\\\/juven-twin-en\\\/\",\"name\":\"Home - Juven Twin\",\"isPartOf\":{\"@id\":\"https:\\\/\\\/www.mines-stetienne.fr\\\/juven-twin-en\\\/#website\"},\"datePublished\":\"2024-12-13T10:41:49+00:00\",\"dateModified\":\"2024-12-18T06:55:53+00:00\",\"breadcrumb\":{\"@id\":\"https:\\\/\\\/www.mines-stetienne.fr\\\/juven-twin-en\\\/#breadcrumb\"},\"inLanguage\":\"en-GB\",\"potentialAction\":[{\"@type\":\"ReadAction\",\"target\":[\"https:\\\/\\\/www.mines-stetienne.fr\\\/juven-twin-en\\\/\"]}]},{\"@type\":\"BreadcrumbList\",\"@id\":\"https:\\\/\\\/www.mines-stetienne.fr\\\/juven-twin-en\\\/#breadcrumb\",\"itemListElement\":[{\"@type\":\"ListItem\",\"position\":1,\"name\":\"Accueil\",\"item\":\"https:\\\/\\\/www.mines-stetienne.fr\\\/juven-twin-en\\\/\"},{\"@type\":\"ListItem\",\"position\":2,\"name\":\"Home\"}]},{\"@type\":\"WebSite\",\"@id\":\"https:\\\/\\\/www.mines-stetienne.fr\\\/juven-twin-en\\\/#website\",\"url\":\"https:\\\/\\\/www.mines-stetienne.fr\\\/juven-twin-en\\\/\",\"name\":\"Juven Twin\",\"description\":\"Digital Twins to Monitor Arterial Evolution\",\"publisher\":{\"@id\":\"https:\\\/\\\/www.mines-stetienne.fr\\\/juven-twin-en\\\/#organization\"},\"potentialAction\":[{\"@type\":\"SearchAction\",\"target\":{\"@type\":\"EntryPoint\",\"urlTemplate\":\"https:\\\/\\\/www.mines-stetienne.fr\\\/juven-twin-en\\\/?s={search_term_string}\"},\"query-input\":{\"@type\":\"PropertyValueSpecification\",\"valueRequired\":true,\"valueName\":\"search_term_string\"}}],\"inLanguage\":\"en-GB\"},{\"@type\":\"Organization\",\"@id\":\"https:\\\/\\\/www.mines-stetienne.fr\\\/juven-twin-en\\\/#organization\",\"name\":\"\u00c9cole des Mines de Saint-\u00c9tienne\",\"url\":\"https:\\\/\\\/www.mines-stetienne.fr\\\/juven-twin-en\\\/\",\"logo\":{\"@type\":\"ImageObject\",\"inLanguage\":\"en-GB\",\"@id\":\"https:\\\/\\\/www.mines-stetienne.fr\\\/juven-twin-en\\\/#\\\/schema\\\/logo\\\/image\\\/\",\"url\":\"https:\\\/\\\/www.mines-stetienne.fr\\\/wp-content\\\/uploads\\\/2018\\\/05\\\/Mines_Saint_Etienne_IMT_RVB.png\",\"contentUrl\":\"https:\\\/\\\/www.mines-stetienne.fr\\\/wp-content\\\/uploads\\\/2018\\\/05\\\/Mines_Saint_Etienne_IMT_RVB.png\",\"width\":316,\"height\":315,\"caption\":\"\u00c9cole des Mines de Saint-\u00c9tienne\"},\"image\":{\"@id\":\"https:\\\/\\\/www.mines-stetienne.fr\\\/juven-twin-en\\\/#\\\/schema\\\/logo\\\/image\\\/\"},\"sameAs\":[\"https:\\\/\\\/www.facebook.com\\\/MinesSaintEtienne\",\"https:\\\/\\\/x.com\\\/MINES_StEtienne\",\"https:\\\/\\\/www.youtube.com\\\/channel\\\/UCVSdpdmJccvUngjJ2on1n3A\"]}]}<\/script>\n<!-- \/ Yoast SEO plugin. -->","yoast_head_json":{"title":"Home - Juven Twin","robots":{"index":"index","follow":"follow","max-snippet":"max-snippet:-1","max-image-preview":"max-image-preview:large","max-video-preview":"max-video-preview:-1"},"canonical":"https:\/\/www.mines-stetienne.fr\/juven-twin-en\/","og_locale":"en_GB","og_type":"article","og_title":"Home - Juven Twin","og_description":"By 2050, 30% of European citizens will be over 65, and 10% will surpass the age of 80. While life expectancy has increased by 30 years over the past century, this extended longevity often comes with more years lived with &hellip;","og_url":"https:\/\/www.mines-stetienne.fr\/juven-twin-en\/","og_site_name":"Juven Twin","article_publisher":"https:\/\/www.facebook.com\/MinesSaintEtienne","article_modified_time":"2024-12-18T06:55:53+00:00","twitter_card":"summary_large_image","twitter_site":"@MINES_StEtienne","twitter_misc":{"Estimated reading time":"1 minute"},"schema":{"@context":"https:\/\/schema.org","@graph":[{"@type":"WebPage","@id":"https:\/\/www.mines-stetienne.fr\/juven-twin-en\/","url":"https:\/\/www.mines-stetienne.fr\/juven-twin-en\/","name":"Home - Juven Twin","isPartOf":{"@id":"https:\/\/www.mines-stetienne.fr\/juven-twin-en\/#website"},"datePublished":"2024-12-13T10:41:49+00:00","dateModified":"2024-12-18T06:55:53+00:00","breadcrumb":{"@id":"https:\/\/www.mines-stetienne.fr\/juven-twin-en\/#breadcrumb"},"inLanguage":"en-GB","potentialAction":[{"@type":"ReadAction","target":["https:\/\/www.mines-stetienne.fr\/juven-twin-en\/"]}]},{"@type":"BreadcrumbList","@id":"https:\/\/www.mines-stetienne.fr\/juven-twin-en\/#breadcrumb","itemListElement":[{"@type":"ListItem","position":1,"name":"Accueil","item":"https:\/\/www.mines-stetienne.fr\/juven-twin-en\/"},{"@type":"ListItem","position":2,"name":"Home"}]},{"@type":"WebSite","@id":"https:\/\/www.mines-stetienne.fr\/juven-twin-en\/#website","url":"https:\/\/www.mines-stetienne.fr\/juven-twin-en\/","name":"Juven Twin","description":"Digital Twins to Monitor Arterial Evolution","publisher":{"@id":"https:\/\/www.mines-stetienne.fr\/juven-twin-en\/#organization"},"potentialAction":[{"@type":"SearchAction","target":{"@type":"EntryPoint","urlTemplate":"https:\/\/www.mines-stetienne.fr\/juven-twin-en\/?s={search_term_string}"},"query-input":{"@type":"PropertyValueSpecification","valueRequired":true,"valueName":"search_term_string"}}],"inLanguage":"en-GB"},{"@type":"Organization","@id":"https:\/\/www.mines-stetienne.fr\/juven-twin-en\/#organization","name":"\u00c9cole des Mines de Saint-\u00c9tienne","url":"https:\/\/www.mines-stetienne.fr\/juven-twin-en\/","logo":{"@type":"ImageObject","inLanguage":"en-GB","@id":"https:\/\/www.mines-stetienne.fr\/juven-twin-en\/#\/schema\/logo\/image\/","url":"https:\/\/www.mines-stetienne.fr\/wp-content\/uploads\/2018\/05\/Mines_Saint_Etienne_IMT_RVB.png","contentUrl":"https:\/\/www.mines-stetienne.fr\/wp-content\/uploads\/2018\/05\/Mines_Saint_Etienne_IMT_RVB.png","width":316,"height":315,"caption":"\u00c9cole des Mines de Saint-\u00c9tienne"},"image":{"@id":"https:\/\/www.mines-stetienne.fr\/juven-twin-en\/#\/schema\/logo\/image\/"},"sameAs":["https:\/\/www.facebook.com\/MinesSaintEtienne","https:\/\/x.com\/MINES_StEtienne","https:\/\/www.youtube.com\/channel\/UCVSdpdmJccvUngjJ2on1n3A"]}]}},"_links":{"self":[{"href":"https:\/\/www.mines-stetienne.fr\/juven-twin-en\/wp-json\/wp\/v2\/pages\/2","targetHints":{"allow":["GET"]}}],"collection":[{"href":"https:\/\/www.mines-stetienne.fr\/juven-twin-en\/wp-json\/wp\/v2\/pages"}],"about":[{"href":"https:\/\/www.mines-stetienne.fr\/juven-twin-en\/wp-json\/wp\/v2\/types\/page"}],"author":[{"embeddable":true,"href":"https:\/\/www.mines-stetienne.fr\/juven-twin-en\/wp-json\/wp\/v2\/users\/1482"}],"replies":[{"embeddable":true,"href":"https:\/\/www.mines-stetienne.fr\/juven-twin-en\/wp-json\/wp\/v2\/comments?post=2"}],"version-history":[{"count":2,"href":"https:\/\/www.mines-stetienne.fr\/juven-twin-en\/wp-json\/wp\/v2\/pages\/2\/revisions"}],"predecessor-version":[{"id":104,"href":"https:\/\/www.mines-stetienne.fr\/juven-twin-en\/wp-json\/wp\/v2\/pages\/2\/revisions\/104"}],"wp:attachment":[{"href":"https:\/\/www.mines-stetienne.fr\/juven-twin-en\/wp-json\/wp\/v2\/media?parent=2"}],"wp:term":[{"taxonomy":"post_tag","embeddable":true,"href":"https:\/\/www.mines-stetienne.fr\/juven-twin-en\/wp-json\/wp\/v2\/tags?post=2"}],"curies":[{"name":"wp","href":"https:\/\/api.w.org\/{rel}","templated":true}]}}