{"id":20958,"date":"2020-12-01T13:55:44","date_gmt":"2020-12-01T12:55:44","guid":{"rendered":"https:\/\/www.mines-stetienne.fr\/future-medicine-fr\/?page_id=20958"},"modified":"2021-06-14T17:29:43","modified_gmt":"2021-06-14T15:29:43","slug":"departement-biomateriaux-biomat","status":"publish","type":"page","link":"https:\/\/www.mines-stetienne.fr\/future-medicine\/centre-ingenierie-et-sante\/departement-biomateriaux-biomat\/","title":{"rendered":"Biomaterials Engineering (BioMat)"},"content":{"rendered":"\n<h3 class=\"wp-block-heading\">This department has a recognized expertise in the field of biomaterials and their interaction with living organisms, in particular concerning biocorrosion in joint prostheses and custom-made implants for bone regeneration.<\/h3>\n\n\n\n<p>Research fields focuse on experiments reproducing in vivo phenomena (walking simulators, shock simulators), interpretations and mechanical behavior for the living (modeling). They also concern the chemical synthesis of calcium phosphates, the synthesis and shaping of polymers, the elaboration of tailor-made biomaterials, and cell biology.<\/p>\n\n\n\n<p>BioMat is attaced to te-he Laboratory <a rel=\"noreferrer noopener\" href=\"https:\/\/sainbiose.univ-st-etienne.fr\/fr\/organisation\/presentation-du-laboratoire.html\" target=\"_blank\">U1059 Inserm\u00a0Sainbiose<\/a> (Sant\u00e9 Ing\u00e9nierie Biologie Saint-\u00c9tienne), <a href=\"https:\/\/sainbiose.univ-st-etienne.fr\/fr\/bto.html\">Equipe LBTO Team<\/a> (Biology of Osteoarticular Tissues).<\/p>\n\n\n\n<figure class=\"wp-block-gallery columns-3 is-cropped wp-block-gallery-1 is-layout-flex wp-block-gallery-is-layout-flex\"><ul class=\"blocks-gallery-grid\"><li class=\"blocks-gallery-item\"><figure><img decoding=\"async\" src=\"https:\/\/www.mines-stetienne.fr\/future-medicine-fr\/wp-content\/uploads\/sites\/15\/2020\/12\/EDMiaug14Juin2019-0106.jpg\" alt=\"\" data-id=\"20964\" data-full-url=\"https:\/\/www.mines-stetienne.fr\/future-medicine-fr\/wp-content\/uploads\/sites\/15\/2020\/12\/EDMiaug14Juin2019-0106.jpg\" data-link=\"https:\/\/www.mines-stetienne.fr\/future-medicine-fr\/edmiaug14juin2019-0106\/\" class=\"wp-image-20964\" \/><\/figure><\/li><li class=\"blocks-gallery-item\"><figure><img decoding=\"async\" src=\"https:\/\/www.mines-stetienne.fr\/future-medicine-fr\/wp-content\/uploads\/sites\/15\/2020\/12\/EMSE-CampusHNord0481.jpg\" alt=\"\" data-id=\"20965\" data-full-url=\"https:\/\/www.mines-stetienne.fr\/future-medicine-fr\/wp-content\/uploads\/sites\/15\/2020\/12\/EMSE-CampusHNord0481.jpg\" data-link=\"https:\/\/www.mines-stetienne.fr\/future-medicine-fr\/emse-campushnord0481\/\" class=\"wp-image-20965\" \/><\/figure><\/li><li class=\"blocks-gallery-item\"><figure><img decoding=\"async\" src=\"https:\/\/www.mines-stetienne.fr\/future-medicine-fr\/wp-content\/uploads\/sites\/15\/2020\/12\/J.Geringer-1024x730.png\" alt=\"\" data-id=\"20963\" data-link=\"https:\/\/www.mines-stetienne.fr\/future-medicine-fr\/j-geringer\/\" class=\"wp-image-20963\" \/><\/figure><\/li><\/ul><\/figure>\n\n\n\n<h4 class=\"wp-block-heading\">Application Fields<\/h4>\n\n\n\n<ul class=\"wp-block-list\"><li>Manufacture of biomaterials for bone applications (e.g., culture media and custom implants, regeneration of large bone defects)<\/li><li>Elaboration of bioinstructive materials for the understanding of mechanisms and the development of regenerative solutions for musculoskeletal tissues<\/li><li>In vitro bone tissue models<\/li><li>Understanding and apprehension of the behavior and aging of orthopedic implants<\/li><li>Study and improvement of material surfaces and surface treatments to extend the life of implants<\/li><\/ul>\n\n\n\n<h4 class=\"wp-block-heading\">Partnerships<\/h4>\n\n\n\n<ul class=\"wp-block-list\"><li>B3OA\u00a0(UMR\u00a0CNRS 7052 INSERM U1271),\u00a0RMeS\u00a0(UMR\u00a0Inserm U1229),\u00a0Pulsalys\u00a0(projet\u00a0Stream), <\/li><li><a href=\"https:\/\/uminho.academia.edu\/FatihToptan\" target=\"_blank\" rel=\"noreferrer noopener\">University of Minho<\/a>, <a href=\"https:\/\/research.curtin.edu.au\/supervisor\/professor-mariano-iannuzzi\/\" target=\"_blank\" rel=\"noreferrer noopener\">Curtin University -Australia<\/a>, <\/li><li><a href=\"https:\/\/www.univ-tours.fr\/annuaire\/caroline-richard\" target=\"_blank\" rel=\"noreferrer noopener\">Tours <a href=\"https:\/\/www.univ-tours.fr\/annuaire\/caroline-richard\" target=\"_blank\" rel=\"noreferrer noopener\">University<\/a><\/a>, <a href=\"https:\/\/www.ec-lyon.fr\/contacts\/vincent-fridrici\" target=\"_blank\" rel=\"noreferrer noopener\">Ecole Centrale Lyon<\/a>, \u00a0<\/li><li>Corin Group, SERF, HEF, ASTON Medical, Drive implants<\/li><li>Prof. D. W. Grijpma, <a href=\"https:\/\/www.utwente.nl\/en\/tnw\/bst\/\" target=\"_blank\" rel=\"noreferrer noopener\">University of Twente<\/a>, Enschede, Pays-Bas <\/li><li>Prof. M. Stoddart, <a href=\"http:\/\/www.aofoundation.org\" target=\"_blank\" rel=\"noreferrer noopener\">AO Research Institute Davos, Davos, Switzerland<\/a><\/li><li>CHU de Saint-Etienne, ICL, CEFRACOR&#8230;<\/li><\/ul>\n\n\n\n<h4 class=\"wp-block-heading\">Technical Space Facilities : <\/h4>\n\n\n\n<ul class=\"wp-block-list\"><li><a rel=\"noreferrer noopener\" href=\"https:\/\/www.mines-stetienne.fr\/future-medicine-fr\/centre-ingenierie-et-sante\/plateau-technique-tribocorrosion-implants-orthopediques\/\" target=\"_blank\">TriboCorrosion\/Orthopedic<\/a> <a href=\"https:\/\/www.mines-stetienne.fr\/future-medicine-fr\/centre-ingenierie-et-sante\/plateau-technique-tribocorrosion-implants-orthopediques\/\" rel=\"noreferrer noopener\" target=\"_blank\">Implants<\/a> (contact: <a href=\"&#x6d;&#97;&#105;&#x6c;&#x74;&#111;&#58;&#x67;&#x65;&#114;&#105;&#x6e;&#x67;&#101;&#114;&#x40;&#x65;&#109;&#115;&#x65;&#x2e;&#102;&#114;\">Jean Geringer<\/a>) : Understand the wear and tear and improve the robustness of orthopaedic implants under the physiological conditions of their use in humans (micro-friction, shock machine, walking simulator, etc.)<\/li><li><a href=\"https:\/\/www.mines-stetienne.fr\/future-medicine-fr\/centre-ingenierie-et-sante\/plateau-technique-3d-fablab\/\">3DFabLab<\/a> (Contact: <a href=\"&#109;&#x61;i&#x6c;t&#111;&#x3a;&#100;&#x61;v&#105;&#x64;&#46;&#x6d;a&#x72;&#x63;&#104;&#x61;t&#x40;m&#105;&#x6e;&#101;&#x73;-&#115;&#x74;&#101;&#x74;i&#101;&#x6e;&#110;&#x65;&#46;&#x66;&#x72;\">David Marchat<\/a>) : dedicated to the development of calcium phosphate-based powders and customized biomaterials for biomedical applications.<\/li><\/ul>\n\n\n\n<h4 class=\"wp-block-heading\"><strong>Examples of projects (2020 &gt;) <\/strong><\/h4>\n\n\n\n<ul class=\"wp-block-list\"><li>In vitro bone tissue models (European project ESA SciSpacE Microgravity Application Promotion \u00ab\u00a0BONUS\u00a0\u00bb 2020-2023), <a>P<\/a><a rel=\"noreferrer noopener\" href=\"https:\/\/www.pulsalys.fr\/offre-technologique\/stream-un-bioreacteur-pour-le-developpement-de-tissus-osseux\" target=\"_blank\">u<\/a><a>lsalys STREAM 2020-2021<\/a><\/li><li>Custom-made implants based on calcium phosphates (<a rel=\"noreferrer noopener\" href=\"https:\/\/anr.fr\/Projet-ANR-16-ASTR-0012\" target=\"_blank\">ANR VITABONE 2017-2020<\/a>, <a rel=\"noreferrer noopener\" href=\"https:\/\/insis.cnrs.fr\/fr\/2020-annee-de-lingenierie-inspiree-par-la-nature\" target=\"_blank\">CNRS INSIS IIP MimOs 2021<\/a>, Fondation des Gueules Cass\u00e9es 2021),<\/li><li>Titanium foam (projet Operation NORTE-08-5369-FSE-000051 supported by Norte Portugal Regional Operational Program (NORTE 2020).<\/li><li> FRI Project: Bio-tribo-mineralogy transfer, FEDER AURA Region<\/li><li>Labex Manutech Sise, Mod Hip Project<\/li><li><a href=\"https:\/\/www.bonefix.org\/\" target=\"_blank\" rel=\"noreferrer noopener\">BoneFix<\/a>: A Paradigm Shift in Fracture Fixations via On-Site Fabrication of Bone Restoration Patches, 2020-2024 (H2020 No 952150).<\/li><\/ul>\n\n\n\n<hr class=\"wp-block-separator\" \/>\n\n\n\n<h4 class=\"wp-block-heading\">NEWS<\/h4>\n\n\n\n<ul class=\"wp-block-list\"><li><a href=\"https:\/\/www.orthomanufacture.com\/fr\/\">Orthomanufacture 2021<\/a> (Bienne, April, 28-29)\u00a0:<\/li><li><a href=\"https:\/\/icmctf2021.avs.org\/symposium-session-chairs\/\">ICMCTF 2021<\/a>, International Conference on Metallurgical Coatings and Thin Films, (April 25-30) &#8211; D symposium chair (<em>Coatings for Biomedical and Healthcare Applications<\/em>)<\/li><li><a href=\"https:\/\/efcweb.org\/Scientific+Groups\/WP18_+Tribo_Corrosion-p-44.html\">Eurocorr<\/a> &#8211; Vice symposium chair (EFC Working Party 18: Tribo-Corrosion)<\/li><li><a rel=\"noreferrer noopener\" href=\"https:\/\/www.ecmconferences.org\/ecm_meetings\/ecm_21\/welcome.html\" target=\"_blank\">2021 eCM XX: Biofabrication for Orthopaedics<\/a>, Congress Center, Davos, Switzerland, co-scientific chair<\/li><\/ul>\n\n\n\n<hr class=\"wp-block-separator\" \/>\n\n\n\n<h4 class=\"wp-block-heading\"><a href=\"https:\/\/www.mines-stetienne.fr\/annuaire\/\" target=\"_blank\" rel=\"noreferrer noopener\">Staff<\/a><\/h4>\n\n\n\n<p>Permanent staff: <br><a href=\"&#x6d;&#97;i&#x6c;&#116;o&#x3a;&#100;a&#x76;&#105;d&#x2e;&#101;g&#x6c;&#105;n&#x40;&#101;m&#x73;&#101;&#46;&#x66;&#114;\">David EGLIN<\/a>, Head of Dept<br>Nathalie DOUARD, Jean GERINGER, Coralie LAURENT, David MARCHAT, Jo\u00ebl MONNATTE<br>PhD Students: <br>Lisa DEBLOCK (th\u00e8se CIFRE), Guillaume LAFITTE (th\u00e8se BoneFix)<br>Post-doctoral students: <br>Mikha\u00ebl HADIDA (\u00b5fluidic), Gu\u00e9na\u00eblle BOUET-CHALON (Cellular Biology), Donata IANDOLO (biosensors)<\/p>\n\n\n\n<figure class=\"wp-block-gallery columns-3 is-cropped wp-block-gallery-2 is-layout-flex wp-block-gallery-is-layout-flex\"><ul class=\"blocks-gallery-grid\"><li class=\"blocks-gallery-item\"><figure><a href=\"https:\/\/www.mines-stetienne.fr\/future-medicine-fr\/wp-content\/uploads\/sites\/15\/2020\/12\/MainJM.jpg\"><img decoding=\"async\" src=\"https:\/\/www.mines-stetienne.fr\/future-medicine-fr\/wp-content\/uploads\/sites\/15\/2020\/12\/MainJM.jpg\" alt=\"\" data-id=\"20967\" data-full-url=\"https:\/\/www.mines-stetienne.fr\/future-medicine-fr\/wp-content\/uploads\/sites\/15\/2020\/12\/MainJM.jpg\" data-link=\"https:\/\/www.mines-stetienne.fr\/future-medicine-fr\/mainjm-2\/\" class=\"wp-image-20967\" \/><\/a><\/figure><\/li><li class=\"blocks-gallery-item\"><figure><a href=\"https:\/\/www.mines-stetienne.fr\/future-medicine-fr\/wp-content\/uploads\/sites\/15\/2020\/12\/Os.jpg\"><img decoding=\"async\" src=\"https:\/\/www.mines-stetienne.fr\/future-medicine-fr\/wp-content\/uploads\/sites\/15\/2020\/12\/Os.jpg\" alt=\"\" data-id=\"20968\" data-full-url=\"https:\/\/www.mines-stetienne.fr\/future-medicine-fr\/wp-content\/uploads\/sites\/15\/2020\/12\/Os.jpg\" data-link=\"https:\/\/www.mines-stetienne.fr\/future-medicine-fr\/os\/\" class=\"wp-image-20968\" \/><\/a><\/figure><\/li><li class=\"blocks-gallery-item\"><figure><a href=\"https:\/\/www.mines-stetienne.fr\/future-medicine-fr\/wp-content\/uploads\/sites\/15\/2020\/11\/prothese.jpg\"><img decoding=\"async\" src=\"https:\/\/www.mines-stetienne.fr\/future-medicine-fr\/wp-content\/uploads\/sites\/15\/2020\/11\/prothese.jpg\" alt=\"\" data-id=\"20335\" data-full-url=\"https:\/\/www.mines-stetienne.fr\/future-medicine-fr\/wp-content\/uploads\/sites\/15\/2020\/11\/prothese.jpg\" data-link=\"https:\/\/www.mines-stetienne.fr\/future-medicine-fr\/prothese\/\" class=\"wp-image-20335\" \/><\/a><\/figure><\/li><\/ul><figcaption class=\"blocks-gallery-caption\"><a href=\"https:\/\/www.mines-stetienne.fr\/future-medicine-fr\/futuremedicine-2021\/\"><strong>#FutureMedicine \u2013  3D FabLab and Fretting Corrosion Tecnological Demonstrators<\/strong><\/a><\/figcaption><\/figure>\n\n\n\n<h4 class=\"wp-block-heading\">Also to be discovered<\/h4>\n\n\n\n<ul class=\"wp-block-list\"><li><a rel=\"noreferrer noopener\" href=\"https:\/\/www.scopus.com\/search\/form.uri?display=basic#affiliation\" target=\"_blank\">Publications<\/a><\/li><li><a href=\"https:\/\/imtech.wp.imt.fr\/en\/2019\/12\/13\/bone-implants-to-stimulate-bone-regeneration\/\" target=\"_blank\" rel=\"noreferrer noopener\">Bone implants to stimulate bone regeneration<\/a><\/li><li><\/li><li><\/li><\/ul>\n\n\n\n<hr class=\"wp-block-separator\" \/>\n\n\n\n<p><\/p>\n","protected":false},"excerpt":{"rendered":"<p>This department has a recognized expertise in the field of biomaterials and their interaction with living organisms, in particular concerning biocorrosion in joint prostheses and custom-made implants for bone regeneration. Research fields focuse on experiments reproducing in vivo phenomena (walking &hellip;<\/p>\n","protected":false},"author":2,"featured_media":0,"parent":20981,"menu_order":0,"comment_status":"closed","ping_status":"closed","template":"","meta":{"footnotes":""},"tags":[],"class_list":["post-20958","page","type-page","status-publish","hentry"],"pp_statuses_selecting_workflow":false,"pp_workflow_action":"current","pp_status_selection":"publish","pp_force_visibility":null,"pp_subpost_visibility":null,"pp_inherited_force_visibility":null,"pp_inherited_subpost_visibility":null,"yoast_head":"<!-- This site is optimized with the Yoast SEO plugin v27.4 - https:\/\/yoast.com\/product\/yoast-seo-wordpress\/ -->\n<title>Biomaterials Engineering (BioMat) - #FutureMedicine<\/title>\n<meta name=\"robots\" content=\"index, follow, max-snippet:-1, max-image-preview:large, max-video-preview:-1\" \/>\n<link rel=\"canonical\" href=\"https:\/\/www.mines-stetienne.fr\/future-medicine\/centre-ingenierie-et-sante\/departement-biomateriaux-biomat\/\" \/>\n<meta property=\"og:locale\" content=\"en_GB\" \/>\n<meta property=\"og:type\" content=\"article\" \/>\n<meta property=\"og:title\" content=\"Biomaterials Engineering (BioMat) - #FutureMedicine\" \/>\n<meta property=\"og:description\" content=\"This department has a recognized expertise in the field of biomaterials and their interaction with living organisms, in particular concerning biocorrosion in joint prostheses and custom-made implants for bone regeneration. Research fields focuse on experiments reproducing in vivo phenomena (walking &hellip;\" \/>\n<meta property=\"og:url\" content=\"https:\/\/www.mines-stetienne.fr\/future-medicine\/centre-ingenierie-et-sante\/departement-biomateriaux-biomat\/\" \/>\n<meta property=\"og:site_name\" content=\"#FutureMedicine\" \/>\n<meta property=\"article:publisher\" content=\"https:\/\/www.facebook.com\/MinesSaintEtienne\" \/>\n<meta property=\"article:modified_time\" content=\"2021-06-14T15:29:43+00:00\" \/>\n<meta property=\"og:image\" content=\"https:\/\/www.mines-stetienne.fr\/future-medicine-fr\/wp-content\/uploads\/sites\/15\/2020\/12\/EDMiaug14Juin2019-0106.jpg\" \/>\n<meta name=\"twitter:card\" content=\"summary_large_image\" \/>\n<meta name=\"twitter:site\" content=\"@MINES_StEtienne\" \/>\n<meta name=\"twitter:label1\" content=\"Estimated reading time\" \/>\n\t<meta name=\"twitter:data1\" content=\"4 minutes\" \/>\n<script type=\"application\/ld+json\" class=\"yoast-schema-graph\">{\"@context\":\"https:\\\/\\\/schema.org\",\"@graph\":[{\"@type\":\"WebPage\",\"@id\":\"https:\\\/\\\/www.mines-stetienne.fr\\\/future-medicine\\\/centre-ingenierie-et-sante\\\/departement-biomateriaux-biomat\\\/\",\"url\":\"https:\\\/\\\/www.mines-stetienne.fr\\\/future-medicine\\\/centre-ingenierie-et-sante\\\/departement-biomateriaux-biomat\\\/\",\"name\":\"Biomaterials Engineering (BioMat) - #FutureMedicine\",\"isPartOf\":{\"@id\":\"https:\\\/\\\/www.mines-stetienne.fr\\\/future-medicine\\\/#website\"},\"primaryImageOfPage\":{\"@id\":\"https:\\\/\\\/www.mines-stetienne.fr\\\/future-medicine\\\/centre-ingenierie-et-sante\\\/departement-biomateriaux-biomat\\\/#primaryimage\"},\"image\":{\"@id\":\"https:\\\/\\\/www.mines-stetienne.fr\\\/future-medicine\\\/centre-ingenierie-et-sante\\\/departement-biomateriaux-biomat\\\/#primaryimage\"},\"thumbnailUrl\":\"https:\\\/\\\/www.mines-stetienne.fr\\\/future-medicine-fr\\\/wp-content\\\/uploads\\\/sites\\\/15\\\/2020\\\/12\\\/EDMiaug14Juin2019-0106.jpg\",\"datePublished\":\"2020-12-01T12:55:44+00:00\",\"dateModified\":\"2021-06-14T15:29:43+00:00\",\"breadcrumb\":{\"@id\":\"https:\\\/\\\/www.mines-stetienne.fr\\\/future-medicine\\\/centre-ingenierie-et-sante\\\/departement-biomateriaux-biomat\\\/#breadcrumb\"},\"inLanguage\":\"en-GB\",\"potentialAction\":[{\"@type\":\"ReadAction\",\"target\":[\"https:\\\/\\\/www.mines-stetienne.fr\\\/future-medicine\\\/centre-ingenierie-et-sante\\\/departement-biomateriaux-biomat\\\/\"]}]},{\"@type\":\"ImageObject\",\"inLanguage\":\"en-GB\",\"@id\":\"https:\\\/\\\/www.mines-stetienne.fr\\\/future-medicine\\\/centre-ingenierie-et-sante\\\/departement-biomateriaux-biomat\\\/#primaryimage\",\"url\":\"https:\\\/\\\/www.mines-stetienne.fr\\\/future-medicine-fr\\\/wp-content\\\/uploads\\\/sites\\\/15\\\/2020\\\/12\\\/EDMiaug14Juin2019-0106.jpg\",\"contentUrl\":\"https:\\\/\\\/www.mines-stetienne.fr\\\/future-medicine-fr\\\/wp-content\\\/uploads\\\/sites\\\/15\\\/2020\\\/12\\\/EDMiaug14Juin2019-0106.jpg\"},{\"@type\":\"BreadcrumbList\",\"@id\":\"https:\\\/\\\/www.mines-stetienne.fr\\\/future-medicine\\\/centre-ingenierie-et-sante\\\/departement-biomateriaux-biomat\\\/#breadcrumb\",\"itemListElement\":[{\"@type\":\"ListItem\",\"position\":1,\"name\":\"Home\",\"item\":\"https:\\\/\\\/www.mines-stetienne.fr\\\/future-medicine\\\/\"},{\"@type\":\"ListItem\",\"position\":2,\"name\":\"Centre Ing\u00e9nierie et Sant\u00e9\",\"item\":\"https:\\\/\\\/www.mines-stetienne.fr\\\/future-medicine\\\/?page_id=20981\"},{\"@type\":\"ListItem\",\"position\":3,\"name\":\"Biomaterials Engineering (BioMat)\"}]},{\"@type\":\"WebSite\",\"@id\":\"https:\\\/\\\/www.mines-stetienne.fr\\\/future-medicine\\\/#website\",\"url\":\"https:\\\/\\\/www.mines-stetienne.fr\\\/future-medicine\\\/\",\"name\":\"#FutureMedicine\",\"description\":\"- Mines Saint-\u00c9tienne Tech\",\"potentialAction\":[{\"@type\":\"SearchAction\",\"target\":{\"@type\":\"EntryPoint\",\"urlTemplate\":\"https:\\\/\\\/www.mines-stetienne.fr\\\/future-medicine\\\/?s={search_term_string}\"},\"query-input\":{\"@type\":\"PropertyValueSpecification\",\"valueRequired\":true,\"valueName\":\"search_term_string\"}}],\"inLanguage\":\"en-GB\"}]}<\/script>\n<!-- \/ Yoast SEO plugin. -->","yoast_head_json":{"title":"Biomaterials Engineering (BioMat) - #FutureMedicine","robots":{"index":"index","follow":"follow","max-snippet":"max-snippet:-1","max-image-preview":"max-image-preview:large","max-video-preview":"max-video-preview:-1"},"canonical":"https:\/\/www.mines-stetienne.fr\/future-medicine\/centre-ingenierie-et-sante\/departement-biomateriaux-biomat\/","og_locale":"en_GB","og_type":"article","og_title":"Biomaterials Engineering (BioMat) - #FutureMedicine","og_description":"This department has a recognized expertise in the field of biomaterials and their interaction with living organisms, in particular concerning biocorrosion in joint prostheses and custom-made implants for bone regeneration. Research fields focuse on experiments reproducing in vivo phenomena (walking &hellip;","og_url":"https:\/\/www.mines-stetienne.fr\/future-medicine\/centre-ingenierie-et-sante\/departement-biomateriaux-biomat\/","og_site_name":"#FutureMedicine","article_publisher":"https:\/\/www.facebook.com\/MinesSaintEtienne","article_modified_time":"2021-06-14T15:29:43+00:00","og_image":[{"url":"https:\/\/www.mines-stetienne.fr\/future-medicine-fr\/wp-content\/uploads\/sites\/15\/2020\/12\/EDMiaug14Juin2019-0106.jpg","type":"","width":"","height":""}],"twitter_card":"summary_large_image","twitter_site":"@MINES_StEtienne","twitter_misc":{"Estimated reading time":"4 minutes"},"schema":{"@context":"https:\/\/schema.org","@graph":[{"@type":"WebPage","@id":"https:\/\/www.mines-stetienne.fr\/future-medicine\/centre-ingenierie-et-sante\/departement-biomateriaux-biomat\/","url":"https:\/\/www.mines-stetienne.fr\/future-medicine\/centre-ingenierie-et-sante\/departement-biomateriaux-biomat\/","name":"Biomaterials Engineering (BioMat) - #FutureMedicine","isPartOf":{"@id":"https:\/\/www.mines-stetienne.fr\/future-medicine\/#website"},"primaryImageOfPage":{"@id":"https:\/\/www.mines-stetienne.fr\/future-medicine\/centre-ingenierie-et-sante\/departement-biomateriaux-biomat\/#primaryimage"},"image":{"@id":"https:\/\/www.mines-stetienne.fr\/future-medicine\/centre-ingenierie-et-sante\/departement-biomateriaux-biomat\/#primaryimage"},"thumbnailUrl":"https:\/\/www.mines-stetienne.fr\/future-medicine-fr\/wp-content\/uploads\/sites\/15\/2020\/12\/EDMiaug14Juin2019-0106.jpg","datePublished":"2020-12-01T12:55:44+00:00","dateModified":"2021-06-14T15:29:43+00:00","breadcrumb":{"@id":"https:\/\/www.mines-stetienne.fr\/future-medicine\/centre-ingenierie-et-sante\/departement-biomateriaux-biomat\/#breadcrumb"},"inLanguage":"en-GB","potentialAction":[{"@type":"ReadAction","target":["https:\/\/www.mines-stetienne.fr\/future-medicine\/centre-ingenierie-et-sante\/departement-biomateriaux-biomat\/"]}]},{"@type":"ImageObject","inLanguage":"en-GB","@id":"https:\/\/www.mines-stetienne.fr\/future-medicine\/centre-ingenierie-et-sante\/departement-biomateriaux-biomat\/#primaryimage","url":"https:\/\/www.mines-stetienne.fr\/future-medicine-fr\/wp-content\/uploads\/sites\/15\/2020\/12\/EDMiaug14Juin2019-0106.jpg","contentUrl":"https:\/\/www.mines-stetienne.fr\/future-medicine-fr\/wp-content\/uploads\/sites\/15\/2020\/12\/EDMiaug14Juin2019-0106.jpg"},{"@type":"BreadcrumbList","@id":"https:\/\/www.mines-stetienne.fr\/future-medicine\/centre-ingenierie-et-sante\/departement-biomateriaux-biomat\/#breadcrumb","itemListElement":[{"@type":"ListItem","position":1,"name":"Home","item":"https:\/\/www.mines-stetienne.fr\/future-medicine\/"},{"@type":"ListItem","position":2,"name":"Centre Ing\u00e9nierie et Sant\u00e9","item":"https:\/\/www.mines-stetienne.fr\/future-medicine\/?page_id=20981"},{"@type":"ListItem","position":3,"name":"Biomaterials Engineering (BioMat)"}]},{"@type":"WebSite","@id":"https:\/\/www.mines-stetienne.fr\/future-medicine\/#website","url":"https:\/\/www.mines-stetienne.fr\/future-medicine\/","name":"#FutureMedicine","description":"- Mines Saint-\u00c9tienne Tech","potentialAction":[{"@type":"SearchAction","target":{"@type":"EntryPoint","urlTemplate":"https:\/\/www.mines-stetienne.fr\/future-medicine\/?s={search_term_string}"},"query-input":{"@type":"PropertyValueSpecification","valueRequired":true,"valueName":"search_term_string"}}],"inLanguage":"en-GB"}]}},"_links":{"self":[{"href":"https:\/\/www.mines-stetienne.fr\/future-medicine\/wp-json\/wp\/v2\/pages\/20958","targetHints":{"allow":["GET"]}}],"collection":[{"href":"https:\/\/www.mines-stetienne.fr\/future-medicine\/wp-json\/wp\/v2\/pages"}],"about":[{"href":"https:\/\/www.mines-stetienne.fr\/future-medicine\/wp-json\/wp\/v2\/types\/page"}],"author":[{"embeddable":true,"href":"https:\/\/www.mines-stetienne.fr\/future-medicine\/wp-json\/wp\/v2\/users\/2"}],"replies":[{"embeddable":true,"href":"https:\/\/www.mines-stetienne.fr\/future-medicine\/wp-json\/wp\/v2\/comments?post=20958"}],"version-history":[{"count":1,"href":"https:\/\/www.mines-stetienne.fr\/future-medicine\/wp-json\/wp\/v2\/pages\/20958\/revisions"}],"predecessor-version":[{"id":21474,"href":"https:\/\/www.mines-stetienne.fr\/future-medicine\/wp-json\/wp\/v2\/pages\/20958\/revisions\/21474"}],"up":[{"embeddable":true,"href":"https:\/\/www.mines-stetienne.fr\/future-medicine\/wp-json\/wp\/v2\/pages\/20981"}],"wp:attachment":[{"href":"https:\/\/www.mines-stetienne.fr\/future-medicine\/wp-json\/wp\/v2\/media?parent=20958"}],"wp:term":[{"taxonomy":"post_tag","embeddable":true,"href":"https:\/\/www.mines-stetienne.fr\/future-medicine\/wp-json\/wp\/v2\/tags?post=20958"}],"curies":[{"name":"wp","href":"https:\/\/api.w.org\/{rel}","templated":true}]}}