{"id":88,"date":"2022-11-22T16:31:29","date_gmt":"2022-11-22T15:31:29","guid":{"rendered":"https:\/\/www.mines-stetienne.fr\/fayol\/?page_id=88"},"modified":"2022-11-24T11:03:30","modified_gmt":"2022-11-24T10:03:30","slug":"seminaires-du-departement-genie-mathematique-et-industriel","status":"publish","type":"page","link":"https:\/\/www.mines-stetienne.fr\/fayol\/seminaires-du-departement-genie-mathematique-et-industriel\/","title":{"rendered":"S\u00e9minaires du D\u00e9partement G\u00e9nie math\u00e9matique et industriel"},"content":{"rendered":"<p style=\"text-align: center\">|<a href=\"\/fayol\/genie-mathematique-et-industriel\/\">D\u00e9partement G\u00e9nie math\u00e9matique et industriel\u00a0<\/a>|<\/p>\n<h3><b>Titre : Direct Model Predective Control: A Theoretical and Numerical Analysis<br \/>\n<\/b><\/h3>\n<p><strong>Jeudi 7 juin \u00e0 14h &#8211; amphi 104 de l&rsquo;Espace Fauriel.<\/strong><\/p>\n<p><strong>Pr\u00e9sentatrice :<\/strong> Marie-Liesse Cauwet.<\/p>\n<p><b>R\u00e9sum\u00e9 : <\/b>The power system problem is formulated as a stochastic decision process with large constrained action space, high stochasticity and dozens of state variables. Direct Model Predictive Control has previously been proposed to encompass a large class of stochastic decision making problems. It is a hybrid model which merges the properties of two different dynamic optimization methods, Model Predictive Control and Stochastic Dual Dynamic Programming. We prove that Direct Model Predictive Control reaches an optimal policy for a wider class of decision processes than those solved by Model Predictive Control (suboptimal by nature), Stochastic Dynamic Programming (which needs a moderate size of state space) or Stochastic Dual Dynamic Programming (which requires convexity of Bellman values and a moderate complexity of the random value state). The algorithm is tested on a multiple-battery management problem and two hydroelectric problems. Direct Model Predictive Control clearly outperforms Model Predictive Control on the tested problems.<b><\/b><\/p>\n<hr \/>\n<h3><b>Titres\u00a0:\u00a0Activit\u00e9 en Science des Donn\u00e9es \u00e0 Total<\/b><\/h3>\n<p><b>Jeudi 26 avril \u00e0 14h &#8211; Salle 528 de l&rsquo;Espace Fauriel \u00e0 Saint-Etienne<\/b><\/p>\n<p><strong>Pr\u00e9sentateur\u00a0:<\/strong> Michel LUTZ (Total)<\/p>\n<hr \/>\n<h3><b>Titre\u00a0: Optimization of computer experiments with multiple responses<\/b><\/h3>\n<p><b>Mardi 20 mars, 9h, Espace Fauriel, Amphi 104<\/b><br \/>\n<strong>Pr\u00e9sentateurs\u00a0:<\/strong> Sonja KUHNT et Dominik KIRCHHOFF (Universit\u00e9 de Dortmund)<\/p>\n<p><strong>R\u00e9sum\u00e9\u00a0:<\/strong> In this talk we present results and on-going research from two different projects. In engineering and natural sciences it has become common practice to replace physical experiments with computer simulations (black-box experiments). As these simulations can be very time-consuming and complex, often a surrogate or meta-model of the computer experiment is built first and analysis and optimization are then based on this model. Gaussian process models, better known as Kriging models, are widely used for this purpose.<\/p>\n<p>Our first project is set in the field of turbo machines, which play an important role for the whole process chain of energy transformation. A specific impeller geometry is simulated over the entire operating range with regard to its efficiency. Computer experiments following a space-filling design are run and Gaussian process models are fitted to multiple responses, some of which are to be optimized whereas others need to be kept within certain bounds. The popular efficient global optimization (EGO) procedure provides a sequential Kriging-based optimization with the expected improvement as criterion. We look at extensions of the EGO algorithm to multiple responses as well as constraints.<\/p>\n<p>In the second part we deal with computer simulations with mixed continuous and categorical input variables. The original Kriging model can only cope with purely continuous inputs. First extensions exist to incorporate also categorical variables. Here, we consider three approaches called Exchangeable Correlation, Multiplicative Correlation and Unrestrictive Hypersphere-based Correlation that are different in terms of their flexibility and computational effort. We introduce a new approach, where the number of unknown parameters can be chosen flexibly by the practitioner. We present first results from a computer simulation of a distribution warehouse.<\/p>\n","protected":false},"excerpt":{"rendered":"<p>|D\u00e9partement G\u00e9nie math\u00e9matique et industriel\u00a0| Titre : Direct Model Predective Control: A Theoretical and Numerical Analysis Jeudi 7 juin \u00e0 14h &#8211; amphi 104 de l&rsquo;Espace Fauriel. Pr\u00e9sentatrice : Marie-Liesse Cauwet. R\u00e9sum\u00e9 : The power system problem is formulated as &hellip;<\/p>\n","protected":false},"author":1536,"featured_media":0,"parent":0,"menu_order":0,"comment_status":"closed","ping_status":"closed","template":"","meta":{"footnotes":""},"tags":[],"class_list":["post-88","page","type-page","status-publish","hentry"],"pp_statuses_selecting_workflow":false,"pp_workflow_action":"current","pp_status_selection":"publish","pp_force_visibility":null,"pp_subpost_visibility":null,"pp_inherited_force_visibility":null,"pp_inherited_subpost_visibility":null,"yoast_head":"<!-- This site is optimized with the Yoast SEO plugin v27.5 - https:\/\/yoast.com\/product\/yoast-seo-wordpress\/ -->\n<title>S\u00e9minaires du D\u00e9partement G\u00e9nie math\u00e9matique et industriel - Institut Henri Fayol<\/title>\n<meta name=\"robots\" content=\"index, follow, max-snippet:-1, max-image-preview:large, max-video-preview:-1\" \/>\n<link rel=\"canonical\" href=\"https:\/\/www.mines-stetienne.fr\/fayol\/seminaires-du-departement-genie-mathematique-et-industriel\/\" \/>\n<meta property=\"og:locale\" content=\"fr_FR\" \/>\n<meta property=\"og:type\" content=\"article\" \/>\n<meta property=\"og:title\" content=\"S\u00e9minaires du D\u00e9partement G\u00e9nie math\u00e9matique et industriel - Institut Henri Fayol\" \/>\n<meta property=\"og:description\" content=\"|D\u00e9partement G\u00e9nie math\u00e9matique et industriel\u00a0| Titre : Direct Model Predective Control: A Theoretical and Numerical Analysis Jeudi 7 juin \u00e0 14h &#8211; amphi 104 de l&rsquo;Espace Fauriel. Pr\u00e9sentatrice : Marie-Liesse Cauwet. R\u00e9sum\u00e9 : The power system problem is formulated as &hellip;\" \/>\n<meta property=\"og:url\" content=\"https:\/\/www.mines-stetienne.fr\/fayol\/seminaires-du-departement-genie-mathematique-et-industriel\/\" \/>\n<meta property=\"og:site_name\" content=\"Institut Henri Fayol\" \/>\n<meta property=\"article:publisher\" content=\"https:\/\/www.facebook.com\/MinesSaintEtienne\" \/>\n<meta property=\"article:modified_time\" content=\"2022-11-24T10:03:30+00:00\" \/>\n<meta name=\"twitter:card\" content=\"summary_large_image\" \/>\n<meta name=\"twitter:site\" content=\"@MINES_StEtienne\" \/>\n<meta name=\"twitter:label1\" content=\"Dur\u00e9e de lecture estim\u00e9e\" \/>\n\t<meta name=\"twitter:data1\" content=\"3 minutes\" \/>\n<script type=\"application\/ld+json\" class=\"yoast-schema-graph\">{\"@context\":\"https:\\\/\\\/schema.org\",\"@graph\":[{\"@type\":\"WebPage\",\"@id\":\"https:\\\/\\\/www.mines-stetienne.fr\\\/fayol\\\/seminaires-du-departement-genie-mathematique-et-industriel\\\/\",\"url\":\"https:\\\/\\\/www.mines-stetienne.fr\\\/fayol\\\/seminaires-du-departement-genie-mathematique-et-industriel\\\/\",\"name\":\"S\u00e9minaires du D\u00e9partement G\u00e9nie math\u00e9matique et industriel - Institut Henri Fayol\",\"isPartOf\":{\"@id\":\"https:\\\/\\\/www.mines-stetienne.fr\\\/fayol\\\/#website\"},\"datePublished\":\"2022-11-22T15:31:29+00:00\",\"dateModified\":\"2022-11-24T10:03:30+00:00\",\"breadcrumb\":{\"@id\":\"https:\\\/\\\/www.mines-stetienne.fr\\\/fayol\\\/seminaires-du-departement-genie-mathematique-et-industriel\\\/#breadcrumb\"},\"inLanguage\":\"fr-FR\",\"potentialAction\":[{\"@type\":\"ReadAction\",\"target\":[\"https:\\\/\\\/www.mines-stetienne.fr\\\/fayol\\\/seminaires-du-departement-genie-mathematique-et-industriel\\\/\"]}]},{\"@type\":\"BreadcrumbList\",\"@id\":\"https:\\\/\\\/www.mines-stetienne.fr\\\/fayol\\\/seminaires-du-departement-genie-mathematique-et-industriel\\\/#breadcrumb\",\"itemListElement\":[{\"@type\":\"ListItem\",\"position\":1,\"name\":\"Accueil\",\"item\":\"https:\\\/\\\/www.mines-stetienne.fr\\\/fayol\\\/\"},{\"@type\":\"ListItem\",\"position\":2,\"name\":\"S\u00e9minaires du D\u00e9partement G\u00e9nie math\u00e9matique et industriel\"}]},{\"@type\":\"WebSite\",\"@id\":\"https:\\\/\\\/www.mines-stetienne.fr\\\/fayol\\\/#website\",\"url\":\"https:\\\/\\\/www.mines-stetienne.fr\\\/fayol\\\/\",\"name\":\"Institut Henri Fayol\",\"description\":\"\",\"publisher\":{\"@id\":\"https:\\\/\\\/www.mines-stetienne.fr\\\/fayol\\\/#organization\"},\"potentialAction\":[{\"@type\":\"SearchAction\",\"target\":{\"@type\":\"EntryPoint\",\"urlTemplate\":\"https:\\\/\\\/www.mines-stetienne.fr\\\/fayol\\\/?s={search_term_string}\"},\"query-input\":{\"@type\":\"PropertyValueSpecification\",\"valueRequired\":true,\"valueName\":\"search_term_string\"}}],\"inLanguage\":\"fr-FR\"},{\"@type\":\"Organization\",\"@id\":\"https:\\\/\\\/www.mines-stetienne.fr\\\/fayol\\\/#organization\",\"name\":\"Institut Henri Fayol\",\"url\":\"https:\\\/\\\/www.mines-stetienne.fr\\\/fayol\\\/\",\"logo\":{\"@type\":\"ImageObject\",\"inLanguage\":\"fr-FR\",\"@id\":\"https:\\\/\\\/www.mines-stetienne.fr\\\/fayol\\\/#\\\/schema\\\/logo\\\/image\\\/\",\"url\":\"https:\\\/\\\/www.mines-stetienne.fr\\\/fayol\\\/wp-content\\\/uploads\\\/sites\\\/18\\\/2022\\\/09\\\/Mines_Saint_Etienne_IMT_RVB.png\",\"contentUrl\":\"https:\\\/\\\/www.mines-stetienne.fr\\\/fayol\\\/wp-content\\\/uploads\\\/sites\\\/18\\\/2022\\\/09\\\/Mines_Saint_Etienne_IMT_RVB.png\",\"width\":316,\"height\":315,\"caption\":\"Institut Henri Fayol\"},\"image\":{\"@id\":\"https:\\\/\\\/www.mines-stetienne.fr\\\/fayol\\\/#\\\/schema\\\/logo\\\/image\\\/\"},\"sameAs\":[\"https:\\\/\\\/www.facebook.com\\\/MinesSaintEtienne\",\"https:\\\/\\\/x.com\\\/MINES_StEtienne\",\"https:\\\/\\\/www.youtube.com\\\/channel\\\/UCVSdpdmJccvUngjJ2on1n3A\"]}]}<\/script>\n<!-- \/ Yoast SEO plugin. -->","yoast_head_json":{"title":"S\u00e9minaires du D\u00e9partement G\u00e9nie math\u00e9matique et industriel - Institut Henri Fayol","robots":{"index":"index","follow":"follow","max-snippet":"max-snippet:-1","max-image-preview":"max-image-preview:large","max-video-preview":"max-video-preview:-1"},"canonical":"https:\/\/www.mines-stetienne.fr\/fayol\/seminaires-du-departement-genie-mathematique-et-industriel\/","og_locale":"fr_FR","og_type":"article","og_title":"S\u00e9minaires du D\u00e9partement G\u00e9nie math\u00e9matique et industriel - Institut Henri Fayol","og_description":"|D\u00e9partement G\u00e9nie math\u00e9matique et industriel\u00a0| Titre : Direct Model Predective Control: A Theoretical and Numerical Analysis Jeudi 7 juin \u00e0 14h &#8211; amphi 104 de l&rsquo;Espace Fauriel. Pr\u00e9sentatrice : Marie-Liesse Cauwet. R\u00e9sum\u00e9 : The power system problem is formulated as &hellip;","og_url":"https:\/\/www.mines-stetienne.fr\/fayol\/seminaires-du-departement-genie-mathematique-et-industriel\/","og_site_name":"Institut Henri Fayol","article_publisher":"https:\/\/www.facebook.com\/MinesSaintEtienne","article_modified_time":"2022-11-24T10:03:30+00:00","twitter_card":"summary_large_image","twitter_site":"@MINES_StEtienne","twitter_misc":{"Dur\u00e9e de lecture estim\u00e9e":"3 minutes"},"schema":{"@context":"https:\/\/schema.org","@graph":[{"@type":"WebPage","@id":"https:\/\/www.mines-stetienne.fr\/fayol\/seminaires-du-departement-genie-mathematique-et-industriel\/","url":"https:\/\/www.mines-stetienne.fr\/fayol\/seminaires-du-departement-genie-mathematique-et-industriel\/","name":"S\u00e9minaires du D\u00e9partement G\u00e9nie math\u00e9matique et industriel - Institut Henri Fayol","isPartOf":{"@id":"https:\/\/www.mines-stetienne.fr\/fayol\/#website"},"datePublished":"2022-11-22T15:31:29+00:00","dateModified":"2022-11-24T10:03:30+00:00","breadcrumb":{"@id":"https:\/\/www.mines-stetienne.fr\/fayol\/seminaires-du-departement-genie-mathematique-et-industriel\/#breadcrumb"},"inLanguage":"fr-FR","potentialAction":[{"@type":"ReadAction","target":["https:\/\/www.mines-stetienne.fr\/fayol\/seminaires-du-departement-genie-mathematique-et-industriel\/"]}]},{"@type":"BreadcrumbList","@id":"https:\/\/www.mines-stetienne.fr\/fayol\/seminaires-du-departement-genie-mathematique-et-industriel\/#breadcrumb","itemListElement":[{"@type":"ListItem","position":1,"name":"Accueil","item":"https:\/\/www.mines-stetienne.fr\/fayol\/"},{"@type":"ListItem","position":2,"name":"S\u00e9minaires du D\u00e9partement G\u00e9nie math\u00e9matique et industriel"}]},{"@type":"WebSite","@id":"https:\/\/www.mines-stetienne.fr\/fayol\/#website","url":"https:\/\/www.mines-stetienne.fr\/fayol\/","name":"Institut Henri Fayol","description":"","publisher":{"@id":"https:\/\/www.mines-stetienne.fr\/fayol\/#organization"},"potentialAction":[{"@type":"SearchAction","target":{"@type":"EntryPoint","urlTemplate":"https:\/\/www.mines-stetienne.fr\/fayol\/?s={search_term_string}"},"query-input":{"@type":"PropertyValueSpecification","valueRequired":true,"valueName":"search_term_string"}}],"inLanguage":"fr-FR"},{"@type":"Organization","@id":"https:\/\/www.mines-stetienne.fr\/fayol\/#organization","name":"Institut Henri Fayol","url":"https:\/\/www.mines-stetienne.fr\/fayol\/","logo":{"@type":"ImageObject","inLanguage":"fr-FR","@id":"https:\/\/www.mines-stetienne.fr\/fayol\/#\/schema\/logo\/image\/","url":"https:\/\/www.mines-stetienne.fr\/fayol\/wp-content\/uploads\/sites\/18\/2022\/09\/Mines_Saint_Etienne_IMT_RVB.png","contentUrl":"https:\/\/www.mines-stetienne.fr\/fayol\/wp-content\/uploads\/sites\/18\/2022\/09\/Mines_Saint_Etienne_IMT_RVB.png","width":316,"height":315,"caption":"Institut Henri Fayol"},"image":{"@id":"https:\/\/www.mines-stetienne.fr\/fayol\/#\/schema\/logo\/image\/"},"sameAs":["https:\/\/www.facebook.com\/MinesSaintEtienne","https:\/\/x.com\/MINES_StEtienne","https:\/\/www.youtube.com\/channel\/UCVSdpdmJccvUngjJ2on1n3A"]}]}},"_links":{"self":[{"href":"https:\/\/www.mines-stetienne.fr\/fayol\/wp-json\/wp\/v2\/pages\/88","targetHints":{"allow":["GET"]}}],"collection":[{"href":"https:\/\/www.mines-stetienne.fr\/fayol\/wp-json\/wp\/v2\/pages"}],"about":[{"href":"https:\/\/www.mines-stetienne.fr\/fayol\/wp-json\/wp\/v2\/types\/page"}],"author":[{"embeddable":true,"href":"https:\/\/www.mines-stetienne.fr\/fayol\/wp-json\/wp\/v2\/users\/1536"}],"replies":[{"embeddable":true,"href":"https:\/\/www.mines-stetienne.fr\/fayol\/wp-json\/wp\/v2\/comments?post=88"}],"version-history":[{"count":2,"href":"https:\/\/www.mines-stetienne.fr\/fayol\/wp-json\/wp\/v2\/pages\/88\/revisions"}],"predecessor-version":[{"id":125,"href":"https:\/\/www.mines-stetienne.fr\/fayol\/wp-json\/wp\/v2\/pages\/88\/revisions\/125"}],"wp:attachment":[{"href":"https:\/\/www.mines-stetienne.fr\/fayol\/wp-json\/wp\/v2\/media?parent=88"}],"wp:term":[{"taxonomy":"post_tag","embeddable":true,"href":"https:\/\/www.mines-stetienne.fr\/fayol\/wp-json\/wp\/v2\/tags?post=88"}],"curies":[{"name":"wp","href":"https:\/\/api.w.org\/{rel}","templated":true}]}}