{"id":83,"date":"2022-11-22T15:53:32","date_gmt":"2022-11-22T14:53:32","guid":{"rendered":"https:\/\/www.mines-stetienne.fr\/fayol\/?page_id=83"},"modified":"2025-01-10T10:19:21","modified_gmt":"2025-01-10T09:19:21","slug":"genie-mathematique-et-industriel","status":"publish","type":"page","link":"https:\/\/www.mines-stetienne.fr\/fayol\/recherche\/genie-mathematique-et-industriel\/","title":{"rendered":"G\u00e9nie math\u00e9matique et industriel"},"content":{"rendered":"\n<h3 class=\"wp-block-heading\">Math\u00e9matiques pour l\u2019aide \u00e0 la d\u00e9cision<\/h3>\n\n\n\n<h5><img loading=\"lazy\" decoding=\"async\" class=\"wp-image-13138 size-medium alignright\" src=\"https:\/\/www.mines-stetienne.fr\/wp-content\/uploads\/2021\/04\/wordcloud-GMI-sm.png\" alt=\"\" width=\"300\" height=\"300\" \/>Responsable de d\u00e9partement<\/h5>\n<div class=\"ListeFormations-item col-md-3 col-md-3 col-sm-3 col-xs-6\">\n<div class=\"Formation click\">\n<p class=\"Formation-title\"><a class=\"\" href=\"mailto:delor&#109;&#101;&#64;&#109;&#105;&#110;&#101;&#115;&#45;&#115;&#116;&#101;&#116;&#105;&#101;&#x6e;&#x6e;&#x65;&#x2e;&#x66;&#x72;\" target=\"_blank\" rel=\"noopener\"><br><\/a><p style=\"font-size:14px\"><strong>Xavier Delorme<\/strong><\/p><p style=\"font-size:10px\">T\u00e9l. : 04\u00a077\u00a042\u00a001 85<br><\/p>\n<p style=\"font-size:12px\" class=\"Formation-contentHover\">&#x64;&#x65;&#x6c;&#x6f;&#x72;&#x6d;&#x65;&#116;&#64;&#109;&#105;&#110;es-s&#x74;&#x65;&#x74;&#x69;&#x65;&#x6e;&#x6e;&#x65;&#46;&#102;&#114;<\/p>\n<\/div>\n<\/div>\n\n<div style=\"height:30px\" aria-hidden=\"true\" class=\"wp-block-spacer\"><\/div>\n\n<h5>Appartenance Acad\u00e9mique<\/h5>\n<div class=\"ListeFormations-item col-md-3 col-md-3 col-sm-3 col-xs-6\">\n<div class=\"Formation click\">\n<p class=\"Formation-title\"><a class=\"\" href=\"https:\/\/limos.fr\/\" target=\"_blank\" rel=\"noopener\"><br><\/a><img decoding=\"async\" src=\"https:\/\/www.mines-stetienne.fr\/wp-content\/uploads\/2021\/03\/limos.png\" width=\"110\"><\/p>\n<p class=\"Formation-contentHover\">LIMOS<\/p>\n<\/div>\n<\/div>\n<br><br><br><br><br><br>\n\n\n\n<div style=\"height:30px\" aria-hidden=\"true\" class=\"wp-block-spacer\"><\/div>\n\n\n<h5>Objectifs<\/h5>\n<p><img loading=\"lazy\" decoding=\"async\" class=\"wp-image-3379 alignright\" src=\"https:\/\/www.mines-stetienne.fr\/wp-content\/uploads\/2016\/01\/image007-bis-300x226.jpg\" alt=\"\" width=\"196\" height=\"148\" \/><\/p>\n<p>Le d\u00e9partement G\u00e9nie Math\u00e9matique et Industriel vise \u00e0 proposer des m\u00e9thodes quantitatives d\u2019\u00e9valuation de la performance globale des entreprises et de leurs produits. Il rassemble des comp\u00e9tences allant des math\u00e9matiques appliqu\u00e9es au g\u00e9nie industriel. <a href=\"\/fayol\/actualites\/seminaires-du-departement-genie-mathematique-et-industriel\/\">Le d\u00e9partement organise r\u00e9guli\u00e8rement des s\u00e9minaires portants sur ses axes de recherche.<\/a><\/p>\n<p>Les principaux verrous scientifiques auxquels s\u2019adresse le d\u00e9partement sont <img loading=\"lazy\" decoding=\"async\" class=\"size-full wp-image-3406 alignleft\" src=\"https:\/\/www.mines-stetienne.fr\/wp-content\/uploads\/2016\/01\/GMI-002-bis.jpg\" alt=\"\" width=\"204\" height=\"153\" \/>:<\/p>\n<p><img loading=\"lazy\" decoding=\"async\" class=\"alignnone wp-image-2859 size-full\" src=\"https:\/\/www.mines-stetienne.fr\/wp-content\/uploads\/2016\/01\/puce4.gif\" width=\"26\" height=\"25\" \/>La r\u00e9solution de probl\u00e8mes combinatoires et \/ ou non lin\u00e9aires impliquant des crit\u00e8res contradictoires,<br \/><img loading=\"lazy\" decoding=\"async\" class=\"alignnone wp-image-2859 size-full\" src=\"https:\/\/www.mines-stetienne.fr\/wp-content\/uploads\/2016\/01\/puce4.gif\" width=\"26\" height=\"25\" \/>La prise en compte de l\u2019incertitude sous toutes ses formes,<br \/><img loading=\"lazy\" decoding=\"async\" class=\"alignnone wp-image-2859 size-full\" src=\"https:\/\/www.mines-stetienne.fr\/wp-content\/uploads\/2016\/01\/puce4.gif\" width=\"26\" height=\"25\" \/>L\u2019analyse statistique de gros volumes de donn\u00e9es.<\/p>\n<p>La proximit\u00e9 avec l\u2019industrie et les d\u00e9cideurs est assur\u00e9e gr\u00e2ce la chaire industrielle \u00ab\u00a0Oquaido\u00a0\u00bb sp\u00e9cialis\u00e9e en math\u00e9matiques appliqu\u00e9es.<\/p>\n\n\n<ul class=\"fixed-top-menu\">\n<li class=\"page_item page-item-782 current_page_item\" style=\"text-align: center\"><a href=\"\/fayol\/\">Institut Henri Fayol<\/a><\/li>\n<li class=\"page_item page-item-782 current_page_item\" style=\"text-align: center\"><a href=\"\/fayol\/genie-mathematique-et-industriel\/\">G\u00e9nie math\u00e9matique et industriel<\/a><\/li>\n<\/ul>\n","protected":false},"excerpt":{"rendered":"<p>Math\u00e9matiques pour l\u2019aide \u00e0 la d\u00e9cision Objectifs Le d\u00e9partement G\u00e9nie Math\u00e9matique et Industriel vise \u00e0 proposer des m\u00e9thodes quantitatives d\u2019\u00e9valuation de la performance globale des entreprises et de leurs produits. Il rassemble des comp\u00e9tences allant des math\u00e9matiques appliqu\u00e9es au g\u00e9nie &hellip;<\/p>\n","protected":false},"author":1536,"featured_media":0,"parent":77,"menu_order":0,"comment_status":"closed","ping_status":"closed","template":"","meta":{"footnotes":""},"tags":[],"class_list":["post-83","page","type-page","status-publish","hentry"],"pp_statuses_selecting_workflow":false,"pp_workflow_action":"current","pp_status_selection":"publish","pp_force_visibility":null,"pp_subpost_visibility":null,"pp_inherited_force_visibility":null,"pp_inherited_subpost_visibility":null,"yoast_head":"<!-- This site is optimized with the Yoast SEO plugin v27.5 - https:\/\/yoast.com\/product\/yoast-seo-wordpress\/ -->\n<title>G\u00e9nie math\u00e9matique et industriel - Institut Henri Fayol<\/title>\n<meta name=\"robots\" content=\"index, follow, max-snippet:-1, max-image-preview:large, max-video-preview:-1\" \/>\n<link rel=\"canonical\" href=\"https:\/\/www.mines-stetienne.fr\/fayol\/recherche\/genie-mathematique-et-industriel\/\" \/>\n<meta property=\"og:locale\" content=\"fr_FR\" \/>\n<meta property=\"og:type\" content=\"article\" \/>\n<meta property=\"og:title\" content=\"G\u00e9nie math\u00e9matique et industriel - Institut Henri Fayol\" \/>\n<meta property=\"og:description\" content=\"Math\u00e9matiques pour l\u2019aide \u00e0 la d\u00e9cision Objectifs Le d\u00e9partement G\u00e9nie Math\u00e9matique et Industriel vise \u00e0 proposer des m\u00e9thodes quantitatives d\u2019\u00e9valuation de la performance globale des entreprises et de leurs produits. Il rassemble des comp\u00e9tences allant des math\u00e9matiques appliqu\u00e9es au g\u00e9nie &hellip;\" \/>\n<meta property=\"og:url\" content=\"https:\/\/www.mines-stetienne.fr\/fayol\/recherche\/genie-mathematique-et-industriel\/\" \/>\n<meta property=\"og:site_name\" content=\"Institut Henri Fayol\" \/>\n<meta property=\"article:publisher\" content=\"https:\/\/www.facebook.com\/MinesSaintEtienne\" \/>\n<meta property=\"article:modified_time\" content=\"2025-01-10T09:19:21+00:00\" \/>\n<meta name=\"twitter:card\" content=\"summary_large_image\" \/>\n<meta name=\"twitter:site\" content=\"@MINES_StEtienne\" \/>\n<meta name=\"twitter:label1\" content=\"Dur\u00e9e de lecture estim\u00e9e\" \/>\n\t<meta name=\"twitter:data1\" content=\"3 minutes\" \/>\n<script type=\"application\/ld+json\" class=\"yoast-schema-graph\">{\"@context\":\"https:\\\/\\\/schema.org\",\"@graph\":[{\"@type\":\"WebPage\",\"@id\":\"https:\\\/\\\/www.mines-stetienne.fr\\\/fayol\\\/recherche\\\/genie-mathematique-et-industriel\\\/\",\"url\":\"https:\\\/\\\/www.mines-stetienne.fr\\\/fayol\\\/recherche\\\/genie-mathematique-et-industriel\\\/\",\"name\":\"G\u00e9nie math\u00e9matique et industriel - Institut Henri Fayol\",\"isPartOf\":{\"@id\":\"https:\\\/\\\/www.mines-stetienne.fr\\\/fayol\\\/#website\"},\"primaryImageOfPage\":{\"@id\":\"https:\\\/\\\/www.mines-stetienne.fr\\\/fayol\\\/recherche\\\/genie-mathematique-et-industriel\\\/#primaryimage\"},\"image\":{\"@id\":\"https:\\\/\\\/www.mines-stetienne.fr\\\/fayol\\\/recherche\\\/genie-mathematique-et-industriel\\\/#primaryimage\"},\"thumbnailUrl\":\"https:\\\/\\\/www.mines-stetienne.fr\\\/wp-content\\\/uploads\\\/2021\\\/04\\\/wordcloud-GMI-sm.png\",\"datePublished\":\"2022-11-22T14:53:32+00:00\",\"dateModified\":\"2025-01-10T09:19:21+00:00\",\"breadcrumb\":{\"@id\":\"https:\\\/\\\/www.mines-stetienne.fr\\\/fayol\\\/recherche\\\/genie-mathematique-et-industriel\\\/#breadcrumb\"},\"inLanguage\":\"fr-FR\",\"potentialAction\":[{\"@type\":\"ReadAction\",\"target\":[\"https:\\\/\\\/www.mines-stetienne.fr\\\/fayol\\\/recherche\\\/genie-mathematique-et-industriel\\\/\"]}]},{\"@type\":\"ImageObject\",\"inLanguage\":\"fr-FR\",\"@id\":\"https:\\\/\\\/www.mines-stetienne.fr\\\/fayol\\\/recherche\\\/genie-mathematique-et-industriel\\\/#primaryimage\",\"url\":\"https:\\\/\\\/www.mines-stetienne.fr\\\/wp-content\\\/uploads\\\/2021\\\/04\\\/wordcloud-GMI-sm.png\",\"contentUrl\":\"https:\\\/\\\/www.mines-stetienne.fr\\\/wp-content\\\/uploads\\\/2021\\\/04\\\/wordcloud-GMI-sm.png\"},{\"@type\":\"BreadcrumbList\",\"@id\":\"https:\\\/\\\/www.mines-stetienne.fr\\\/fayol\\\/recherche\\\/genie-mathematique-et-industriel\\\/#breadcrumb\",\"itemListElement\":[{\"@type\":\"ListItem\",\"position\":1,\"name\":\"Accueil\",\"item\":\"https:\\\/\\\/www.mines-stetienne.fr\\\/fayol\\\/\"},{\"@type\":\"ListItem\",\"position\":2,\"name\":\"Recherche\",\"item\":\"https:\\\/\\\/www.mines-stetienne.fr\\\/fayol\\\/recherche\\\/\"},{\"@type\":\"ListItem\",\"position\":3,\"name\":\"G\u00e9nie math\u00e9matique et industriel\"}]},{\"@type\":\"WebSite\",\"@id\":\"https:\\\/\\\/www.mines-stetienne.fr\\\/fayol\\\/#website\",\"url\":\"https:\\\/\\\/www.mines-stetienne.fr\\\/fayol\\\/\",\"name\":\"Institut Henri Fayol\",\"description\":\"\",\"publisher\":{\"@id\":\"https:\\\/\\\/www.mines-stetienne.fr\\\/fayol\\\/#organization\"},\"potentialAction\":[{\"@type\":\"SearchAction\",\"target\":{\"@type\":\"EntryPoint\",\"urlTemplate\":\"https:\\\/\\\/www.mines-stetienne.fr\\\/fayol\\\/?s={search_term_string}\"},\"query-input\":{\"@type\":\"PropertyValueSpecification\",\"valueRequired\":true,\"valueName\":\"search_term_string\"}}],\"inLanguage\":\"fr-FR\"},{\"@type\":\"Organization\",\"@id\":\"https:\\\/\\\/www.mines-stetienne.fr\\\/fayol\\\/#organization\",\"name\":\"Institut Henri Fayol\",\"url\":\"https:\\\/\\\/www.mines-stetienne.fr\\\/fayol\\\/\",\"logo\":{\"@type\":\"ImageObject\",\"inLanguage\":\"fr-FR\",\"@id\":\"https:\\\/\\\/www.mines-stetienne.fr\\\/fayol\\\/#\\\/schema\\\/logo\\\/image\\\/\",\"url\":\"https:\\\/\\\/www.mines-stetienne.fr\\\/fayol\\\/wp-content\\\/uploads\\\/sites\\\/18\\\/2022\\\/09\\\/Mines_Saint_Etienne_IMT_RVB.png\",\"contentUrl\":\"https:\\\/\\\/www.mines-stetienne.fr\\\/fayol\\\/wp-content\\\/uploads\\\/sites\\\/18\\\/2022\\\/09\\\/Mines_Saint_Etienne_IMT_RVB.png\",\"width\":316,\"height\":315,\"caption\":\"Institut Henri Fayol\"},\"image\":{\"@id\":\"https:\\\/\\\/www.mines-stetienne.fr\\\/fayol\\\/#\\\/schema\\\/logo\\\/image\\\/\"},\"sameAs\":[\"https:\\\/\\\/www.facebook.com\\\/MinesSaintEtienne\",\"https:\\\/\\\/x.com\\\/MINES_StEtienne\",\"https:\\\/\\\/www.youtube.com\\\/channel\\\/UCVSdpdmJccvUngjJ2on1n3A\"]}]}<\/script>\n<!-- \/ Yoast SEO plugin. -->","yoast_head_json":{"title":"G\u00e9nie math\u00e9matique et industriel - Institut Henri Fayol","robots":{"index":"index","follow":"follow","max-snippet":"max-snippet:-1","max-image-preview":"max-image-preview:large","max-video-preview":"max-video-preview:-1"},"canonical":"https:\/\/www.mines-stetienne.fr\/fayol\/recherche\/genie-mathematique-et-industriel\/","og_locale":"fr_FR","og_type":"article","og_title":"G\u00e9nie math\u00e9matique et industriel - Institut Henri Fayol","og_description":"Math\u00e9matiques pour l\u2019aide \u00e0 la d\u00e9cision Objectifs Le d\u00e9partement G\u00e9nie Math\u00e9matique et Industriel vise \u00e0 proposer des m\u00e9thodes quantitatives d\u2019\u00e9valuation de la performance globale des entreprises et de leurs produits. Il rassemble des comp\u00e9tences allant des math\u00e9matiques appliqu\u00e9es au g\u00e9nie &hellip;","og_url":"https:\/\/www.mines-stetienne.fr\/fayol\/recherche\/genie-mathematique-et-industriel\/","og_site_name":"Institut Henri Fayol","article_publisher":"https:\/\/www.facebook.com\/MinesSaintEtienne","article_modified_time":"2025-01-10T09:19:21+00:00","twitter_card":"summary_large_image","twitter_site":"@MINES_StEtienne","twitter_misc":{"Dur\u00e9e de lecture estim\u00e9e":"3 minutes"},"schema":{"@context":"https:\/\/schema.org","@graph":[{"@type":"WebPage","@id":"https:\/\/www.mines-stetienne.fr\/fayol\/recherche\/genie-mathematique-et-industriel\/","url":"https:\/\/www.mines-stetienne.fr\/fayol\/recherche\/genie-mathematique-et-industriel\/","name":"G\u00e9nie math\u00e9matique et industriel - Institut Henri Fayol","isPartOf":{"@id":"https:\/\/www.mines-stetienne.fr\/fayol\/#website"},"primaryImageOfPage":{"@id":"https:\/\/www.mines-stetienne.fr\/fayol\/recherche\/genie-mathematique-et-industriel\/#primaryimage"},"image":{"@id":"https:\/\/www.mines-stetienne.fr\/fayol\/recherche\/genie-mathematique-et-industriel\/#primaryimage"},"thumbnailUrl":"https:\/\/www.mines-stetienne.fr\/wp-content\/uploads\/2021\/04\/wordcloud-GMI-sm.png","datePublished":"2022-11-22T14:53:32+00:00","dateModified":"2025-01-10T09:19:21+00:00","breadcrumb":{"@id":"https:\/\/www.mines-stetienne.fr\/fayol\/recherche\/genie-mathematique-et-industriel\/#breadcrumb"},"inLanguage":"fr-FR","potentialAction":[{"@type":"ReadAction","target":["https:\/\/www.mines-stetienne.fr\/fayol\/recherche\/genie-mathematique-et-industriel\/"]}]},{"@type":"ImageObject","inLanguage":"fr-FR","@id":"https:\/\/www.mines-stetienne.fr\/fayol\/recherche\/genie-mathematique-et-industriel\/#primaryimage","url":"https:\/\/www.mines-stetienne.fr\/wp-content\/uploads\/2021\/04\/wordcloud-GMI-sm.png","contentUrl":"https:\/\/www.mines-stetienne.fr\/wp-content\/uploads\/2021\/04\/wordcloud-GMI-sm.png"},{"@type":"BreadcrumbList","@id":"https:\/\/www.mines-stetienne.fr\/fayol\/recherche\/genie-mathematique-et-industriel\/#breadcrumb","itemListElement":[{"@type":"ListItem","position":1,"name":"Accueil","item":"https:\/\/www.mines-stetienne.fr\/fayol\/"},{"@type":"ListItem","position":2,"name":"Recherche","item":"https:\/\/www.mines-stetienne.fr\/fayol\/recherche\/"},{"@type":"ListItem","position":3,"name":"G\u00e9nie math\u00e9matique et industriel"}]},{"@type":"WebSite","@id":"https:\/\/www.mines-stetienne.fr\/fayol\/#website","url":"https:\/\/www.mines-stetienne.fr\/fayol\/","name":"Institut Henri Fayol","description":"","publisher":{"@id":"https:\/\/www.mines-stetienne.fr\/fayol\/#organization"},"potentialAction":[{"@type":"SearchAction","target":{"@type":"EntryPoint","urlTemplate":"https:\/\/www.mines-stetienne.fr\/fayol\/?s={search_term_string}"},"query-input":{"@type":"PropertyValueSpecification","valueRequired":true,"valueName":"search_term_string"}}],"inLanguage":"fr-FR"},{"@type":"Organization","@id":"https:\/\/www.mines-stetienne.fr\/fayol\/#organization","name":"Institut Henri Fayol","url":"https:\/\/www.mines-stetienne.fr\/fayol\/","logo":{"@type":"ImageObject","inLanguage":"fr-FR","@id":"https:\/\/www.mines-stetienne.fr\/fayol\/#\/schema\/logo\/image\/","url":"https:\/\/www.mines-stetienne.fr\/fayol\/wp-content\/uploads\/sites\/18\/2022\/09\/Mines_Saint_Etienne_IMT_RVB.png","contentUrl":"https:\/\/www.mines-stetienne.fr\/fayol\/wp-content\/uploads\/sites\/18\/2022\/09\/Mines_Saint_Etienne_IMT_RVB.png","width":316,"height":315,"caption":"Institut Henri Fayol"},"image":{"@id":"https:\/\/www.mines-stetienne.fr\/fayol\/#\/schema\/logo\/image\/"},"sameAs":["https:\/\/www.facebook.com\/MinesSaintEtienne","https:\/\/x.com\/MINES_StEtienne","https:\/\/www.youtube.com\/channel\/UCVSdpdmJccvUngjJ2on1n3A"]}]}},"_links":{"self":[{"href":"https:\/\/www.mines-stetienne.fr\/fayol\/wp-json\/wp\/v2\/pages\/83","targetHints":{"allow":["GET"]}}],"collection":[{"href":"https:\/\/www.mines-stetienne.fr\/fayol\/wp-json\/wp\/v2\/pages"}],"about":[{"href":"https:\/\/www.mines-stetienne.fr\/fayol\/wp-json\/wp\/v2\/types\/page"}],"author":[{"embeddable":true,"href":"https:\/\/www.mines-stetienne.fr\/fayol\/wp-json\/wp\/v2\/users\/1536"}],"replies":[{"embeddable":true,"href":"https:\/\/www.mines-stetienne.fr\/fayol\/wp-json\/wp\/v2\/comments?post=83"}],"version-history":[{"count":10,"href":"https:\/\/www.mines-stetienne.fr\/fayol\/wp-json\/wp\/v2\/pages\/83\/revisions"}],"predecessor-version":[{"id":740,"href":"https:\/\/www.mines-stetienne.fr\/fayol\/wp-json\/wp\/v2\/pages\/83\/revisions\/740"}],"up":[{"embeddable":true,"href":"https:\/\/www.mines-stetienne.fr\/fayol\/wp-json\/wp\/v2\/pages\/77"}],"wp:attachment":[{"href":"https:\/\/www.mines-stetienne.fr\/fayol\/wp-json\/wp\/v2\/media?parent=83"}],"wp:term":[{"taxonomy":"post_tag","embeddable":true,"href":"https:\/\/www.mines-stetienne.fr\/fayol\/wp-json\/wp\/v2\/tags?post=83"}],"curies":[{"name":"wp","href":"https:\/\/api.w.org\/{rel}","templated":true}]}}