{"id":648,"date":"2023-03-31T15:53:47","date_gmt":"2023-03-31T13:53:47","guid":{"rendered":"https:\/\/www.mines-stetienne.fr\/fayol\/?page_id=648"},"modified":"2023-03-31T15:54:00","modified_gmt":"2023-03-31T13:54:00","slug":"these-preparee-par-gonzalo-puig-samper-naranjo","status":"publish","type":"page","link":"https:\/\/www.mines-stetienne.fr\/fayol\/theses\/these-preparee-par-gonzalo-puig-samper-naranjo\/","title":{"rendered":"Th\u00e8se pr\u00e9par\u00e9e par Gonzalo\u00a0Puig-Samper Naranjo"},"content":{"rendered":"<p><strong>Titre : D\u00e9veloppement d&rsquo;une m\u00e9thodologie d&rsquo;\u00e9valuation de la durabilit\u00e9 environnementale absolue (AESA) des gaz renouvelables et application \u00e0 une \u00e9tude de cas de biom\u00e9thane issu de la pyrogaz\u00e9ification de la biomasse.<br \/>\n<\/strong><\/p>\n<p><strong>D\u00e9but de th\u00e8se : <\/strong>03\/10\/2022<strong><br \/>\nFin de th\u00e8se :\u00a0<\/strong><\/p>\n<p><strong>R\u00e9sum\u00e9 : <\/strong>Various assessment methods (AESA and territorial LCA) are in development and the coupling between the two seems promising to provide decision-makers with a better view of the planetary and territorial impacts for subjects such as green gas production.<br \/>\nThe aim of this PhD is to rely on these two bunches of methods to propose an assessment method that will take into account both the territorial specificities of the studied project and its environmental sustainability regarding planetary boundaries.<br \/>\nBesides, some methodological developments will have to be done on biodiversity and land-system change, which are impacts category that are not currently not very well taken into account by LCA, but who raise high stakes for the use of biomass to produce gas.<br \/>\nSuggested RQs<\/p>\n<p>&#8211; Sharing of the safe operating space among activities. How to deal with intermediate products (such as energy)? Differentiated sharing based on industry sector\u2019s \u201cability to reduce\u201d<br \/>\n&#8211; Assigning a share to future (not yet developed) technology<br \/>\n&#8211; Dealing with multi-functionality<br \/>\n&#8211; Combining territorial and PB-based LCA<br \/>\n&#8211; How to model and account for technology upscaling and future technological improvement in AESA?<\/p>\n<p><strong>\u00a0<\/strong><\/p>\n<p><strong>Mots cl\u00e9s\u00a0:<\/strong><\/p>\n<p><strong>Date de soutenance pr\u00e9vue :\u00a0<\/strong><\/p>\n<p><strong>Encadrement :<\/strong><\/p>\n<ul>\n<li>Directeur de th\u00e8se :\u00a0<a href=\"&#109;&#x61;&#x69;l&#116;&#x6f;:&#103;&#x6f;&#x6e;&#100;&#x72;&#x61;n&#64;&#x65;m&#115;&#x65;&#x2e;&#102;&#x72;\">Natacha Gondran<\/a>, Professeur Mines Saint Etienne, EVS<\/li>\n<\/ul>\n<p><strong>Partenaires ou\/et Financeurs<\/strong> :<\/p>\n","protected":false},"excerpt":{"rendered":"<p>Titre : D\u00e9veloppement d&rsquo;une m\u00e9thodologie d&rsquo;\u00e9valuation de la durabilit\u00e9 environnementale absolue (AESA) des gaz renouvelables et application \u00e0 une \u00e9tude de cas de biom\u00e9thane issu de la pyrogaz\u00e9ification de la biomasse. D\u00e9but de th\u00e8se : 03\/10\/2022 Fin de th\u00e8se :\u00a0 &hellip;<\/p>\n","protected":false},"author":1536,"featured_media":0,"parent":286,"menu_order":0,"comment_status":"closed","ping_status":"closed","template":"","meta":{"footnotes":""},"tags":[],"class_list":["post-648","page","type-page","status-publish","hentry"],"pp_statuses_selecting_workflow":false,"pp_workflow_action":"current","pp_status_selection":"publish","pp_force_visibility":null,"pp_subpost_visibility":null,"pp_inherited_force_visibility":null,"pp_inherited_subpost_visibility":null,"yoast_head":"<!-- This site is optimized with the Yoast SEO plugin v27.5 - https:\/\/yoast.com\/product\/yoast-seo-wordpress\/ -->\n<title>Th\u00e8se pr\u00e9par\u00e9e par Gonzalo\u00a0Puig-Samper Naranjo - Institut Henri Fayol<\/title>\n<meta name=\"robots\" content=\"index, follow, max-snippet:-1, max-image-preview:large, max-video-preview:-1\" \/>\n<link rel=\"canonical\" href=\"https:\/\/www.mines-stetienne.fr\/fayol\/theses\/these-preparee-par-gonzalo-puig-samper-naranjo\/\" \/>\n<meta property=\"og:locale\" content=\"fr_FR\" \/>\n<meta property=\"og:type\" content=\"article\" \/>\n<meta property=\"og:title\" content=\"Th\u00e8se pr\u00e9par\u00e9e par Gonzalo\u00a0Puig-Samper Naranjo - Institut Henri Fayol\" \/>\n<meta property=\"og:description\" content=\"Titre : D\u00e9veloppement d&rsquo;une m\u00e9thodologie d&rsquo;\u00e9valuation de la durabilit\u00e9 environnementale absolue (AESA) des gaz renouvelables et application \u00e0 une \u00e9tude de cas de biom\u00e9thane issu de la pyrogaz\u00e9ification de la biomasse. D\u00e9but de th\u00e8se : 03\/10\/2022 Fin de th\u00e8se :\u00a0 &hellip;\" \/>\n<meta property=\"og:url\" content=\"https:\/\/www.mines-stetienne.fr\/fayol\/theses\/these-preparee-par-gonzalo-puig-samper-naranjo\/\" \/>\n<meta property=\"og:site_name\" content=\"Institut Henri Fayol\" \/>\n<meta property=\"article:publisher\" content=\"https:\/\/www.facebook.com\/MinesSaintEtienne\" \/>\n<meta property=\"article:modified_time\" content=\"2023-03-31T13:54:00+00:00\" \/>\n<meta name=\"twitter:card\" content=\"summary_large_image\" \/>\n<meta name=\"twitter:site\" content=\"@MINES_StEtienne\" \/>\n<meta name=\"twitter:label1\" content=\"Dur\u00e9e de lecture estim\u00e9e\" \/>\n\t<meta name=\"twitter:data1\" content=\"2 minutes\" \/>\n<script type=\"application\/ld+json\" class=\"yoast-schema-graph\">{\"@context\":\"https:\\\/\\\/schema.org\",\"@graph\":[{\"@type\":\"WebPage\",\"@id\":\"https:\\\/\\\/www.mines-stetienne.fr\\\/fayol\\\/theses\\\/these-preparee-par-gonzalo-puig-samper-naranjo\\\/\",\"url\":\"https:\\\/\\\/www.mines-stetienne.fr\\\/fayol\\\/theses\\\/these-preparee-par-gonzalo-puig-samper-naranjo\\\/\",\"name\":\"Th\u00e8se pr\u00e9par\u00e9e par Gonzalo\u00a0Puig-Samper Naranjo - Institut Henri Fayol\",\"isPartOf\":{\"@id\":\"https:\\\/\\\/www.mines-stetienne.fr\\\/fayol\\\/#website\"},\"datePublished\":\"2023-03-31T13:53:47+00:00\",\"dateModified\":\"2023-03-31T13:54:00+00:00\",\"breadcrumb\":{\"@id\":\"https:\\\/\\\/www.mines-stetienne.fr\\\/fayol\\\/theses\\\/these-preparee-par-gonzalo-puig-samper-naranjo\\\/#breadcrumb\"},\"inLanguage\":\"fr-FR\",\"potentialAction\":[{\"@type\":\"ReadAction\",\"target\":[\"https:\\\/\\\/www.mines-stetienne.fr\\\/fayol\\\/theses\\\/these-preparee-par-gonzalo-puig-samper-naranjo\\\/\"]}]},{\"@type\":\"BreadcrumbList\",\"@id\":\"https:\\\/\\\/www.mines-stetienne.fr\\\/fayol\\\/theses\\\/these-preparee-par-gonzalo-puig-samper-naranjo\\\/#breadcrumb\",\"itemListElement\":[{\"@type\":\"ListItem\",\"position\":1,\"name\":\"Accueil\",\"item\":\"https:\\\/\\\/www.mines-stetienne.fr\\\/fayol\\\/\"},{\"@type\":\"ListItem\",\"position\":2,\"name\":\"Recherche\",\"item\":\"https:\\\/\\\/www.mines-stetienne.fr\\\/fayol\\\/theses\\\/\"},{\"@type\":\"ListItem\",\"position\":3,\"name\":\"Th\u00e8se pr\u00e9par\u00e9e par Gonzalo\u00a0Puig-Samper Naranjo\"}]},{\"@type\":\"WebSite\",\"@id\":\"https:\\\/\\\/www.mines-stetienne.fr\\\/fayol\\\/#website\",\"url\":\"https:\\\/\\\/www.mines-stetienne.fr\\\/fayol\\\/\",\"name\":\"Institut Henri Fayol\",\"description\":\"\",\"publisher\":{\"@id\":\"https:\\\/\\\/www.mines-stetienne.fr\\\/fayol\\\/#organization\"},\"potentialAction\":[{\"@type\":\"SearchAction\",\"target\":{\"@type\":\"EntryPoint\",\"urlTemplate\":\"https:\\\/\\\/www.mines-stetienne.fr\\\/fayol\\\/?s={search_term_string}\"},\"query-input\":{\"@type\":\"PropertyValueSpecification\",\"valueRequired\":true,\"valueName\":\"search_term_string\"}}],\"inLanguage\":\"fr-FR\"},{\"@type\":\"Organization\",\"@id\":\"https:\\\/\\\/www.mines-stetienne.fr\\\/fayol\\\/#organization\",\"name\":\"Institut Henri Fayol\",\"url\":\"https:\\\/\\\/www.mines-stetienne.fr\\\/fayol\\\/\",\"logo\":{\"@type\":\"ImageObject\",\"inLanguage\":\"fr-FR\",\"@id\":\"https:\\\/\\\/www.mines-stetienne.fr\\\/fayol\\\/#\\\/schema\\\/logo\\\/image\\\/\",\"url\":\"https:\\\/\\\/www.mines-stetienne.fr\\\/fayol\\\/wp-content\\\/uploads\\\/sites\\\/18\\\/2022\\\/09\\\/Mines_Saint_Etienne_IMT_RVB.png\",\"contentUrl\":\"https:\\\/\\\/www.mines-stetienne.fr\\\/fayol\\\/wp-content\\\/uploads\\\/sites\\\/18\\\/2022\\\/09\\\/Mines_Saint_Etienne_IMT_RVB.png\",\"width\":316,\"height\":315,\"caption\":\"Institut Henri Fayol\"},\"image\":{\"@id\":\"https:\\\/\\\/www.mines-stetienne.fr\\\/fayol\\\/#\\\/schema\\\/logo\\\/image\\\/\"},\"sameAs\":[\"https:\\\/\\\/www.facebook.com\\\/MinesSaintEtienne\",\"https:\\\/\\\/x.com\\\/MINES_StEtienne\",\"https:\\\/\\\/www.youtube.com\\\/channel\\\/UCVSdpdmJccvUngjJ2on1n3A\"]}]}<\/script>\n<!-- \/ Yoast SEO plugin. -->","yoast_head_json":{"title":"Th\u00e8se pr\u00e9par\u00e9e par Gonzalo\u00a0Puig-Samper Naranjo - Institut Henri Fayol","robots":{"index":"index","follow":"follow","max-snippet":"max-snippet:-1","max-image-preview":"max-image-preview:large","max-video-preview":"max-video-preview:-1"},"canonical":"https:\/\/www.mines-stetienne.fr\/fayol\/theses\/these-preparee-par-gonzalo-puig-samper-naranjo\/","og_locale":"fr_FR","og_type":"article","og_title":"Th\u00e8se pr\u00e9par\u00e9e par Gonzalo\u00a0Puig-Samper Naranjo - Institut Henri Fayol","og_description":"Titre : D\u00e9veloppement d&rsquo;une m\u00e9thodologie d&rsquo;\u00e9valuation de la durabilit\u00e9 environnementale absolue (AESA) des gaz renouvelables et application \u00e0 une \u00e9tude de cas de biom\u00e9thane issu de la pyrogaz\u00e9ification de la biomasse. D\u00e9but de th\u00e8se : 03\/10\/2022 Fin de th\u00e8se :\u00a0 &hellip;","og_url":"https:\/\/www.mines-stetienne.fr\/fayol\/theses\/these-preparee-par-gonzalo-puig-samper-naranjo\/","og_site_name":"Institut Henri Fayol","article_publisher":"https:\/\/www.facebook.com\/MinesSaintEtienne","article_modified_time":"2023-03-31T13:54:00+00:00","twitter_card":"summary_large_image","twitter_site":"@MINES_StEtienne","twitter_misc":{"Dur\u00e9e de lecture estim\u00e9e":"2 minutes"},"schema":{"@context":"https:\/\/schema.org","@graph":[{"@type":"WebPage","@id":"https:\/\/www.mines-stetienne.fr\/fayol\/theses\/these-preparee-par-gonzalo-puig-samper-naranjo\/","url":"https:\/\/www.mines-stetienne.fr\/fayol\/theses\/these-preparee-par-gonzalo-puig-samper-naranjo\/","name":"Th\u00e8se pr\u00e9par\u00e9e par Gonzalo\u00a0Puig-Samper Naranjo - Institut Henri Fayol","isPartOf":{"@id":"https:\/\/www.mines-stetienne.fr\/fayol\/#website"},"datePublished":"2023-03-31T13:53:47+00:00","dateModified":"2023-03-31T13:54:00+00:00","breadcrumb":{"@id":"https:\/\/www.mines-stetienne.fr\/fayol\/theses\/these-preparee-par-gonzalo-puig-samper-naranjo\/#breadcrumb"},"inLanguage":"fr-FR","potentialAction":[{"@type":"ReadAction","target":["https:\/\/www.mines-stetienne.fr\/fayol\/theses\/these-preparee-par-gonzalo-puig-samper-naranjo\/"]}]},{"@type":"BreadcrumbList","@id":"https:\/\/www.mines-stetienne.fr\/fayol\/theses\/these-preparee-par-gonzalo-puig-samper-naranjo\/#breadcrumb","itemListElement":[{"@type":"ListItem","position":1,"name":"Accueil","item":"https:\/\/www.mines-stetienne.fr\/fayol\/"},{"@type":"ListItem","position":2,"name":"Recherche","item":"https:\/\/www.mines-stetienne.fr\/fayol\/theses\/"},{"@type":"ListItem","position":3,"name":"Th\u00e8se pr\u00e9par\u00e9e par Gonzalo\u00a0Puig-Samper Naranjo"}]},{"@type":"WebSite","@id":"https:\/\/www.mines-stetienne.fr\/fayol\/#website","url":"https:\/\/www.mines-stetienne.fr\/fayol\/","name":"Institut Henri Fayol","description":"","publisher":{"@id":"https:\/\/www.mines-stetienne.fr\/fayol\/#organization"},"potentialAction":[{"@type":"SearchAction","target":{"@type":"EntryPoint","urlTemplate":"https:\/\/www.mines-stetienne.fr\/fayol\/?s={search_term_string}"},"query-input":{"@type":"PropertyValueSpecification","valueRequired":true,"valueName":"search_term_string"}}],"inLanguage":"fr-FR"},{"@type":"Organization","@id":"https:\/\/www.mines-stetienne.fr\/fayol\/#organization","name":"Institut Henri Fayol","url":"https:\/\/www.mines-stetienne.fr\/fayol\/","logo":{"@type":"ImageObject","inLanguage":"fr-FR","@id":"https:\/\/www.mines-stetienne.fr\/fayol\/#\/schema\/logo\/image\/","url":"https:\/\/www.mines-stetienne.fr\/fayol\/wp-content\/uploads\/sites\/18\/2022\/09\/Mines_Saint_Etienne_IMT_RVB.png","contentUrl":"https:\/\/www.mines-stetienne.fr\/fayol\/wp-content\/uploads\/sites\/18\/2022\/09\/Mines_Saint_Etienne_IMT_RVB.png","width":316,"height":315,"caption":"Institut Henri Fayol"},"image":{"@id":"https:\/\/www.mines-stetienne.fr\/fayol\/#\/schema\/logo\/image\/"},"sameAs":["https:\/\/www.facebook.com\/MinesSaintEtienne","https:\/\/x.com\/MINES_StEtienne","https:\/\/www.youtube.com\/channel\/UCVSdpdmJccvUngjJ2on1n3A"]}]}},"_links":{"self":[{"href":"https:\/\/www.mines-stetienne.fr\/fayol\/wp-json\/wp\/v2\/pages\/648","targetHints":{"allow":["GET"]}}],"collection":[{"href":"https:\/\/www.mines-stetienne.fr\/fayol\/wp-json\/wp\/v2\/pages"}],"about":[{"href":"https:\/\/www.mines-stetienne.fr\/fayol\/wp-json\/wp\/v2\/types\/page"}],"author":[{"embeddable":true,"href":"https:\/\/www.mines-stetienne.fr\/fayol\/wp-json\/wp\/v2\/users\/1536"}],"replies":[{"embeddable":true,"href":"https:\/\/www.mines-stetienne.fr\/fayol\/wp-json\/wp\/v2\/comments?post=648"}],"version-history":[{"count":1,"href":"https:\/\/www.mines-stetienne.fr\/fayol\/wp-json\/wp\/v2\/pages\/648\/revisions"}],"predecessor-version":[{"id":649,"href":"https:\/\/www.mines-stetienne.fr\/fayol\/wp-json\/wp\/v2\/pages\/648\/revisions\/649"}],"up":[{"embeddable":true,"href":"https:\/\/www.mines-stetienne.fr\/fayol\/wp-json\/wp\/v2\/pages\/286"}],"wp:attachment":[{"href":"https:\/\/www.mines-stetienne.fr\/fayol\/wp-json\/wp\/v2\/media?parent=648"}],"wp:term":[{"taxonomy":"post_tag","embeddable":true,"href":"https:\/\/www.mines-stetienne.fr\/fayol\/wp-json\/wp\/v2\/tags?post=648"}],"curies":[{"name":"wp","href":"https:\/\/api.w.org\/{rel}","templated":true}]}}

Thèse préparée par Gonzalo Puig-Samper Naranjo

<p><strong>Titre : Développement d&rsquo;une méthodologie d&rsquo;évaluation de la durabilité environnementale absolue (AESA) des gaz renouvelables et application à une étude de cas de biométhane issu de la pyrogazéification de la biomasse.<br />
</strong></p>
<p><strong>Début de thèse : </strong>03/10/2022<strong><br />
Fin de thèse : </strong></p>
<p><strong>Résumé : </strong>Various assessment methods (AESA and territorial LCA) are in development and the coupling between the two seems promising to provide decision-makers with a better view of the planetary and territorial impacts for subjects such as green gas production.<br />
The aim of this PhD is to rely on these two bunches of methods to propose an assessment method that will take into account both the territorial specificities of the studied project and its environmental sustainability regarding planetary boundaries.<br />
Besides, some methodological developments will have to be done on biodiversity and land-system change, which are impacts category that are not currently not very well taken into account by LCA, but who raise high stakes for the use of biomass to produce gas.<br />
Suggested RQs</p>
<p>&#8211; Sharing of the safe operating space among activities. How to deal with intermediate products (such as energy)? Differentiated sharing based on industry sector’s “ability to reduce”<br />
&#8211; Assigning a share to future (not yet developed) technology<br />
&#8211; Dealing with multi-functionality<br />
&#8211; Combining territorial and PB-based LCA<br />
&#8211; How to model and account for technology upscaling and future technological improvement in AESA?</p>
<p><strong> </strong></p>
<p><strong>Mots clés :</strong></p>
<p><strong>Date de soutenance prévue : </strong></p>
<p><strong>Encadrement :</strong></p>
<ul>
<li>Directeur de thèse : <a href="&#109;&#x61;&#x69;l&#116;&#x6f;:&#103;&#x6f;&#x6e;&#100;&#x72;&#x61;n&#64;&#x65;m&#115;&#x65;&#x2e;&#102;&#x72;">Natacha Gondran</a>, Professeur Mines Saint Etienne, EVS</li>
</ul>
<p><strong>Partenaires ou/et Financeurs</strong> :</p>

<p>Titre : Développement d&rsquo;une méthodologie d&rsquo;évaluation de la durabilité environnementale absolue (AESA) des gaz renouvelables et application à une étude de cas de biométhane issu de la pyrogazéification de la biomasse. Début de thèse : 03/10/2022 Fin de thèse :  &hellip;</p>

<!-- This site is optimized with the Yoast SEO plugin v27.5 - https://yoast.com/product/yoast-seo-wordpress/ -->
<title>Thèse préparée par Gonzalo Puig-Samper Naranjo - Institut Henri Fayol</title>
<meta name="robots" content="index, follow, max-snippet:-1, max-image-preview:large, max-video-preview:-1" />
<link rel="canonical" href="https://www.mines-stetienne.fr/fayol/theses/these-preparee-par-gonzalo-puig-samper-naranjo/" />
<meta property="og:locale" content="fr_FR" />
<meta property="og:type" content="article" />
<meta property="og:title" content="Thèse préparée par Gonzalo Puig-Samper Naranjo - Institut Henri Fayol" />
<meta property="og:description" content="Titre : Développement d&rsquo;une méthodologie d&rsquo;évaluation de la durabilité environnementale absolue (AESA) des gaz renouvelables et application à une étude de cas de biométhane issu de la pyrogazéification de la biomasse. Début de thèse : 03/10/2022 Fin de thèse :  &hellip;" />
<meta property="og:url" content="https://www.mines-stetienne.fr/fayol/theses/these-preparee-par-gonzalo-puig-samper-naranjo/" />
<meta property="og:site_name" content="Institut Henri Fayol" />
<meta property="article:publisher" content="https://www.facebook.com/MinesSaintEtienne" />
<meta property="article:modified_time" content="2023-03-31T13:54:00+00:00" />
<meta name="twitter:card" content="summary_large_image" />
<meta name="twitter:site" content="@MINES_StEtienne" />
<meta name="twitter:label1" content="Durée de lecture estimée" />
	<meta name="twitter:data1" content="2 minutes" />
<script type="application/ld+json" class="yoast-schema-graph">{"@context":"https:\/\/schema.org","@graph":[{"@type":"WebPage","@id":"https:\/\/www.mines-stetienne.fr\/fayol\/theses\/these-preparee-par-gonzalo-puig-samper-naranjo\/","url":"https:\/\/www.mines-stetienne.fr\/fayol\/theses\/these-preparee-par-gonzalo-puig-samper-naranjo\/","name":"Thèse préparée par Gonzalo Puig-Samper Naranjo - Institut Henri Fayol","isPartOf":{"@id":"https:\/\/www.mines-stetienne.fr\/fayol\/#website"},"datePublished":"2023-03-31T13:53:47+00:00","dateModified":"2023-03-31T13:54:00+00:00","breadcrumb":{"@id":"https:\/\/www.mines-stetienne.fr\/fayol\/theses\/these-preparee-par-gonzalo-puig-samper-naranjo\/#breadcrumb"},"inLanguage":"fr-FR","potentialAction":[{"@type":"ReadAction","target":["https:\/\/www.mines-stetienne.fr\/fayol\/theses\/these-preparee-par-gonzalo-puig-samper-naranjo\/"]}]},{"@type":"BreadcrumbList","@id":"https:\/\/www.mines-stetienne.fr\/fayol\/theses\/these-preparee-par-gonzalo-puig-samper-naranjo\/#breadcrumb","itemListElement":[{"@type":"ListItem","position":1,"name":"Accueil","item":"https:\/\/www.mines-stetienne.fr\/fayol\/"},{"@type":"ListItem","position":2,"name":"Recherche","item":"https:\/\/www.mines-stetienne.fr\/fayol\/theses\/"},{"@type":"ListItem","position":3,"name":"Thèse préparée par Gonzalo Puig-Samper Naranjo"}]},{"@type":"WebSite","@id":"https:\/\/www.mines-stetienne.fr\/fayol\/#website","url":"https:\/\/www.mines-stetienne.fr\/fayol\/","name":"Institut Henri Fayol","description":"","publisher":{"@id":"https:\/\/www.mines-stetienne.fr\/fayol\/#organization"},"potentialAction":[{"@type":"SearchAction","target":{"@type":"EntryPoint","urlTemplate":"https:\/\/www.mines-stetienne.fr\/fayol\/?s={search_term_string}"},"query-input":{"@type":"PropertyValueSpecification","valueRequired":true,"valueName":"search_term_string"}}],"inLanguage":"fr-FR"},{"@type":"Organization","@id":"https:\/\/www.mines-stetienne.fr\/fayol\/#organization","name":"Institut Henri Fayol","url":"https:\/\/www.mines-stetienne.fr\/fayol\/","logo":{"@type":"ImageObject","inLanguage":"fr-FR","@id":"https:\/\/www.mines-stetienne.fr\/fayol\/#\/schema\/logo\/image\/","url":"https:\/\/www.mines-stetienne.fr\/fayol\/wp-content\/uploads\/sites\/18\/2022\/09\/Mines_Saint_Etienne_IMT_RVB.png","contentUrl":"https:\/\/www.mines-stetienne.fr\/fayol\/wp-content\/uploads\/sites\/18\/2022\/09\/Mines_Saint_Etienne_IMT_RVB.png","width":316,"height":315,"caption":"Institut Henri Fayol"},"image":{"@id":"https:\/\/www.mines-stetienne.fr\/fayol\/#\/schema\/logo\/image\/"},"sameAs":["https:\/\/www.facebook.com\/MinesSaintEtienne","https:\/\/x.com\/MINES_StEtienne","https:\/\/www.youtube.com\/channel\/UCVSdpdmJccvUngjJ2on1n3A"]}]}</script>
<!-- / Yoast SEO plugin. -->

Thèse préparée par Gonzalo Puig-Samper Naranjo - Institut Henri Fayol

Titre : Développement d&rsquo;une méthodologie d&rsquo;évaluation de la durabilité environnementale absolue (AESA) des gaz renouvelables et application à une étude de cas de biométhane issu de la pyrogazéification de la biomasse. Début de thèse : 03/10/2022 Fin de thèse :  &hellip;
