{"id":635,"date":"2023-03-17T15:59:28","date_gmt":"2023-03-17T14:59:28","guid":{"rendered":"https:\/\/www.mines-stetienne.fr\/fayol\/?page_id=635"},"modified":"2023-03-31T15:02:56","modified_gmt":"2023-03-31T13:02:56","slug":"these-preparee-par-romain-guillerm","status":"publish","type":"page","link":"https:\/\/www.mines-stetienne.fr\/fayol\/theses\/these-preparee-par-romain-guillerm\/","title":{"rendered":"Th\u00e8se pr\u00e9par\u00e9e par Romain Guillerm"},"content":{"rendered":"<p><strong>Titre : Evaluer l&rsquo;influence des low-tech sur la r\u00e9silience des territoires : application \u00e0 l&rsquo;alimentation<\/strong><\/p>\n<p><strong>D\u00e9but de th\u00e8se :<\/strong>01\/10\/2022<strong><br \/>\nFin de th\u00e8se :\u00a0<\/strong><\/p>\n<p><strong>R\u00e9sum\u00e9 :<\/strong><\/p>\n<p>La rar\u00e9faction des ressources naturelles et le changement climatique sont des d\u00e9fis environnementaux majeurs qui remettent en cause nos modes de production et de consommation actuels. Face \u00e0 ces perturbations au long cours, les territoires et organisations doivent \u00eatre capables de mesurer et d\u2019accro\u00eetre leur degr\u00e9 de r\u00e9silience en favorisant des strat\u00e9gies de d\u00e9veloppement adapt\u00e9es. Dans ce cadre, les \u00ab\u00a0low-tech\u00a0\u00bb ou \u00ab\u00a0basses technologies\u00a0\u00bb constituent une voie en rupture avec le mod\u00e8le d\u2019innovation purement technologique. En effet, l\u2019approche low-tech se fonde sur une (re)connection des syst\u00e8mes de production avec les milieux naturels et sociaux dans lesquels les syst\u00e8mes techniques sont con\u00e7us et \u00e9voluent, en mettant en avant des objets techniques sobres, appropriables aux \u00e9chelles individuelle et collective, conviviales et durables dans le temps.\u00a0 A ce titre, les low-tech sont un potentiel vecteur de r\u00e9silience territoriale.<\/p>\n<p>Cette th\u00e8se a donc pour objectif de d\u00e9velopper un cadre d\u2019analyse syst\u00e9mique permettant de caract\u00e9riser le potentiel d\u2019influence des low tech sur la r\u00e9silience des territoires.<\/p>\n<p>Le terrain d\u2019application choisi est le secteur de l\u2019alimentation, avec des exemples sur toute la fili\u00e8re, de la culture (ex : permaculture) \u00e0 la cuisson (ex : les fours solaires). Des collaborations avec des acteurs \u0153uvrant dans le low-tech ou appliquant des d\u00e9marches low-tech dans le domaine de l\u2019alimentation sont pr\u00e9vus.<\/p>\n<p>Les r\u00e9sultats de cette th\u00e8se\u00a0(m\u00e9thode et mod\u00e8les) seront int\u00e9gr\u00e9s dans la plateforme Territoire d\u00e9velopp\u00e9e au sein de l\u2019institut Henri Fayol.<\/p>\n<p><strong>\u00a0<\/strong><strong>Mots cl\u00e9s\u00a0:<\/strong><\/p>\n<p><strong>Date de soutenance pr\u00e9vue :\u00a0<\/strong><\/p>\n<p><strong>Encadrement :<\/strong><\/p>\n<ul>\n<li>Directeur de th\u00e8se : <a href=\"&#109;a&#x69;l&#x74;&#111;&#x3a;&#108;&#x61;&#102;o&#x72;e&#x73;&#116;&#x40;&#101;&#x6d;&#115;&#x65;&#46;f&#x72;\">Val\u00e9rie Laforest<\/a>, Professeur Mines Saint Etienne, EVS<\/li>\n<li>Co-encadrant de th\u00e8se : <a href=\"&#x6d;&#97;&#x69;&#x6c;&#116;&#x6f;&#x3a;&#101;&#x72;&#x69;&#99;&#x2e;&#x70;i&#x61;&#x74;y&#x73;&#122;e&#x6b;&#64;m&#x69;&#110;e&#x73;&#45;s&#x74;&#101;t&#x69;&#101;n&#x6e;&#101;&#46;&#x66;&#114;\">Eric PIATYSZEK<\/a>, Ma\u00eetre de Conf\u00e9rence IMT<\/li>\n<li>Co-encadrant de th\u00e8se : <a href=\"&#109;&#x61;&#105;&#x6c;&#116;&#x6f;&#58;&#x61;&#117;&#x64;&#114;&#x65;y&#x2e;t&#x61;n&#x67;u&#x79;&#64;&#x65;m&#115;&#x65;&#46;&#x66;&#114;\">Audrey TANGUY<\/a>, Ma\u00eetre assistante<\/li>\n<\/ul>\n<p><strong>Partenaires ou\/et Financeurs<\/strong> :<\/p>\n","protected":false},"excerpt":{"rendered":"<p>Titre : Evaluer l&rsquo;influence des low-tech sur la r\u00e9silience des territoires : application \u00e0 l&rsquo;alimentation D\u00e9but de th\u00e8se :01\/10\/2022 Fin de th\u00e8se :\u00a0 R\u00e9sum\u00e9 : La rar\u00e9faction des ressources naturelles et le changement climatique sont des d\u00e9fis environnementaux majeurs qui &hellip;<\/p>\n","protected":false},"author":1536,"featured_media":0,"parent":286,"menu_order":0,"comment_status":"closed","ping_status":"closed","template":"","meta":{"footnotes":""},"tags":[],"class_list":["post-635","page","type-page","status-publish","hentry"],"pp_statuses_selecting_workflow":false,"pp_workflow_action":"current","pp_status_selection":"publish","pp_force_visibility":null,"pp_subpost_visibility":null,"pp_inherited_force_visibility":null,"pp_inherited_subpost_visibility":null,"yoast_head":"<!-- This site is optimized with the Yoast SEO plugin v27.4 - https:\/\/yoast.com\/product\/yoast-seo-wordpress\/ -->\n<title>Th\u00e8se pr\u00e9par\u00e9e par Romain Guillerm - Institut Henri Fayol<\/title>\n<meta name=\"robots\" content=\"index, follow, max-snippet:-1, max-image-preview:large, max-video-preview:-1\" \/>\n<link rel=\"canonical\" href=\"https:\/\/www.mines-stetienne.fr\/fayol\/theses\/these-preparee-par-romain-guillerm\/\" \/>\n<meta property=\"og:locale\" content=\"fr_FR\" \/>\n<meta property=\"og:type\" content=\"article\" \/>\n<meta property=\"og:title\" content=\"Th\u00e8se pr\u00e9par\u00e9e par Romain Guillerm - Institut Henri Fayol\" \/>\n<meta property=\"og:description\" content=\"Titre : Evaluer l&rsquo;influence des low-tech sur la r\u00e9silience des territoires : application \u00e0 l&rsquo;alimentation D\u00e9but de th\u00e8se :01\/10\/2022 Fin de th\u00e8se :\u00a0 R\u00e9sum\u00e9 : La rar\u00e9faction des ressources naturelles et le changement climatique sont des d\u00e9fis environnementaux majeurs qui &hellip;\" \/>\n<meta property=\"og:url\" content=\"https:\/\/www.mines-stetienne.fr\/fayol\/theses\/these-preparee-par-romain-guillerm\/\" \/>\n<meta property=\"og:site_name\" content=\"Institut Henri Fayol\" \/>\n<meta property=\"article:publisher\" content=\"https:\/\/www.facebook.com\/MinesSaintEtienne\" \/>\n<meta property=\"article:modified_time\" content=\"2023-03-31T13:02:56+00:00\" \/>\n<meta name=\"twitter:card\" content=\"summary_large_image\" \/>\n<meta name=\"twitter:site\" content=\"@MINES_StEtienne\" \/>\n<meta name=\"twitter:label1\" content=\"Dur\u00e9e de lecture estim\u00e9e\" \/>\n\t<meta name=\"twitter:data1\" content=\"2 minutes\" \/>\n<script type=\"application\/ld+json\" class=\"yoast-schema-graph\">{\"@context\":\"https:\\\/\\\/schema.org\",\"@graph\":[{\"@type\":\"WebPage\",\"@id\":\"https:\\\/\\\/www.mines-stetienne.fr\\\/fayol\\\/theses\\\/these-preparee-par-romain-guillerm\\\/\",\"url\":\"https:\\\/\\\/www.mines-stetienne.fr\\\/fayol\\\/theses\\\/these-preparee-par-romain-guillerm\\\/\",\"name\":\"Th\u00e8se pr\u00e9par\u00e9e par Romain Guillerm - Institut Henri Fayol\",\"isPartOf\":{\"@id\":\"https:\\\/\\\/www.mines-stetienne.fr\\\/fayol\\\/#website\"},\"datePublished\":\"2023-03-17T14:59:28+00:00\",\"dateModified\":\"2023-03-31T13:02:56+00:00\",\"breadcrumb\":{\"@id\":\"https:\\\/\\\/www.mines-stetienne.fr\\\/fayol\\\/theses\\\/these-preparee-par-romain-guillerm\\\/#breadcrumb\"},\"inLanguage\":\"fr-FR\",\"potentialAction\":[{\"@type\":\"ReadAction\",\"target\":[\"https:\\\/\\\/www.mines-stetienne.fr\\\/fayol\\\/theses\\\/these-preparee-par-romain-guillerm\\\/\"]}]},{\"@type\":\"BreadcrumbList\",\"@id\":\"https:\\\/\\\/www.mines-stetienne.fr\\\/fayol\\\/theses\\\/these-preparee-par-romain-guillerm\\\/#breadcrumb\",\"itemListElement\":[{\"@type\":\"ListItem\",\"position\":1,\"name\":\"Accueil\",\"item\":\"https:\\\/\\\/www.mines-stetienne.fr\\\/fayol\\\/\"},{\"@type\":\"ListItem\",\"position\":2,\"name\":\"Recherche\",\"item\":\"https:\\\/\\\/www.mines-stetienne.fr\\\/fayol\\\/theses\\\/\"},{\"@type\":\"ListItem\",\"position\":3,\"name\":\"Th\u00e8se pr\u00e9par\u00e9e par Romain Guillerm\"}]},{\"@type\":\"WebSite\",\"@id\":\"https:\\\/\\\/www.mines-stetienne.fr\\\/fayol\\\/#website\",\"url\":\"https:\\\/\\\/www.mines-stetienne.fr\\\/fayol\\\/\",\"name\":\"Institut Henri Fayol\",\"description\":\"\",\"publisher\":{\"@id\":\"https:\\\/\\\/www.mines-stetienne.fr\\\/fayol\\\/#organization\"},\"potentialAction\":[{\"@type\":\"SearchAction\",\"target\":{\"@type\":\"EntryPoint\",\"urlTemplate\":\"https:\\\/\\\/www.mines-stetienne.fr\\\/fayol\\\/?s={search_term_string}\"},\"query-input\":{\"@type\":\"PropertyValueSpecification\",\"valueRequired\":true,\"valueName\":\"search_term_string\"}}],\"inLanguage\":\"fr-FR\"},{\"@type\":\"Organization\",\"@id\":\"https:\\\/\\\/www.mines-stetienne.fr\\\/fayol\\\/#organization\",\"name\":\"Institut Henri Fayol\",\"url\":\"https:\\\/\\\/www.mines-stetienne.fr\\\/fayol\\\/\",\"logo\":{\"@type\":\"ImageObject\",\"inLanguage\":\"fr-FR\",\"@id\":\"https:\\\/\\\/www.mines-stetienne.fr\\\/fayol\\\/#\\\/schema\\\/logo\\\/image\\\/\",\"url\":\"https:\\\/\\\/www.mines-stetienne.fr\\\/fayol\\\/wp-content\\\/uploads\\\/sites\\\/18\\\/2022\\\/09\\\/Mines_Saint_Etienne_IMT_RVB.png\",\"contentUrl\":\"https:\\\/\\\/www.mines-stetienne.fr\\\/fayol\\\/wp-content\\\/uploads\\\/sites\\\/18\\\/2022\\\/09\\\/Mines_Saint_Etienne_IMT_RVB.png\",\"width\":316,\"height\":315,\"caption\":\"Institut Henri Fayol\"},\"image\":{\"@id\":\"https:\\\/\\\/www.mines-stetienne.fr\\\/fayol\\\/#\\\/schema\\\/logo\\\/image\\\/\"},\"sameAs\":[\"https:\\\/\\\/www.facebook.com\\\/MinesSaintEtienne\",\"https:\\\/\\\/x.com\\\/MINES_StEtienne\",\"https:\\\/\\\/www.youtube.com\\\/channel\\\/UCVSdpdmJccvUngjJ2on1n3A\"]}]}<\/script>\n<!-- \/ Yoast SEO plugin. -->","yoast_head_json":{"title":"Th\u00e8se pr\u00e9par\u00e9e par Romain Guillerm - Institut Henri Fayol","robots":{"index":"index","follow":"follow","max-snippet":"max-snippet:-1","max-image-preview":"max-image-preview:large","max-video-preview":"max-video-preview:-1"},"canonical":"https:\/\/www.mines-stetienne.fr\/fayol\/theses\/these-preparee-par-romain-guillerm\/","og_locale":"fr_FR","og_type":"article","og_title":"Th\u00e8se pr\u00e9par\u00e9e par Romain Guillerm - Institut Henri Fayol","og_description":"Titre : Evaluer l&rsquo;influence des low-tech sur la r\u00e9silience des territoires : application \u00e0 l&rsquo;alimentation D\u00e9but de th\u00e8se :01\/10\/2022 Fin de th\u00e8se :\u00a0 R\u00e9sum\u00e9 : La rar\u00e9faction des ressources naturelles et le changement climatique sont des d\u00e9fis environnementaux majeurs qui &hellip;","og_url":"https:\/\/www.mines-stetienne.fr\/fayol\/theses\/these-preparee-par-romain-guillerm\/","og_site_name":"Institut Henri Fayol","article_publisher":"https:\/\/www.facebook.com\/MinesSaintEtienne","article_modified_time":"2023-03-31T13:02:56+00:00","twitter_card":"summary_large_image","twitter_site":"@MINES_StEtienne","twitter_misc":{"Dur\u00e9e de lecture estim\u00e9e":"2 minutes"},"schema":{"@context":"https:\/\/schema.org","@graph":[{"@type":"WebPage","@id":"https:\/\/www.mines-stetienne.fr\/fayol\/theses\/these-preparee-par-romain-guillerm\/","url":"https:\/\/www.mines-stetienne.fr\/fayol\/theses\/these-preparee-par-romain-guillerm\/","name":"Th\u00e8se pr\u00e9par\u00e9e par Romain Guillerm - Institut Henri Fayol","isPartOf":{"@id":"https:\/\/www.mines-stetienne.fr\/fayol\/#website"},"datePublished":"2023-03-17T14:59:28+00:00","dateModified":"2023-03-31T13:02:56+00:00","breadcrumb":{"@id":"https:\/\/www.mines-stetienne.fr\/fayol\/theses\/these-preparee-par-romain-guillerm\/#breadcrumb"},"inLanguage":"fr-FR","potentialAction":[{"@type":"ReadAction","target":["https:\/\/www.mines-stetienne.fr\/fayol\/theses\/these-preparee-par-romain-guillerm\/"]}]},{"@type":"BreadcrumbList","@id":"https:\/\/www.mines-stetienne.fr\/fayol\/theses\/these-preparee-par-romain-guillerm\/#breadcrumb","itemListElement":[{"@type":"ListItem","position":1,"name":"Accueil","item":"https:\/\/www.mines-stetienne.fr\/fayol\/"},{"@type":"ListItem","position":2,"name":"Recherche","item":"https:\/\/www.mines-stetienne.fr\/fayol\/theses\/"},{"@type":"ListItem","position":3,"name":"Th\u00e8se pr\u00e9par\u00e9e par Romain Guillerm"}]},{"@type":"WebSite","@id":"https:\/\/www.mines-stetienne.fr\/fayol\/#website","url":"https:\/\/www.mines-stetienne.fr\/fayol\/","name":"Institut Henri Fayol","description":"","publisher":{"@id":"https:\/\/www.mines-stetienne.fr\/fayol\/#organization"},"potentialAction":[{"@type":"SearchAction","target":{"@type":"EntryPoint","urlTemplate":"https:\/\/www.mines-stetienne.fr\/fayol\/?s={search_term_string}"},"query-input":{"@type":"PropertyValueSpecification","valueRequired":true,"valueName":"search_term_string"}}],"inLanguage":"fr-FR"},{"@type":"Organization","@id":"https:\/\/www.mines-stetienne.fr\/fayol\/#organization","name":"Institut Henri Fayol","url":"https:\/\/www.mines-stetienne.fr\/fayol\/","logo":{"@type":"ImageObject","inLanguage":"fr-FR","@id":"https:\/\/www.mines-stetienne.fr\/fayol\/#\/schema\/logo\/image\/","url":"https:\/\/www.mines-stetienne.fr\/fayol\/wp-content\/uploads\/sites\/18\/2022\/09\/Mines_Saint_Etienne_IMT_RVB.png","contentUrl":"https:\/\/www.mines-stetienne.fr\/fayol\/wp-content\/uploads\/sites\/18\/2022\/09\/Mines_Saint_Etienne_IMT_RVB.png","width":316,"height":315,"caption":"Institut Henri Fayol"},"image":{"@id":"https:\/\/www.mines-stetienne.fr\/fayol\/#\/schema\/logo\/image\/"},"sameAs":["https:\/\/www.facebook.com\/MinesSaintEtienne","https:\/\/x.com\/MINES_StEtienne","https:\/\/www.youtube.com\/channel\/UCVSdpdmJccvUngjJ2on1n3A"]}]}},"_links":{"self":[{"href":"https:\/\/www.mines-stetienne.fr\/fayol\/wp-json\/wp\/v2\/pages\/635","targetHints":{"allow":["GET"]}}],"collection":[{"href":"https:\/\/www.mines-stetienne.fr\/fayol\/wp-json\/wp\/v2\/pages"}],"about":[{"href":"https:\/\/www.mines-stetienne.fr\/fayol\/wp-json\/wp\/v2\/types\/page"}],"author":[{"embeddable":true,"href":"https:\/\/www.mines-stetienne.fr\/fayol\/wp-json\/wp\/v2\/users\/1536"}],"replies":[{"embeddable":true,"href":"https:\/\/www.mines-stetienne.fr\/fayol\/wp-json\/wp\/v2\/comments?post=635"}],"version-history":[{"count":3,"href":"https:\/\/www.mines-stetienne.fr\/fayol\/wp-json\/wp\/v2\/pages\/635\/revisions"}],"predecessor-version":[{"id":640,"href":"https:\/\/www.mines-stetienne.fr\/fayol\/wp-json\/wp\/v2\/pages\/635\/revisions\/640"}],"up":[{"embeddable":true,"href":"https:\/\/www.mines-stetienne.fr\/fayol\/wp-json\/wp\/v2\/pages\/286"}],"wp:attachment":[{"href":"https:\/\/www.mines-stetienne.fr\/fayol\/wp-json\/wp\/v2\/media?parent=635"}],"wp:term":[{"taxonomy":"post_tag","embeddable":true,"href":"https:\/\/www.mines-stetienne.fr\/fayol\/wp-json\/wp\/v2\/tags?post=635"}],"curies":[{"name":"wp","href":"https:\/\/api.w.org\/{rel}","templated":true}]}}