{"id":448,"date":"2023-01-11T10:57:57","date_gmt":"2023-01-11T09:57:57","guid":{"rendered":"https:\/\/www.mines-stetienne.fr\/fayol\/?page_id=448"},"modified":"2023-01-13T11:07:09","modified_gmt":"2023-01-13T10:07:09","slug":"pole-administratif","status":"publish","type":"page","link":"https:\/\/www.mines-stetienne.fr\/fayol\/pole-administratif\/","title":{"rendered":"P\u00f4le administratif"},"content":{"rendered":"<div id=\"post-352\" class=\"col-md-4 col-sm-4 col-xs-6 formationListItem post-352 formation type-formation status-publish hentry categorie-formation-master crit01-formation-05-en-ecole-dingenieur crit01-formation-03-en-licence crit01-formation-04-en-master crit02-formation-01-lenergie crit02-formation-04-lenvironnement crit02-formation-02-les-transports crit03-formation-concevoir crit03-formation-entreprendre crit03-formation-innover crit03-formation-manager crit03-formation-transmettre crit03-formation-voyager crit04-formation-je-parle-5-langues-et-je-bouge-tous-les-3-ans crit04-formation-je-suis-entre-dans-le-cac-40 crit04-formation-mon-brevet-entre-dans-lhistoire crit04-formation-mon-metier-nexiste-pas-encore crit04-formation-on-grave-mon-nom-sur-la-facade-de-lecole crit04-formation-tu-nas-pas-entendu-parler-de-ma-start-up crit04-formation-tu-veux-un-pass-pour-ma-prochaine-conference langue-formation-francais campus-formation-cse\">\n<div class=\"formationListItemContainer click\">\n<p class=\"center\" style=\"font-size: 18px\"><a class=\"\" href=\"mailto:i&#115;&#97;&#98;&#101;&#108;&#108;&#101;&#46;&#99;&#104;&#x61;&#x6e;&#x74;&#x72;&#x65;&#x6c;&#x40;&#x65;&#x6d;&#x73;&#x65;&#x2e;&#x66;&#x72;\">Isabelle CHANTREL<br><\/a><\/p>\n<p class=\"center\" style=\"font-size: 16px\"><a class=\"\" href=\"#B\">RAF Institut Fayol<\/a><\/p>\n<ul style=\"font-size: 13px;text-align: left\">\n<li>Responsable Administrative et Financi\u00e8re<\/li>\n<li><a href=\"&#x6d;&#x61;&#105;l&#x74;&#x6f;&#x3a;&#105;s&#x61;&#x62;&#x65;&#108;l&#x65;&#x2e;&#x63;&#104;a&#x6e;&#x74;&#x72;&#101;l&#x40;&#x6d;&#x69;&#110;e&#x73;&#x2d;&#x73;&#116;e&#x74;&#x69;&#x65;&#110;n&#x65;&#x2e;&#x66;&#114;\">isa&#98;&#101;&#108;&#x6c;&#x65;&#x2e;&#x63;&#x68;&#x61;ntr&#101;&#108;&#64;&#109;&#x69;&#x6e;&#x65;&#x73;&#x2d;&#x73;tet&#105;&#101;&#110;&#x6e;&#x65;&#x2e;&#x66;&#x72;<\/a><\/li>\n<li>Tel : (33) 04 77 42 01 66<\/li>\n<\/ul>\n<\/div>\n<\/div>\n<div id=\"post-352\" class=\"col-md-4 col-sm-4 col-xs-6 formationListItem post-352 formation type-formation status-publish hentry categorie-formation-master crit01-formation-05-en-ecole-dingenieur crit01-formation-03-en-licence crit01-formation-04-en-master crit02-formation-01-lenergie crit02-formation-04-lenvironnement crit02-formation-02-les-transports crit03-formation-concevoir crit03-formation-entreprendre crit03-formation-innover crit03-formation-manager crit03-formation-transmettre crit03-formation-voyager crit04-formation-je-parle-5-langues-et-je-bouge-tous-les-3-ans crit04-formation-je-suis-entre-dans-le-cac-40 crit04-formation-mon-brevet-entre-dans-lhistoire crit04-formation-mon-metier-nexiste-pas-encore crit04-formation-on-grave-mon-nom-sur-la-facade-de-lecole crit04-formation-tu-nas-pas-entendu-parler-de-ma-start-up crit04-formation-tu-veux-un-pass-pour-ma-prochaine-conference langue-formation-francais campus-formation-cse\">\n<div class=\"formationListItemContainer click\">\n<p class=\"center\" style=\"font-size: 18px\"><a class=\"\" href=\"&#x6d;&#x61;&#105;l&#x74;&#x6f;&#58;&#98;a&#x72;&#x6e;&#101;&#111;u&#x64;&#x40;&#101;ms&#x65;&#x2e;&#102;r\">Marie Line BARNEOUD<br><\/a><\/p>\n<p class=\"center\" style=\"font-size: 16px\"><a class=\"\" href=\"#B\">Assistante<\/a><\/p>\n<ul style=\"font-size: 12px;text-align: left\">\n<li>D\u00e9partement Informatique et Syst\u00e8mes Intelligents (ISI),<\/li>\n<li>Equipe technico-administrative, Laboratoire d\u2019Informatique,<br>de Mod\u00e9lisation et d\u2019Optimisation des Syst\u00e8mes (LIMOS),<\/li>\n<li>Gestionnaire Laboratoire LIMOS pour la composante Mines Saint-Etienne, <\/li>\n<li><a href=\"&#x6d;&#97;i&#x6c;&#x74;&#111;:&#x62;&#x61;&#114;n&#x65;&#x6f;&#117;d&#x40;&#x6d;&#105;n&#x65;&#115;&#45;s&#x74;&#101;t&#x69;&#x65;&#110;n&#x65;&#x2e;&#102;r\">ba&#114;&#110;&#x65;&#x6f;&#x75;&#x64;&#64;m&#105;&#110;&#x65;&#x73;&#x2d;&#x73;te&#116;&#105;&#101;&#x6e;&#x6e;&#x65;&#x2e;fr<\/a><\/li>\n<li>Tel : (33) 04 77 42 01 65<\/li>\n<\/ul>\n<\/div>\n<\/div>\n<div id=\"post-352\" class=\"col-md-4 col-sm-4 col-xs-6 formationListItem post-352 formation type-formation status-publish hentry categorie-formation-master crit01-formation-05-en-ecole-dingenieur crit01-formation-03-en-licence crit01-formation-04-en-master crit02-formation-01-lenergie crit02-formation-04-lenvironnement crit02-formation-02-les-transports crit03-formation-concevoir crit03-formation-entreprendre crit03-formation-innover crit03-formation-manager crit03-formation-transmettre crit03-formation-voyager crit04-formation-je-parle-5-langues-et-je-bouge-tous-les-3-ans crit04-formation-je-suis-entre-dans-le-cac-40 crit04-formation-mon-brevet-entre-dans-lhistoire crit04-formation-mon-metier-nexiste-pas-encore crit04-formation-on-grave-mon-nom-sur-la-facade-de-lecole crit04-formation-tu-nas-pas-entendu-parler-de-ma-start-up crit04-formation-tu-veux-un-pass-pour-ma-prochaine-conference langue-formation-francais campus-formation-cse\">\n<div class=\"formationListItemContainer click\">\n<p class=\"center\" style=\"font-size: 18px\"><a href=\"&#x6d;&#97;&#x69;&#x6c;&#116;&#x6f;&#x3a;&#101;&#x78;&#x62;&#114;&#x61;&#x79;a&#x74;&#x40;m&#x69;&#110;e&#x73;&#45;s&#x74;&#101;t&#x69;&#101;n&#x6e;&#101;&#46;&#x66;&#114;\">Christine EXBRAYAT<\/a><\/p>\n<p class=\"center\" style=\"font-size: 16px\"><a class=\"\" href=\"#B\">Assistante<\/a><\/p>\n<ul style=\"font-size: 12px;text-align: left\">\n<li>D\u00e9partement G\u00e9nie Math\u00e9matique et Industriel (GMI),<\/li>\n<li>Equipe technico-administrative, Laboratoire d\u2019Informatique,<br>de Mod\u00e9lisation et d\u2019Optimisation des Syst\u00e8mes (LIMOS),<\/li>\n<li><a href=\"&#x6d;&#x61;&#x69;&#x6c;&#x74;&#111;&#58;&#101;&#120;bra&#x79;&#x61;&#x74;&#x40;&#x6d;&#x69;&#110;&#101;&#115;-st&#x65;&#x74;&#x69;&#x65;&#x6e;&#x6e;&#101;&#46;&#102;&#114;\">&#x65;&#x78;&#98;r&#x61;&#x79;&#x61;&#116;&#64;&#x6d;&#x69;&#x6e;&#101;s&#x2d;&#x73;&#x74;&#101;t&#x69;&#x65;&#x6e;&#110;e&#x2e;&#x66;&#x72;<\/a><\/li>\n<li>Tel : (33) 04 77 42 01 04<\/li>\n<\/ul>\n<\/div>\n<\/div>\n\n\n<div style=\"height:25px\" aria-hidden=\"true\" class=\"wp-block-spacer\"><\/div>\n\n\n<div id=\"post-352\" class=\"col-md-4 col-sm-4 col-xs-6 formationListItem post-352 formation type-formation status-publish hentry categorie-formation-master crit01-formation-05-en-ecole-dingenieur crit01-formation-03-en-licence crit01-formation-04-en-master crit02-formation-01-lenergie crit02-formation-04-lenvironnement crit02-formation-02-les-transports crit03-formation-concevoir crit03-formation-entreprendre crit03-formation-innover crit03-formation-manager crit03-formation-transmettre crit03-formation-voyager crit04-formation-je-parle-5-langues-et-je-bouge-tous-les-3-ans crit04-formation-je-suis-entre-dans-le-cac-40 crit04-formation-mon-brevet-entre-dans-lhistoire crit04-formation-mon-metier-nexiste-pas-encore crit04-formation-on-grave-mon-nom-sur-la-facade-de-lecole crit04-formation-tu-nas-pas-entendu-parler-de-ma-start-up crit04-formation-tu-veux-un-pass-pour-ma-prochaine-conference langue-formation-francais campus-formation-cse\">\n<div class=\"formationListItemContainer click\">\n<p class=\"center\" style=\"font-size: 18px\"><a href=\"mailto:&quot;ma&#122;&#101;&#114;&#64;&#x6d;&#x69;&#x6e;&#x65;&#x73;-s&#116;&#101;&#116;&#105;&#x65;&#x6e;&#x6e;&#x65;&#x2e;fr&quot;\">Zahia MAZER<\/a><\/p>\n<p class=\"center\" style=\"font-size: 16px\"><a class=\"\" href=\"#B\">Assistante<\/a><\/p>\n<ul style=\"font-size: 12px;text-align: left\">\n<li>D\u00e9partement G\u00e9nie de l\u2019Environnement pour les Organisations (GEO),<\/li>\n<li>Equipe technico-administrative, Laboratoire Environnement Ville <br>Soci\u00e9t\u00e9 (EVS),<\/li>\n<li>Gestionnaire Laboratoire EVS pour la composante Mines Saint-Etienne,&nbsp;<\/li>\n<li><a href=\"&#109;&#x61;&#105;&#x6c;&#116;&#x6f;&#58;&#x6d;a&#x7a;e&#x72;&#64;&#x6d;i&#110;&#x65;&#115;&#x2d;&#115;&#x74;&#101;&#x74;&#105;&#x65;n&#x6e;e&#x2e;f&#x72;\">&#109;&#x61;&#x7a;e&#114;&#x40;m&#105;&#x6e;e&#115;&#x2d;s&#116;&#x65;&#x74;&#105;&#x65;&#x6e;n&#101;&#x2e;f&#114;<\/a><\/li>\n<li>Tel : (33) 04 77 42 02 26<\/li>\n<\/ul>\n<\/div>\n<\/div>\n<div id=\"post-352\" class=\"col-md-4 col-sm-4 col-xs-6 formationListItem post-352 formation type-formation status-publish hentry categorie-formation-master crit01-formation-05-en-ecole-dingenieur crit01-formation-03-en-licence crit01-formation-04-en-master crit02-formation-01-lenergie crit02-formation-04-lenvironnement crit02-formation-02-les-transports crit03-formation-concevoir crit03-formation-entreprendre crit03-formation-innover crit03-formation-manager crit03-formation-transmettre crit03-formation-voyager crit04-formation-je-parle-5-langues-et-je-bouge-tous-les-3-ans crit04-formation-je-suis-entre-dans-le-cac-40 crit04-formation-mon-brevet-entre-dans-lhistoire crit04-formation-mon-metier-nexiste-pas-encore crit04-formation-on-grave-mon-nom-sur-la-facade-de-lecole crit04-formation-tu-nas-pas-entendu-parler-de-ma-start-up crit04-formation-tu-veux-un-pass-pour-ma-prochaine-conference langue-formation-francais campus-formation-cse\">\n<div class=\"formationListItemContainer click\">\n<p class=\"center\" style=\"font-size: 18px\"><a href=\"&#x6d;&#x61;&#x69;&#x6c;&#x74;&#x6f;&#x3a;&#x6d;&#x61;&#x67;&#x61;&#x6c;&#x69;&#x2e;&#114;&#111;&#117;&#115;&#115;&#101;&#116;&#64;&#109;&#105;&#110;es-steti&#x65;&#x6e;&#x6e;&#x65;&#x2e;&#x66;&#x72;\">Magali ROUSSET<\/a><\/p>\n<p class=\"center\" style=\"font-size: 16px\"><a class=\"\" href=\"#B\">Assistante<\/a><\/p>\n<ul style=\"font-size: 12px;text-align: left\">\n<li>D\u00e9partement Management Responsable et Innovation (MRI),<\/li>\n<li>Equipe technico-administrative, Laboratoire<br>Coactis,<\/li>\n<li>Mast\u00e8res Sp\u00e9cialis\u00e9s \u00ae MS EERB et MS MTI,<\/li>\n<li><a href=\"&#x6d;&#x61;&#x69;&#x6c;&#116;&#111;&#58;ma&#x67;&#x61;&#x6c;&#x69;&#x2e;&#114;&#111;&#117;ss&#x65;&#x74;&#x40;&#x6d;&#x69;&#110;&#101;&#115;-s&#x74;&#x65;&#x74;&#x69;&#x65;&#110;&#110;&#101;&#46;f&#x72;\">&#x6d;&#97;g&#x61;&#x6c;&#105;&#46;&#x72;&#111;u&#x73;&#x73;&#101;t&#x40;&#109;i&#x6e;&#x65;&#115;-&#x73;&#x74;&#101;&#x74;&#x69;&#101;n&#x6e;&#x65;&#46;f&#x72;<\/a><\/li>\n<li>Tel : (33) 04 77 42 02 01<\/li>\n<\/ul>\n<\/div>\n<\/div>\n\n\n<div style=\"height:20px\" aria-hidden=\"true\" class=\"wp-block-spacer\"><\/div>\n\n\n\n<p><a href=\"https:\/\/www.mines-stetienne.fr\/wp-content\/uploads\/2023\/01\/office-gdbe270c6b_1280-1.jpg\"><img loading=\"lazy\" decoding=\"async\" class=\"alignnone size-full wp-image-76486\" src=\"https:\/\/www.mines-stetienne.fr\/wp-content\/uploads\/2023\/01\/office-gdbe270c6b_1280-1.jpg\" alt=\"\" width=\"1280\" height=\"850\"><\/a><\/p>\n","protected":false},"excerpt":{"rendered":"<p>Isabelle CHANTREL RAF Institut Fayol Responsable Administrative et Financi\u00e8re &#105;&#x73;&#97;&#x62;&#101;&#x6c;&#108;&#x65;&#46;&#x63;h&#x61;n&#x74;r&#101;&#x6c;&#64;&#x6d;&#105;&#x6e;&#101;&#x73;&#45;&#x73;t&#x65;t&#x69;e&#x6e;n&#101;&#x2e;&#102;&#x72; Tel : (33) 04 77 42 01 66 Marie Line BARNEOUD Assistante D\u00e9partement Informatique et Syst\u00e8mes Intelligents (ISI), Equipe technico-administrative, Laboratoire d\u2019Informatique,de Mod\u00e9lisation et d\u2019Optimisation des Syst\u00e8mes (LIMOS), Gestionnaire Laboratoire &hellip;<\/p>\n","protected":false},"author":1536,"featured_media":0,"parent":0,"menu_order":0,"comment_status":"closed","ping_status":"closed","template":"","meta":{"footnotes":""},"tags":[],"class_list":["post-448","page","type-page","status-publish","hentry"],"pp_statuses_selecting_workflow":false,"pp_workflow_action":"current","pp_status_selection":"publish","pp_force_visibility":null,"pp_subpost_visibility":null,"pp_inherited_force_visibility":null,"pp_inherited_subpost_visibility":null,"yoast_head":"<!-- This site is optimized with the Yoast SEO plugin v27.5 - https:\/\/yoast.com\/product\/yoast-seo-wordpress\/ -->\n<title>P\u00f4le administratif - Institut Henri Fayol<\/title>\n<meta name=\"robots\" content=\"index, follow, max-snippet:-1, max-image-preview:large, max-video-preview:-1\" \/>\n<link rel=\"canonical\" href=\"https:\/\/www.mines-stetienne.fr\/fayol\/pole-administratif\/\" \/>\n<meta property=\"og:locale\" content=\"fr_FR\" \/>\n<meta property=\"og:type\" content=\"article\" \/>\n<meta property=\"og:title\" content=\"P\u00f4le administratif - Institut Henri Fayol\" \/>\n<meta property=\"og:description\" content=\"Isabelle CHANTREL RAF Institut Fayol Responsable Administrative et Financi\u00e8re &#105;&#115;&#x61;b&#101;&#x6c;&#x6c;e&#046;&#x63;&#x68;a&#110;&#x74;&#x72;e&#108;&#x40;&#x6d;i&#110;&#x65;&#x73;-&#115;&#x74;e&#116;&#105;&#x65;n&#110;&#x65;&#x2e;f&#114; Tel : (33) 04 77 42 01 66 Marie Line BARNEOUD Assistante D\u00e9partement Informatique et Syst\u00e8mes Intelligents (ISI), Equipe technico-administrative, Laboratoire d\u2019Informatique,de Mod\u00e9lisation et d\u2019Optimisation des Syst\u00e8mes (LIMOS), Gestionnaire Laboratoire &hellip;\" \/>\n<meta property=\"og:url\" content=\"https:\/\/www.mines-stetienne.fr\/fayol\/pole-administratif\/\" \/>\n<meta property=\"og:site_name\" content=\"Institut Henri Fayol\" \/>\n<meta property=\"article:publisher\" content=\"https:\/\/www.facebook.com\/MinesSaintEtienne\" \/>\n<meta property=\"article:modified_time\" content=\"2023-01-13T10:07:09+00:00\" \/>\n<meta property=\"og:image\" content=\"https:\/\/www.mines-stetienne.fr\/wp-content\/uploads\/2023\/01\/office-gdbe270c6b_1280-1.jpg\" \/>\n<meta name=\"twitter:card\" content=\"summary_large_image\" \/>\n<meta name=\"twitter:site\" content=\"@MINES_StEtienne\" \/>\n<meta name=\"twitter:label1\" content=\"Dur\u00e9e de lecture estim\u00e9e\" \/>\n\t<meta name=\"twitter:data1\" content=\"1 minute\" \/>\n<script type=\"application\/ld+json\" class=\"yoast-schema-graph\">{\"@context\":\"https:\\\/\\\/schema.org\",\"@graph\":[{\"@type\":\"WebPage\",\"@id\":\"https:\\\/\\\/www.mines-stetienne.fr\\\/fayol\\\/pole-administratif\\\/\",\"url\":\"https:\\\/\\\/www.mines-stetienne.fr\\\/fayol\\\/pole-administratif\\\/\",\"name\":\"P\u00f4le administratif - Institut Henri Fayol\",\"isPartOf\":{\"@id\":\"https:\\\/\\\/www.mines-stetienne.fr\\\/fayol\\\/#website\"},\"primaryImageOfPage\":{\"@id\":\"https:\\\/\\\/www.mines-stetienne.fr\\\/fayol\\\/pole-administratif\\\/#primaryimage\"},\"image\":{\"@id\":\"https:\\\/\\\/www.mines-stetienne.fr\\\/fayol\\\/pole-administratif\\\/#primaryimage\"},\"thumbnailUrl\":\"https:\\\/\\\/www.mines-stetienne.fr\\\/wp-content\\\/uploads\\\/2023\\\/01\\\/office-gdbe270c6b_1280-1.jpg\",\"datePublished\":\"2023-01-11T09:57:57+00:00\",\"dateModified\":\"2023-01-13T10:07:09+00:00\",\"breadcrumb\":{\"@id\":\"https:\\\/\\\/www.mines-stetienne.fr\\\/fayol\\\/pole-administratif\\\/#breadcrumb\"},\"inLanguage\":\"fr-FR\",\"potentialAction\":[{\"@type\":\"ReadAction\",\"target\":[\"https:\\\/\\\/www.mines-stetienne.fr\\\/fayol\\\/pole-administratif\\\/\"]}]},{\"@type\":\"ImageObject\",\"inLanguage\":\"fr-FR\",\"@id\":\"https:\\\/\\\/www.mines-stetienne.fr\\\/fayol\\\/pole-administratif\\\/#primaryimage\",\"url\":\"https:\\\/\\\/www.mines-stetienne.fr\\\/wp-content\\\/uploads\\\/2023\\\/01\\\/office-gdbe270c6b_1280-1.jpg\",\"contentUrl\":\"https:\\\/\\\/www.mines-stetienne.fr\\\/wp-content\\\/uploads\\\/2023\\\/01\\\/office-gdbe270c6b_1280-1.jpg\"},{\"@type\":\"BreadcrumbList\",\"@id\":\"https:\\\/\\\/www.mines-stetienne.fr\\\/fayol\\\/pole-administratif\\\/#breadcrumb\",\"itemListElement\":[{\"@type\":\"ListItem\",\"position\":1,\"name\":\"Accueil\",\"item\":\"https:\\\/\\\/www.mines-stetienne.fr\\\/fayol\\\/\"},{\"@type\":\"ListItem\",\"position\":2,\"name\":\"P\u00f4le administratif\"}]},{\"@type\":\"WebSite\",\"@id\":\"https:\\\/\\\/www.mines-stetienne.fr\\\/fayol\\\/#website\",\"url\":\"https:\\\/\\\/www.mines-stetienne.fr\\\/fayol\\\/\",\"name\":\"Institut Henri Fayol\",\"description\":\"\",\"publisher\":{\"@id\":\"https:\\\/\\\/www.mines-stetienne.fr\\\/fayol\\\/#organization\"},\"potentialAction\":[{\"@type\":\"SearchAction\",\"target\":{\"@type\":\"EntryPoint\",\"urlTemplate\":\"https:\\\/\\\/www.mines-stetienne.fr\\\/fayol\\\/?s={search_term_string}\"},\"query-input\":{\"@type\":\"PropertyValueSpecification\",\"valueRequired\":true,\"valueName\":\"search_term_string\"}}],\"inLanguage\":\"fr-FR\"},{\"@type\":\"Organization\",\"@id\":\"https:\\\/\\\/www.mines-stetienne.fr\\\/fayol\\\/#organization\",\"name\":\"Institut Henri Fayol\",\"url\":\"https:\\\/\\\/www.mines-stetienne.fr\\\/fayol\\\/\",\"logo\":{\"@type\":\"ImageObject\",\"inLanguage\":\"fr-FR\",\"@id\":\"https:\\\/\\\/www.mines-stetienne.fr\\\/fayol\\\/#\\\/schema\\\/logo\\\/image\\\/\",\"url\":\"https:\\\/\\\/www.mines-stetienne.fr\\\/fayol\\\/wp-content\\\/uploads\\\/sites\\\/18\\\/2022\\\/09\\\/Mines_Saint_Etienne_IMT_RVB.png\",\"contentUrl\":\"https:\\\/\\\/www.mines-stetienne.fr\\\/fayol\\\/wp-content\\\/uploads\\\/sites\\\/18\\\/2022\\\/09\\\/Mines_Saint_Etienne_IMT_RVB.png\",\"width\":316,\"height\":315,\"caption\":\"Institut Henri Fayol\"},\"image\":{\"@id\":\"https:\\\/\\\/www.mines-stetienne.fr\\\/fayol\\\/#\\\/schema\\\/logo\\\/image\\\/\"},\"sameAs\":[\"https:\\\/\\\/www.facebook.com\\\/MinesSaintEtienne\",\"https:\\\/\\\/x.com\\\/MINES_StEtienne\",\"https:\\\/\\\/www.youtube.com\\\/channel\\\/UCVSdpdmJccvUngjJ2on1n3A\"]}]}<\/script>\n<!-- \/ Yoast SEO plugin. -->","yoast_head_json":{"title":"P\u00f4le administratif - Institut Henri Fayol","robots":{"index":"index","follow":"follow","max-snippet":"max-snippet:-1","max-image-preview":"max-image-preview:large","max-video-preview":"max-video-preview:-1"},"canonical":"https:\/\/www.mines-stetienne.fr\/fayol\/pole-administratif\/","og_locale":"fr_FR","og_type":"article","og_title":"P\u00f4le administratif - Institut Henri Fayol","og_description":"Isabelle CHANTREL RAF Institut Fayol Responsable Administrative et Financi\u00e8re &#105;&#115;&#x61;b&#101;&#x6c;&#x6c;e&#46;&#x63;&#x68;a&#110;&#x74;&#x72;e&#108;&#x40;&#x6d;i&#110;&#x65;&#x73;-&#115;&#x74;e&#116;&#105;&#x65;n&#110;&#x65;&#x2e;f&#114; Tel : (33) 04 77 42 01 66 Marie Line BARNEOUD Assistante D\u00e9partement Informatique et Syst\u00e8mes Intelligents (ISI), Equipe technico-administrative, Laboratoire d\u2019Informatique,de Mod\u00e9lisation et d\u2019Optimisation des Syst\u00e8mes (LIMOS), Gestionnaire Laboratoire &hellip;","og_url":"https:\/\/www.mines-stetienne.fr\/fayol\/pole-administratif\/","og_site_name":"Institut Henri Fayol","article_publisher":"https:\/\/www.facebook.com\/MinesSaintEtienne","article_modified_time":"2023-01-13T10:07:09+00:00","og_image":[{"url":"https:\/\/www.mines-stetienne.fr\/wp-content\/uploads\/2023\/01\/office-gdbe270c6b_1280-1.jpg","type":"","width":"","height":""}],"twitter_card":"summary_large_image","twitter_site":"@MINES_StEtienne","twitter_misc":{"Dur\u00e9e de lecture estim\u00e9e":"1 minute"},"schema":{"@context":"https:\/\/schema.org","@graph":[{"@type":"WebPage","@id":"https:\/\/www.mines-stetienne.fr\/fayol\/pole-administratif\/","url":"https:\/\/www.mines-stetienne.fr\/fayol\/pole-administratif\/","name":"P\u00f4le administratif - Institut Henri Fayol","isPartOf":{"@id":"https:\/\/www.mines-stetienne.fr\/fayol\/#website"},"primaryImageOfPage":{"@id":"https:\/\/www.mines-stetienne.fr\/fayol\/pole-administratif\/#primaryimage"},"image":{"@id":"https:\/\/www.mines-stetienne.fr\/fayol\/pole-administratif\/#primaryimage"},"thumbnailUrl":"https:\/\/www.mines-stetienne.fr\/wp-content\/uploads\/2023\/01\/office-gdbe270c6b_1280-1.jpg","datePublished":"2023-01-11T09:57:57+00:00","dateModified":"2023-01-13T10:07:09+00:00","breadcrumb":{"@id":"https:\/\/www.mines-stetienne.fr\/fayol\/pole-administratif\/#breadcrumb"},"inLanguage":"fr-FR","potentialAction":[{"@type":"ReadAction","target":["https:\/\/www.mines-stetienne.fr\/fayol\/pole-administratif\/"]}]},{"@type":"ImageObject","inLanguage":"fr-FR","@id":"https:\/\/www.mines-stetienne.fr\/fayol\/pole-administratif\/#primaryimage","url":"https:\/\/www.mines-stetienne.fr\/wp-content\/uploads\/2023\/01\/office-gdbe270c6b_1280-1.jpg","contentUrl":"https:\/\/www.mines-stetienne.fr\/wp-content\/uploads\/2023\/01\/office-gdbe270c6b_1280-1.jpg"},{"@type":"BreadcrumbList","@id":"https:\/\/www.mines-stetienne.fr\/fayol\/pole-administratif\/#breadcrumb","itemListElement":[{"@type":"ListItem","position":1,"name":"Accueil","item":"https:\/\/www.mines-stetienne.fr\/fayol\/"},{"@type":"ListItem","position":2,"name":"P\u00f4le administratif"}]},{"@type":"WebSite","@id":"https:\/\/www.mines-stetienne.fr\/fayol\/#website","url":"https:\/\/www.mines-stetienne.fr\/fayol\/","name":"Institut Henri Fayol","description":"","publisher":{"@id":"https:\/\/www.mines-stetienne.fr\/fayol\/#organization"},"potentialAction":[{"@type":"SearchAction","target":{"@type":"EntryPoint","urlTemplate":"https:\/\/www.mines-stetienne.fr\/fayol\/?s={search_term_string}"},"query-input":{"@type":"PropertyValueSpecification","valueRequired":true,"valueName":"search_term_string"}}],"inLanguage":"fr-FR"},{"@type":"Organization","@id":"https:\/\/www.mines-stetienne.fr\/fayol\/#organization","name":"Institut Henri Fayol","url":"https:\/\/www.mines-stetienne.fr\/fayol\/","logo":{"@type":"ImageObject","inLanguage":"fr-FR","@id":"https:\/\/www.mines-stetienne.fr\/fayol\/#\/schema\/logo\/image\/","url":"https:\/\/www.mines-stetienne.fr\/fayol\/wp-content\/uploads\/sites\/18\/2022\/09\/Mines_Saint_Etienne_IMT_RVB.png","contentUrl":"https:\/\/www.mines-stetienne.fr\/fayol\/wp-content\/uploads\/sites\/18\/2022\/09\/Mines_Saint_Etienne_IMT_RVB.png","width":316,"height":315,"caption":"Institut Henri Fayol"},"image":{"@id":"https:\/\/www.mines-stetienne.fr\/fayol\/#\/schema\/logo\/image\/"},"sameAs":["https:\/\/www.facebook.com\/MinesSaintEtienne","https:\/\/x.com\/MINES_StEtienne","https:\/\/www.youtube.com\/channel\/UCVSdpdmJccvUngjJ2on1n3A"]}]}},"_links":{"self":[{"href":"https:\/\/www.mines-stetienne.fr\/fayol\/wp-json\/wp\/v2\/pages\/448","targetHints":{"allow":["GET"]}}],"collection":[{"href":"https:\/\/www.mines-stetienne.fr\/fayol\/wp-json\/wp\/v2\/pages"}],"about":[{"href":"https:\/\/www.mines-stetienne.fr\/fayol\/wp-json\/wp\/v2\/types\/page"}],"author":[{"embeddable":true,"href":"https:\/\/www.mines-stetienne.fr\/fayol\/wp-json\/wp\/v2\/users\/1536"}],"replies":[{"embeddable":true,"href":"https:\/\/www.mines-stetienne.fr\/fayol\/wp-json\/wp\/v2\/comments?post=448"}],"version-history":[{"count":5,"href":"https:\/\/www.mines-stetienne.fr\/fayol\/wp-json\/wp\/v2\/pages\/448\/revisions"}],"predecessor-version":[{"id":455,"href":"https:\/\/www.mines-stetienne.fr\/fayol\/wp-json\/wp\/v2\/pages\/448\/revisions\/455"}],"wp:attachment":[{"href":"https:\/\/www.mines-stetienne.fr\/fayol\/wp-json\/wp\/v2\/media?parent=448"}],"wp:term":[{"taxonomy":"post_tag","embeddable":true,"href":"https:\/\/www.mines-stetienne.fr\/fayol\/wp-json\/wp\/v2\/tags?post=448"}],"curies":[{"name":"wp","href":"https:\/\/api.w.org\/{rel}","templated":true}]}}