{"id":417,"date":"2023-01-10T16:40:16","date_gmt":"2023-01-10T15:40:16","guid":{"rendered":"https:\/\/www.mines-stetienne.fr\/fayol\/?page_id=417"},"modified":"2023-01-10T16:40:17","modified_gmt":"2023-01-10T15:40:17","slug":"these-preparee-par-nahla-salameh-bchara","status":"publish","type":"page","link":"https:\/\/www.mines-stetienne.fr\/fayol\/theses\/these-preparee-par-nahla-salameh-bchara\/","title":{"rendered":"Th\u00e8se pr\u00e9par\u00e9e par Nahla SALAMEH-BCHARA"},"content":{"rendered":"<div class=\"entry-content\">\n<p style=\"text-align: center\"><a href=\"https:\/\/www.mines-stetienne.fr\/fayol\/recherche\/management-responsable-et-innovation\/\"><br \/>\n| D\u00e9partement Management responsable et innovation |<\/a><a href=\"https:\/\/www.mines-stetienne.fr\/recherche\/departements\/departement-management-responsable-et-innovation\/projets\/\"><br \/>\n<\/a><a href=\"https:\/\/www.mines-stetienne.fr\/fayol\/recherche\/management-responsable-et-innovation\/projets\/\">| Projets<\/a> | <em><a href=\"https:\/\/www.mines-stetienne.fr\/fayol\/recherche\/management-responsable-et-innovation\/equipe\/\">\u00c9quipe<\/a><\/em> | <a href=\"https:\/\/www.mines-stetienne.fr\/fayol\/recherche\/management-responsable-et-innovation\/publication\/\">Publications<\/a> | <a href=\"https:\/\/www.mines-stetienne.fr\/fayol\/recherche\/management-responsable-et-innovation\/partenaires\/\">Partenaires |<\/a><\/p>\n<p><strong>Titre :<\/strong> <b>L&rsquo;int\u00e9gration de la RSO dans une association de l&rsquo;ESS: cas de la GRH<\/b><\/p>\n<p><strong>R\u00e9sum\u00e9 :<\/strong><\/p>\n<p>Probl\u00e9matique importante en sciences de gestion, la responsabilit\u00e9 sociale des entreprises (RSE) constitue une orientation strat\u00e9gique port\u00e9e par les grands organismes internationaux (Commission Europ\u00e9enne, Bureau International du Travail). Elle est un sujet r\u00e9current de d\u00e9bats entre praticiens, politiques et chercheurs. Une d\u00e9marche de RSE implique de savoir int\u00e9grer et \u00e9quilibrer les dimensions \u00e9conomique, sociale et environnementale dans les strat\u00e9gies et les pratiques des organisations. Par ailleurs, nous consid\u00e9rons que la gestion des ressources humaines (GRH) se doit d\u2019\u00eatre durable en s\u2019inscrivant dans l\u2019\u00e9volution des organisations vers une orientation socialement responsable. Pour cela, le sujet de th\u00e8se sera consacr\u00e9 \u00e0 structurer un mod\u00e8le de GRH dans la logique RSE au sein de l\u2019association IMCP Loire, structure faisant partie de l\u2019ESS (l\u2019\u00e9conomie sociale et solidaire). Nous pourrons approfondir la question suivante\u00a0: Dans le champ de l\u2019ESS, comment une \u00e9quipe de direction peut-elle combiner les trois piliers de la RSE dans l\u2019\u00e9laboration d\u2019une politique de GRH adapt\u00e9e \u00e0 l\u2019association\u00a0?<br \/>\n<strong>Financeur : <\/strong>Th\u00e8se contrat CIFRE, financ\u00e9e par l\u2019association IMCP Loire, subventionn\u00e9e par l\u2019ANRT<\/p>\n<p><strong>Soutenance pr\u00e9vue : <\/strong>Avril 2018<\/p>\n<p><strong> Mots cl\u00e9s : <\/strong>RSE, association, direction, GRH, ESS<\/p>\n<p><strong>Directeur de th\u00e8se : <\/strong>Pr. Sandrine BERGER-DOUCE (France)<\/p>\n<p><strong>Co-encadrement\u00a0:<\/strong> Dr. Nadine DUBRUC<\/p>\n<p><strong>Tuteur professionnel\u00a0:<\/strong> Directeur g\u00e9n\u00e9ral d\u2019IMCP Loire Philippe BESSON<\/p>\n<p style=\"text-align: center\"><a href=\"https:\/\/www.mines-stetienne.fr\/fayol\/recherche\/management-responsable-et-innovation\/\">| D\u00e9partement Management responsable et innovation |<\/a><a href=\"https:\/\/www.mines-stetienne.fr\/recherche\/departements\/departement-management-responsable-et-innovation\/projets\/\"><br \/>\n<\/a><a href=\"https:\/\/www.mines-stetienne.fr\/fayol\/recherche\/management-responsable-et-innovation\/projets\/\">| Projets<\/a> | <em><a href=\"https:\/\/www.mines-stetienne.fr\/fayol\/recherche\/management-responsable-et-innovation\/equipe\/\">\u00c9quipe<\/a><\/em> | <a href=\"https:\/\/www.mines-stetienne.fr\/fayol\/recherche\/management-responsable-et-innovation\/publication\/\">Publications<\/a> | <a href=\"https:\/\/www.mines-stetienne.fr\/fayol\/recherche\/management-responsable-et-innovation\/partenaires\/\">Partenaires |<\/a><\/p>\n<\/div>\n","protected":false},"excerpt":{"rendered":"<p>| D\u00e9partement Management responsable et innovation | | Projets | \u00c9quipe | Publications | Partenaires | Titre : L&rsquo;int\u00e9gration de la RSO dans une association de l&rsquo;ESS: cas de la GRH R\u00e9sum\u00e9 : Probl\u00e9matique importante en sciences de gestion, la &hellip;<\/p>\n","protected":false},"author":1536,"featured_media":0,"parent":286,"menu_order":0,"comment_status":"closed","ping_status":"closed","template":"","meta":{"footnotes":""},"tags":[],"class_list":["post-417","page","type-page","status-publish","hentry"],"pp_statuses_selecting_workflow":false,"pp_workflow_action":"current","pp_status_selection":"publish","pp_force_visibility":null,"pp_subpost_visibility":null,"pp_inherited_force_visibility":null,"pp_inherited_subpost_visibility":null,"yoast_head":"<!-- This site is optimized with the Yoast SEO plugin v27.5 - https:\/\/yoast.com\/product\/yoast-seo-wordpress\/ -->\n<title>Th\u00e8se pr\u00e9par\u00e9e par Nahla SALAMEH-BCHARA - Institut Henri Fayol<\/title>\n<meta name=\"robots\" content=\"index, follow, max-snippet:-1, max-image-preview:large, max-video-preview:-1\" \/>\n<link rel=\"canonical\" href=\"https:\/\/www.mines-stetienne.fr\/fayol\/theses\/these-preparee-par-nahla-salameh-bchara\/\" \/>\n<meta property=\"og:locale\" content=\"fr_FR\" \/>\n<meta property=\"og:type\" content=\"article\" \/>\n<meta property=\"og:title\" content=\"Th\u00e8se pr\u00e9par\u00e9e par Nahla SALAMEH-BCHARA - Institut Henri Fayol\" \/>\n<meta property=\"og:description\" content=\"| D\u00e9partement Management responsable et innovation | | Projets | \u00c9quipe | Publications | Partenaires | Titre : L&rsquo;int\u00e9gration de la RSO dans une association de l&rsquo;ESS: cas de la GRH R\u00e9sum\u00e9 : Probl\u00e9matique importante en sciences de gestion, la &hellip;\" \/>\n<meta property=\"og:url\" content=\"https:\/\/www.mines-stetienne.fr\/fayol\/theses\/these-preparee-par-nahla-salameh-bchara\/\" \/>\n<meta property=\"og:site_name\" content=\"Institut Henri Fayol\" \/>\n<meta property=\"article:publisher\" content=\"https:\/\/www.facebook.com\/MinesSaintEtienne\" \/>\n<meta property=\"article:modified_time\" content=\"2023-01-10T15:40:17+00:00\" \/>\n<meta name=\"twitter:card\" content=\"summary_large_image\" \/>\n<meta name=\"twitter:site\" content=\"@MINES_StEtienne\" \/>\n<meta name=\"twitter:label1\" content=\"Dur\u00e9e de lecture estim\u00e9e\" \/>\n\t<meta name=\"twitter:data1\" content=\"2 minutes\" \/>\n<script type=\"application\/ld+json\" class=\"yoast-schema-graph\">{\"@context\":\"https:\\\/\\\/schema.org\",\"@graph\":[{\"@type\":\"WebPage\",\"@id\":\"https:\\\/\\\/www.mines-stetienne.fr\\\/fayol\\\/theses\\\/these-preparee-par-nahla-salameh-bchara\\\/\",\"url\":\"https:\\\/\\\/www.mines-stetienne.fr\\\/fayol\\\/theses\\\/these-preparee-par-nahla-salameh-bchara\\\/\",\"name\":\"Th\u00e8se pr\u00e9par\u00e9e par Nahla SALAMEH-BCHARA - Institut Henri Fayol\",\"isPartOf\":{\"@id\":\"https:\\\/\\\/www.mines-stetienne.fr\\\/fayol\\\/#website\"},\"datePublished\":\"2023-01-10T15:40:16+00:00\",\"dateModified\":\"2023-01-10T15:40:17+00:00\",\"breadcrumb\":{\"@id\":\"https:\\\/\\\/www.mines-stetienne.fr\\\/fayol\\\/theses\\\/these-preparee-par-nahla-salameh-bchara\\\/#breadcrumb\"},\"inLanguage\":\"fr-FR\",\"potentialAction\":[{\"@type\":\"ReadAction\",\"target\":[\"https:\\\/\\\/www.mines-stetienne.fr\\\/fayol\\\/theses\\\/these-preparee-par-nahla-salameh-bchara\\\/\"]}]},{\"@type\":\"BreadcrumbList\",\"@id\":\"https:\\\/\\\/www.mines-stetienne.fr\\\/fayol\\\/theses\\\/these-preparee-par-nahla-salameh-bchara\\\/#breadcrumb\",\"itemListElement\":[{\"@type\":\"ListItem\",\"position\":1,\"name\":\"Accueil\",\"item\":\"https:\\\/\\\/www.mines-stetienne.fr\\\/fayol\\\/\"},{\"@type\":\"ListItem\",\"position\":2,\"name\":\"Recherche\",\"item\":\"https:\\\/\\\/www.mines-stetienne.fr\\\/fayol\\\/theses\\\/\"},{\"@type\":\"ListItem\",\"position\":3,\"name\":\"Th\u00e8se pr\u00e9par\u00e9e par Nahla SALAMEH-BCHARA\"}]},{\"@type\":\"WebSite\",\"@id\":\"https:\\\/\\\/www.mines-stetienne.fr\\\/fayol\\\/#website\",\"url\":\"https:\\\/\\\/www.mines-stetienne.fr\\\/fayol\\\/\",\"name\":\"Institut Henri Fayol\",\"description\":\"\",\"publisher\":{\"@id\":\"https:\\\/\\\/www.mines-stetienne.fr\\\/fayol\\\/#organization\"},\"potentialAction\":[{\"@type\":\"SearchAction\",\"target\":{\"@type\":\"EntryPoint\",\"urlTemplate\":\"https:\\\/\\\/www.mines-stetienne.fr\\\/fayol\\\/?s={search_term_string}\"},\"query-input\":{\"@type\":\"PropertyValueSpecification\",\"valueRequired\":true,\"valueName\":\"search_term_string\"}}],\"inLanguage\":\"fr-FR\"},{\"@type\":\"Organization\",\"@id\":\"https:\\\/\\\/www.mines-stetienne.fr\\\/fayol\\\/#organization\",\"name\":\"Institut Henri Fayol\",\"url\":\"https:\\\/\\\/www.mines-stetienne.fr\\\/fayol\\\/\",\"logo\":{\"@type\":\"ImageObject\",\"inLanguage\":\"fr-FR\",\"@id\":\"https:\\\/\\\/www.mines-stetienne.fr\\\/fayol\\\/#\\\/schema\\\/logo\\\/image\\\/\",\"url\":\"https:\\\/\\\/www.mines-stetienne.fr\\\/fayol\\\/wp-content\\\/uploads\\\/sites\\\/18\\\/2022\\\/09\\\/Mines_Saint_Etienne_IMT_RVB.png\",\"contentUrl\":\"https:\\\/\\\/www.mines-stetienne.fr\\\/fayol\\\/wp-content\\\/uploads\\\/sites\\\/18\\\/2022\\\/09\\\/Mines_Saint_Etienne_IMT_RVB.png\",\"width\":316,\"height\":315,\"caption\":\"Institut Henri Fayol\"},\"image\":{\"@id\":\"https:\\\/\\\/www.mines-stetienne.fr\\\/fayol\\\/#\\\/schema\\\/logo\\\/image\\\/\"},\"sameAs\":[\"https:\\\/\\\/www.facebook.com\\\/MinesSaintEtienne\",\"https:\\\/\\\/x.com\\\/MINES_StEtienne\",\"https:\\\/\\\/www.youtube.com\\\/channel\\\/UCVSdpdmJccvUngjJ2on1n3A\"]}]}<\/script>\n<!-- \/ Yoast SEO plugin. -->","yoast_head_json":{"title":"Th\u00e8se pr\u00e9par\u00e9e par Nahla SALAMEH-BCHARA - Institut Henri Fayol","robots":{"index":"index","follow":"follow","max-snippet":"max-snippet:-1","max-image-preview":"max-image-preview:large","max-video-preview":"max-video-preview:-1"},"canonical":"https:\/\/www.mines-stetienne.fr\/fayol\/theses\/these-preparee-par-nahla-salameh-bchara\/","og_locale":"fr_FR","og_type":"article","og_title":"Th\u00e8se pr\u00e9par\u00e9e par Nahla SALAMEH-BCHARA - Institut Henri Fayol","og_description":"| D\u00e9partement Management responsable et innovation | | Projets | \u00c9quipe | Publications | Partenaires | Titre : L&rsquo;int\u00e9gration de la RSO dans une association de l&rsquo;ESS: cas de la GRH R\u00e9sum\u00e9 : Probl\u00e9matique importante en sciences de gestion, la &hellip;","og_url":"https:\/\/www.mines-stetienne.fr\/fayol\/theses\/these-preparee-par-nahla-salameh-bchara\/","og_site_name":"Institut Henri Fayol","article_publisher":"https:\/\/www.facebook.com\/MinesSaintEtienne","article_modified_time":"2023-01-10T15:40:17+00:00","twitter_card":"summary_large_image","twitter_site":"@MINES_StEtienne","twitter_misc":{"Dur\u00e9e de lecture estim\u00e9e":"2 minutes"},"schema":{"@context":"https:\/\/schema.org","@graph":[{"@type":"WebPage","@id":"https:\/\/www.mines-stetienne.fr\/fayol\/theses\/these-preparee-par-nahla-salameh-bchara\/","url":"https:\/\/www.mines-stetienne.fr\/fayol\/theses\/these-preparee-par-nahla-salameh-bchara\/","name":"Th\u00e8se pr\u00e9par\u00e9e par Nahla SALAMEH-BCHARA - Institut Henri Fayol","isPartOf":{"@id":"https:\/\/www.mines-stetienne.fr\/fayol\/#website"},"datePublished":"2023-01-10T15:40:16+00:00","dateModified":"2023-01-10T15:40:17+00:00","breadcrumb":{"@id":"https:\/\/www.mines-stetienne.fr\/fayol\/theses\/these-preparee-par-nahla-salameh-bchara\/#breadcrumb"},"inLanguage":"fr-FR","potentialAction":[{"@type":"ReadAction","target":["https:\/\/www.mines-stetienne.fr\/fayol\/theses\/these-preparee-par-nahla-salameh-bchara\/"]}]},{"@type":"BreadcrumbList","@id":"https:\/\/www.mines-stetienne.fr\/fayol\/theses\/these-preparee-par-nahla-salameh-bchara\/#breadcrumb","itemListElement":[{"@type":"ListItem","position":1,"name":"Accueil","item":"https:\/\/www.mines-stetienne.fr\/fayol\/"},{"@type":"ListItem","position":2,"name":"Recherche","item":"https:\/\/www.mines-stetienne.fr\/fayol\/theses\/"},{"@type":"ListItem","position":3,"name":"Th\u00e8se pr\u00e9par\u00e9e par Nahla SALAMEH-BCHARA"}]},{"@type":"WebSite","@id":"https:\/\/www.mines-stetienne.fr\/fayol\/#website","url":"https:\/\/www.mines-stetienne.fr\/fayol\/","name":"Institut Henri Fayol","description":"","publisher":{"@id":"https:\/\/www.mines-stetienne.fr\/fayol\/#organization"},"potentialAction":[{"@type":"SearchAction","target":{"@type":"EntryPoint","urlTemplate":"https:\/\/www.mines-stetienne.fr\/fayol\/?s={search_term_string}"},"query-input":{"@type":"PropertyValueSpecification","valueRequired":true,"valueName":"search_term_string"}}],"inLanguage":"fr-FR"},{"@type":"Organization","@id":"https:\/\/www.mines-stetienne.fr\/fayol\/#organization","name":"Institut Henri Fayol","url":"https:\/\/www.mines-stetienne.fr\/fayol\/","logo":{"@type":"ImageObject","inLanguage":"fr-FR","@id":"https:\/\/www.mines-stetienne.fr\/fayol\/#\/schema\/logo\/image\/","url":"https:\/\/www.mines-stetienne.fr\/fayol\/wp-content\/uploads\/sites\/18\/2022\/09\/Mines_Saint_Etienne_IMT_RVB.png","contentUrl":"https:\/\/www.mines-stetienne.fr\/fayol\/wp-content\/uploads\/sites\/18\/2022\/09\/Mines_Saint_Etienne_IMT_RVB.png","width":316,"height":315,"caption":"Institut Henri Fayol"},"image":{"@id":"https:\/\/www.mines-stetienne.fr\/fayol\/#\/schema\/logo\/image\/"},"sameAs":["https:\/\/www.facebook.com\/MinesSaintEtienne","https:\/\/x.com\/MINES_StEtienne","https:\/\/www.youtube.com\/channel\/UCVSdpdmJccvUngjJ2on1n3A"]}]}},"_links":{"self":[{"href":"https:\/\/www.mines-stetienne.fr\/fayol\/wp-json\/wp\/v2\/pages\/417","targetHints":{"allow":["GET"]}}],"collection":[{"href":"https:\/\/www.mines-stetienne.fr\/fayol\/wp-json\/wp\/v2\/pages"}],"about":[{"href":"https:\/\/www.mines-stetienne.fr\/fayol\/wp-json\/wp\/v2\/types\/page"}],"author":[{"embeddable":true,"href":"https:\/\/www.mines-stetienne.fr\/fayol\/wp-json\/wp\/v2\/users\/1536"}],"replies":[{"embeddable":true,"href":"https:\/\/www.mines-stetienne.fr\/fayol\/wp-json\/wp\/v2\/comments?post=417"}],"version-history":[{"count":1,"href":"https:\/\/www.mines-stetienne.fr\/fayol\/wp-json\/wp\/v2\/pages\/417\/revisions"}],"predecessor-version":[{"id":418,"href":"https:\/\/www.mines-stetienne.fr\/fayol\/wp-json\/wp\/v2\/pages\/417\/revisions\/418"}],"up":[{"embeddable":true,"href":"https:\/\/www.mines-stetienne.fr\/fayol\/wp-json\/wp\/v2\/pages\/286"}],"wp:attachment":[{"href":"https:\/\/www.mines-stetienne.fr\/fayol\/wp-json\/wp\/v2\/media?parent=417"}],"wp:term":[{"taxonomy":"post_tag","embeddable":true,"href":"https:\/\/www.mines-stetienne.fr\/fayol\/wp-json\/wp\/v2\/tags?post=417"}],"curies":[{"name":"wp","href":"https:\/\/api.w.org\/{rel}","templated":true}]}}