{"id":368,"date":"2022-12-13T15:16:21","date_gmt":"2022-12-13T14:16:21","guid":{"rendered":"https:\/\/www.mines-stetienne.fr\/fayol\/?page_id=368"},"modified":"2022-12-13T15:16:22","modified_gmt":"2022-12-13T14:16:22","slug":"jean-michel-degeorge","status":"publish","type":"page","link":"https:\/\/www.mines-stetienne.fr\/fayol\/recherche\/management-responsable-et-innovation\/equipe\/jean-michel-degeorge\/","title":{"rendered":"Jean-Michel Degeorge"},"content":{"rendered":"<p style=\"text-align: center\"><a href=\"\/fayol\/recherche\/management-responsable-et-innovation\/\">| D\u00e9partement Management responsable et innovation |<\/a><a href=\"https:\/\/www.mines-stetienne.fr\/recherche\/departements\/departement-management-responsable-et-innovation\/projets\/\"><br \/>\n<\/a><a href=\"\/fayol\/recherche\/management-responsable-et-innovation\/projets\/\">| Projets<\/a><a href=\"https:\/\/www.mines-stetienne.fr\/recherche\/departements\/departement-genie-de-l-environnement-et-des-organisations\/partenaires\/\"> | <\/a><em><a href=\"\/fayol\/recherche\/management-responsable-et-innovation\/equipe\/\">\u00c9quipe<\/a><\/em> | <a href=\"\/fayol\/recherche\/management-responsable-et-innovation\/publication\/\">Publications<\/a><a href=\"https:\/\/www.mines-stetienne.fr\/recherche\/departements\/departement-genie-de-l-environnement-et-des-organisations\/partenaires\/\"> | <\/a><a href=\"\/fayol\/recherche\/management-responsable-et-innovation\/partenaires\/\">Partenaires |<\/a><\/p>\n<table width=\"100%\">\n<tbody>\n<tr>\n<td><a href=\"https:\/\/www.mines-stetienne.fr\/wp-content\/uploads\/2018\/03\/jm-degeorge.jpg\"><img loading=\"lazy\" decoding=\"async\" class=\"alignnone size-full wp-image-4646\" src=\"https:\/\/www.mines-stetienne.fr\/wp-content\/uploads\/2018\/03\/jm-degeorge.jpg\" alt=\"\" width=\"120\" height=\"160\" \/><\/a><\/p>\n<table>\n<tbody>\n<tr>\n<td><a href=\"http:\/\/www.emse.fr\/statique\/publications\/index.php?motcle=&amp;annee=&amp;auteurs=Jean-Michel,DEGEORGE&amp;labos=&amp;collection=EPICE-ENSMSE&amp;langue=fr&amp;bandeau=ON\" target=\"_blank\" rel=\"noopener\"><img loading=\"lazy\" decoding=\"async\" class=\"alignleft wp-image-644 size-full\" src=\"https:\/\/www.mines-stetienne.fr\/wp-content\/uploads\/2016\/01\/tamponHAL.gif\" alt=\"tamponHAL\" width=\"32\" height=\"32\" \/><\/a><\/td>\n<td><a href=\"https:\/\/twitter.com\/@degeorgejm\"><img loading=\"lazy\" decoding=\"async\" class=\"alignleft wp-image-4644\" src=\"https:\/\/www.mines-stetienne.fr\/wp-content\/uploads\/2018\/03\/twitter.png\" alt=\"\" width=\"30\" height=\"30\" \/><\/a><\/td>\n<td><a href=\"https:\/\/www.linkedin.com\/in\/jean-michel-degeorge-76b4555a\/\"><img loading=\"lazy\" decoding=\"async\" class=\"alignleft wp-image-4645\" src=\"https:\/\/www.mines-stetienne.fr\/wp-content\/uploads\/2018\/03\/linkedin.png\" alt=\"\" width=\"30\" height=\"30\" \/><\/a><\/td>\n<\/tr>\n<\/tbody>\n<\/table>\n<\/td>\n<td colspan=\"3\">Research Centre : Fayol Institute<br \/>\nDepartment: Management Responsible and Innovation (MRI)<br \/>\nCoactis (EA4161) Center for research in management from Universit\u00e9s Lyon 2 et Jean Monnet de Saint Etienne (http:\/\/coactis.org\/)<br \/>\nAssociate Professor<strong><br \/>\n<\/strong><strong>Contact<br \/>\n<\/strong><strong>E-mail:<\/strong> <a href=\"&#x6d;a&#x69;&#108;&#x74;&#111;:&#x6a;&#101;&#x61;&#110;-&#x6d;&#105;&#x63;&#104;e&#x6c;&#46;&#x64;&#101;&#x67;&#x65;o&#x72;&#103;&#x65;&#64;m&#x69;&#110;&#x65;&#115;-&#x73;t&#x65;&#116;i&#x65;n&#x6e;&#101;&#x2e;&#102;r\">j&#101;&#x61;&#x6e;&#x2d;m&#105;&#99;&#x68;&#x65;l&#46;&#100;&#x65;&#x67;eo&#114;&#x67;&#x65;&#x40;m&#105;&#x6e;&#x65;&#x73;-&#115;&#116;&#x65;&#x74;i&#101;&#110;&#x6e;&#x65;&#46;f&#114;<\/a><br \/>\n<strong>School Phone:<\/strong> (+33\/0) 477 420 263<br \/>\n<strong>Mail address:<\/strong> 158 Cours Fauriel, CS 62362, 42023 Saint-\u00c9tienne, France.<br \/>\n<strong>Office<\/strong>: Room 321 Espace Fauriel, 29 Rue Pierre et Dominique Ponchardier, 42100 Saint-\u00c9tienne, France.<\/td>\n<\/tr>\n<tr>\n<td colspan=\"2\" rowspan=\"2\"><strong>Research topics<\/strong><\/p>\n<p>My Doctorate in Entrepreneurship in 2007 deals with<br \/>\nthe entrepreneurial process trigger phase. I emphasized<br \/>\nmy research on the trigger process with two main dimensions which lead to the trigger: the intention and the role of the environment and of the displacement. This research focused on a population of French engineers.<\/p>\n<p>Now, my research interests are in various areas of entrepreneurship. I works on two main dimensions of the entrepreneurial process. The first one is the<br \/>\nnotion of opportunity in the process and specifically<br \/>\nthe construction of the opportunity as regards the entrepreneurial orientation of the firm. The<br \/>\nsecond one is the role of the intuition and the<br \/>\nemotion in the process. I also work on the profile<br \/>\nand the entrepreneur, specifically on his vision<br \/>\nin a SMEs context.<\/p>\n<p>I am also interested in the courses in<br \/>\nentrepreneurship, and particularly in the<br \/>\nevaluation of the entrepreneurship courses.<\/p>\n<p><strong>Teaching areas<\/strong><\/p>\n<p>My teaching areas are in Management. More<br \/>\nspecifically I teach entrepreneurship in the<br \/>\ncontext of the creation of new<br \/>\nfirm and also in the growth of<br \/>\nexisting firm. The topics are:<br \/>\nbusiness plan, business model, innovation\u2026<\/p>\n<p>I also teach innovation, strategy marketing and<br \/>\nfinance.<\/p>\n<p><strong>Education<\/strong><\/p>\n<p><strong>I studied in<\/strong> <strong>French University<\/strong> Jean Moulin Lyon 3<\/p>\n<p><strong>Doctor es Sciences de Gestion<\/strong> (Management<br \/>\nsciences in entrepreneurship)<\/p>\n<p><strong>HDR in Entrepreneurship<\/strong><\/td>\n<td rowspan=\"2\"><strong>Biography<\/strong><\/p>\n<p>I come from Saint-Etienne.<br \/>\nI am in charge of the Economic and management courses in the first year and of the project of innovation and entrepreneurship in the 2<sup>nd<\/sup> year.<br \/>\nI am very interesting in the process of innovation in a context of new firm creation.<\/p>\n<p>&#8211; In charge of the incubator of Mines Saint-Etienne TEAM<br \/>\n&#8211; Vice-President \u00ab\u00a0Acad\u00e9mie de l\u2019Entrepreneuriat et de l\u2019Innovation\u00a0\u00bb since 2014<br \/>\n&#8211; Secretary of \u00ab\u00a0Revue de l\u2019Entrepreneuriat\u00a0\u00bb since 2014<br \/>\n&#8211; Scientific member and co-founder of \u00ab\u00a0Entreprendre et Innover\u00a0\u00bb depuis 2009<br \/>\n&#8211; Member of <em>R\u00e9seau Entreprendre Loire<br \/>\n&#8211; <\/em>Responsible of a track in the training of Entrepreneurship Student \u00ab\u00a0 D2E PEPITE <em>Beelys \u201c<\/em><\/p>\n<p>Main papers<\/p>\n<p>DEGEORGE, J.M., CHABAUD, D. (2020), Quel r\u00f4le pour l\u2019orientation entrepreneuriale dans la formation des opportunit\u00e9s ?, Revue Management et Avenir, (rang B HCERES)<\/p>\n<p>DEGEORGE, J.M. (2017), De la diversit\u00e9 du processus d\u2019accompagnement entrepreneurial vers une meilleure compl\u00e9mentarit\u00e9, Revue de l\u2019Entrepreneuriat, 2017\/2, 7-16. (rang A HCERS)<\/p>\n<p>DEGEORGE, J.M., MESSEGHEM, K. (2016), Management entrepreneurial et nature de l\u2019opportunit\u00e9, <em>Finance Contr\u00f4le Strat\u00e9gie<\/em>, 19\/2, juin. (rang B HCERES)<\/p>\n<p>Chabaud, D., DEGEORGE, J.M. (2015), Croitre ou ne pas croitre\u00a0: une question de dirigeant\u00a0?, <em>Entreprendre et Innover<\/em>, 2016\/Collector volume 2, Juillet, 28, 18-27.<\/p>\n<p>DEGEORGE, J.M., FAYOLLE, A., RANDERSON, K. (2015), Entrepreneurial Opportunities: How do Cognitive Styles and Logics of Action Fit in?, <em>International Journal of Entrepreneurship and Small Business<\/em>, 27 (1), 19-39. (rang C HCERES)<\/p>\n<p>DEGEORGE, J.M. (2015), Scott Shane\u00a0: Une (re)d\u00e9finition du champ de l\u2019entrepreneuriat comme domaine de recherche, <em>Les grands auteurs en Entrepreneuriat<\/em>, Messeghem &amp; Torres Eds, EMS, 289-309, 491 p.<\/p>\n<p>To see others papers :<a href=\"http:\/\/www.emse.fr\/statique\/publications\/index.php?motcle=&amp;annee=&amp;auteurs=Jean-Michel,DEGEORGE&amp;labos=&amp;collection=EPICE-ENSMSE&amp;langue=fr&amp;bandeau=ON\" target=\"_blank\" rel=\"noopener\"><img loading=\"lazy\" decoding=\"async\" class=\"wp-image-644 size-full aligncenter\" src=\"https:\/\/www.mines-stetienne.fr\/wp-content\/uploads\/2016\/01\/tamponHAL.gif\" alt=\"tamponHAL\" width=\"32\" height=\"32\" \/><\/a><\/td>\n<td><\/td>\n<\/tr>\n<tr>\n<td><\/td>\n<\/tr>\n<tr>\n<td colspan=\"2\"><\/td>\n<td><\/td>\n<td><\/td>\n<\/tr>\n<\/tbody>\n<\/table>\n<p style=\"text-align: center\"><a href=\"\/fayol\/recherche\/management-responsable-et-innovation\/\">| D\u00e9partement Management responsable et innovation |<\/a><a href=\"https:\/\/www.mines-stetienne.fr\/recherche\/departements\/departement-management-responsable-et-innovation\/projets\/\"><br \/>\n<\/a><a href=\"\/fayol\/recherche\/management-responsable-et-innovation\/projets\/\">| Projets<\/a><a href=\"https:\/\/www.mines-stetienne.fr\/recherche\/departements\/departement-genie-de-l-environnement-et-des-organisations\/partenaires\/\"> | <\/a><em><a href=\"\/fayol\/recherche\/management-responsable-et-innovation\/equipe\/\">\u00c9quipe<\/a><\/em> | <a href=\"\/fayol\/recherche\/management-responsable-et-innovation\/publication\/\">Publications<\/a><a href=\"https:\/\/www.mines-stetienne.fr\/recherche\/departements\/departement-genie-de-l-environnement-et-des-organisations\/partenaires\/\"> | <\/a><a href=\"\/fayol\/recherche\/management-responsable-et-innovation\/partenaires\/\">Partenaires |<\/a><\/p>\n","protected":false},"excerpt":{"rendered":"<p>| D\u00e9partement Management responsable et innovation | | Projets | \u00c9quipe | Publications | Partenaires | Research Centre : Fayol Institute Department: Management Responsible and Innovation (MRI) Coactis (EA4161) Center for research in management from Universit\u00e9s Lyon 2 et Jean &hellip;<\/p>\n","protected":false},"author":1536,"featured_media":0,"parent":154,"menu_order":0,"comment_status":"closed","ping_status":"closed","template":"","meta":{"footnotes":""},"tags":[],"class_list":["post-368","page","type-page","status-publish","hentry"],"pp_statuses_selecting_workflow":false,"pp_workflow_action":"current","pp_status_selection":"publish","pp_force_visibility":null,"pp_subpost_visibility":null,"pp_inherited_force_visibility":null,"pp_inherited_subpost_visibility":null,"yoast_head":"<!-- This site is optimized with the Yoast SEO plugin v27.5 - https:\/\/yoast.com\/product\/yoast-seo-wordpress\/ -->\n<title>Jean-Michel Degeorge - Institut Henri Fayol<\/title>\n<meta name=\"robots\" content=\"index, follow, max-snippet:-1, max-image-preview:large, max-video-preview:-1\" \/>\n<link rel=\"canonical\" href=\"https:\/\/www.mines-stetienne.fr\/fayol\/recherche\/management-responsable-et-innovation\/equipe\/jean-michel-degeorge\/\" \/>\n<meta property=\"og:locale\" content=\"fr_FR\" \/>\n<meta property=\"og:type\" content=\"article\" \/>\n<meta property=\"og:title\" content=\"Jean-Michel Degeorge - Institut Henri Fayol\" \/>\n<meta property=\"og:description\" content=\"| D\u00e9partement Management responsable et innovation | | Projets | \u00c9quipe | Publications | Partenaires | Research Centre : Fayol Institute Department: Management Responsible and Innovation (MRI) Coactis (EA4161) Center for research in management from Universit\u00e9s Lyon 2 et Jean &hellip;\" \/>\n<meta property=\"og:url\" content=\"https:\/\/www.mines-stetienne.fr\/fayol\/recherche\/management-responsable-et-innovation\/equipe\/jean-michel-degeorge\/\" \/>\n<meta property=\"og:site_name\" content=\"Institut Henri Fayol\" \/>\n<meta property=\"article:publisher\" content=\"https:\/\/www.facebook.com\/MinesSaintEtienne\" \/>\n<meta property=\"article:modified_time\" content=\"2022-12-13T14:16:22+00:00\" \/>\n<meta property=\"og:image\" content=\"https:\/\/www.mines-stetienne.fr\/wp-content\/uploads\/2018\/03\/jm-degeorge.jpg\" \/>\n<meta name=\"twitter:card\" content=\"summary_large_image\" \/>\n<meta name=\"twitter:site\" content=\"@MINES_StEtienne\" \/>\n<meta name=\"twitter:label1\" content=\"Dur\u00e9e de lecture estim\u00e9e\" \/>\n\t<meta name=\"twitter:data1\" content=\"4 minutes\" \/>\n<script type=\"application\/ld+json\" class=\"yoast-schema-graph\">{\"@context\":\"https:\\\/\\\/schema.org\",\"@graph\":[{\"@type\":\"WebPage\",\"@id\":\"https:\\\/\\\/www.mines-stetienne.fr\\\/fayol\\\/recherche\\\/management-responsable-et-innovation\\\/equipe\\\/jean-michel-degeorge\\\/\",\"url\":\"https:\\\/\\\/www.mines-stetienne.fr\\\/fayol\\\/recherche\\\/management-responsable-et-innovation\\\/equipe\\\/jean-michel-degeorge\\\/\",\"name\":\"Jean-Michel Degeorge - Institut Henri Fayol\",\"isPartOf\":{\"@id\":\"https:\\\/\\\/www.mines-stetienne.fr\\\/fayol\\\/#website\"},\"primaryImageOfPage\":{\"@id\":\"https:\\\/\\\/www.mines-stetienne.fr\\\/fayol\\\/recherche\\\/management-responsable-et-innovation\\\/equipe\\\/jean-michel-degeorge\\\/#primaryimage\"},\"image\":{\"@id\":\"https:\\\/\\\/www.mines-stetienne.fr\\\/fayol\\\/recherche\\\/management-responsable-et-innovation\\\/equipe\\\/jean-michel-degeorge\\\/#primaryimage\"},\"thumbnailUrl\":\"https:\\\/\\\/www.mines-stetienne.fr\\\/wp-content\\\/uploads\\\/2018\\\/03\\\/jm-degeorge.jpg\",\"datePublished\":\"2022-12-13T14:16:21+00:00\",\"dateModified\":\"2022-12-13T14:16:22+00:00\",\"breadcrumb\":{\"@id\":\"https:\\\/\\\/www.mines-stetienne.fr\\\/fayol\\\/recherche\\\/management-responsable-et-innovation\\\/equipe\\\/jean-michel-degeorge\\\/#breadcrumb\"},\"inLanguage\":\"fr-FR\",\"potentialAction\":[{\"@type\":\"ReadAction\",\"target\":[\"https:\\\/\\\/www.mines-stetienne.fr\\\/fayol\\\/recherche\\\/management-responsable-et-innovation\\\/equipe\\\/jean-michel-degeorge\\\/\"]}]},{\"@type\":\"ImageObject\",\"inLanguage\":\"fr-FR\",\"@id\":\"https:\\\/\\\/www.mines-stetienne.fr\\\/fayol\\\/recherche\\\/management-responsable-et-innovation\\\/equipe\\\/jean-michel-degeorge\\\/#primaryimage\",\"url\":\"https:\\\/\\\/www.mines-stetienne.fr\\\/wp-content\\\/uploads\\\/2018\\\/03\\\/jm-degeorge.jpg\",\"contentUrl\":\"https:\\\/\\\/www.mines-stetienne.fr\\\/wp-content\\\/uploads\\\/2018\\\/03\\\/jm-degeorge.jpg\"},{\"@type\":\"BreadcrumbList\",\"@id\":\"https:\\\/\\\/www.mines-stetienne.fr\\\/fayol\\\/recherche\\\/management-responsable-et-innovation\\\/equipe\\\/jean-michel-degeorge\\\/#breadcrumb\",\"itemListElement\":[{\"@type\":\"ListItem\",\"position\":1,\"name\":\"Accueil\",\"item\":\"https:\\\/\\\/www.mines-stetienne.fr\\\/fayol\\\/\"},{\"@type\":\"ListItem\",\"position\":2,\"name\":\"Recherche\",\"item\":\"https:\\\/\\\/www.mines-stetienne.fr\\\/fayol\\\/recherche\\\/\"},{\"@type\":\"ListItem\",\"position\":3,\"name\":\"Management responsable et innovation\",\"item\":\"https:\\\/\\\/www.mines-stetienne.fr\\\/fayol\\\/recherche\\\/management-responsable-et-innovation\\\/\"},{\"@type\":\"ListItem\",\"position\":4,\"name\":\"\u00c9quipe\",\"item\":\"https:\\\/\\\/www.mines-stetienne.fr\\\/fayol\\\/recherche\\\/management-responsable-et-innovation\\\/equipe\\\/\"},{\"@type\":\"ListItem\",\"position\":5,\"name\":\"Jean-Michel Degeorge\"}]},{\"@type\":\"WebSite\",\"@id\":\"https:\\\/\\\/www.mines-stetienne.fr\\\/fayol\\\/#website\",\"url\":\"https:\\\/\\\/www.mines-stetienne.fr\\\/fayol\\\/\",\"name\":\"Institut Henri Fayol\",\"description\":\"\",\"publisher\":{\"@id\":\"https:\\\/\\\/www.mines-stetienne.fr\\\/fayol\\\/#organization\"},\"potentialAction\":[{\"@type\":\"SearchAction\",\"target\":{\"@type\":\"EntryPoint\",\"urlTemplate\":\"https:\\\/\\\/www.mines-stetienne.fr\\\/fayol\\\/?s={search_term_string}\"},\"query-input\":{\"@type\":\"PropertyValueSpecification\",\"valueRequired\":true,\"valueName\":\"search_term_string\"}}],\"inLanguage\":\"fr-FR\"},{\"@type\":\"Organization\",\"@id\":\"https:\\\/\\\/www.mines-stetienne.fr\\\/fayol\\\/#organization\",\"name\":\"Institut Henri Fayol\",\"url\":\"https:\\\/\\\/www.mines-stetienne.fr\\\/fayol\\\/\",\"logo\":{\"@type\":\"ImageObject\",\"inLanguage\":\"fr-FR\",\"@id\":\"https:\\\/\\\/www.mines-stetienne.fr\\\/fayol\\\/#\\\/schema\\\/logo\\\/image\\\/\",\"url\":\"https:\\\/\\\/www.mines-stetienne.fr\\\/fayol\\\/wp-content\\\/uploads\\\/sites\\\/18\\\/2022\\\/09\\\/Mines_Saint_Etienne_IMT_RVB.png\",\"contentUrl\":\"https:\\\/\\\/www.mines-stetienne.fr\\\/fayol\\\/wp-content\\\/uploads\\\/sites\\\/18\\\/2022\\\/09\\\/Mines_Saint_Etienne_IMT_RVB.png\",\"width\":316,\"height\":315,\"caption\":\"Institut Henri Fayol\"},\"image\":{\"@id\":\"https:\\\/\\\/www.mines-stetienne.fr\\\/fayol\\\/#\\\/schema\\\/logo\\\/image\\\/\"},\"sameAs\":[\"https:\\\/\\\/www.facebook.com\\\/MinesSaintEtienne\",\"https:\\\/\\\/x.com\\\/MINES_StEtienne\",\"https:\\\/\\\/www.youtube.com\\\/channel\\\/UCVSdpdmJccvUngjJ2on1n3A\"]}]}<\/script>\n<!-- \/ Yoast SEO plugin. -->","yoast_head_json":{"title":"Jean-Michel Degeorge - Institut Henri Fayol","robots":{"index":"index","follow":"follow","max-snippet":"max-snippet:-1","max-image-preview":"max-image-preview:large","max-video-preview":"max-video-preview:-1"},"canonical":"https:\/\/www.mines-stetienne.fr\/fayol\/recherche\/management-responsable-et-innovation\/equipe\/jean-michel-degeorge\/","og_locale":"fr_FR","og_type":"article","og_title":"Jean-Michel Degeorge - Institut Henri Fayol","og_description":"| D\u00e9partement Management responsable et innovation | | Projets | \u00c9quipe | Publications | Partenaires | Research Centre : Fayol Institute Department: Management Responsible and Innovation (MRI) Coactis (EA4161) Center for research in management from Universit\u00e9s Lyon 2 et Jean &hellip;","og_url":"https:\/\/www.mines-stetienne.fr\/fayol\/recherche\/management-responsable-et-innovation\/equipe\/jean-michel-degeorge\/","og_site_name":"Institut Henri Fayol","article_publisher":"https:\/\/www.facebook.com\/MinesSaintEtienne","article_modified_time":"2022-12-13T14:16:22+00:00","og_image":[{"url":"https:\/\/www.mines-stetienne.fr\/wp-content\/uploads\/2018\/03\/jm-degeorge.jpg","type":"","width":"","height":""}],"twitter_card":"summary_large_image","twitter_site":"@MINES_StEtienne","twitter_misc":{"Dur\u00e9e de lecture estim\u00e9e":"4 minutes"},"schema":{"@context":"https:\/\/schema.org","@graph":[{"@type":"WebPage","@id":"https:\/\/www.mines-stetienne.fr\/fayol\/recherche\/management-responsable-et-innovation\/equipe\/jean-michel-degeorge\/","url":"https:\/\/www.mines-stetienne.fr\/fayol\/recherche\/management-responsable-et-innovation\/equipe\/jean-michel-degeorge\/","name":"Jean-Michel Degeorge - Institut Henri Fayol","isPartOf":{"@id":"https:\/\/www.mines-stetienne.fr\/fayol\/#website"},"primaryImageOfPage":{"@id":"https:\/\/www.mines-stetienne.fr\/fayol\/recherche\/management-responsable-et-innovation\/equipe\/jean-michel-degeorge\/#primaryimage"},"image":{"@id":"https:\/\/www.mines-stetienne.fr\/fayol\/recherche\/management-responsable-et-innovation\/equipe\/jean-michel-degeorge\/#primaryimage"},"thumbnailUrl":"https:\/\/www.mines-stetienne.fr\/wp-content\/uploads\/2018\/03\/jm-degeorge.jpg","datePublished":"2022-12-13T14:16:21+00:00","dateModified":"2022-12-13T14:16:22+00:00","breadcrumb":{"@id":"https:\/\/www.mines-stetienne.fr\/fayol\/recherche\/management-responsable-et-innovation\/equipe\/jean-michel-degeorge\/#breadcrumb"},"inLanguage":"fr-FR","potentialAction":[{"@type":"ReadAction","target":["https:\/\/www.mines-stetienne.fr\/fayol\/recherche\/management-responsable-et-innovation\/equipe\/jean-michel-degeorge\/"]}]},{"@type":"ImageObject","inLanguage":"fr-FR","@id":"https:\/\/www.mines-stetienne.fr\/fayol\/recherche\/management-responsable-et-innovation\/equipe\/jean-michel-degeorge\/#primaryimage","url":"https:\/\/www.mines-stetienne.fr\/wp-content\/uploads\/2018\/03\/jm-degeorge.jpg","contentUrl":"https:\/\/www.mines-stetienne.fr\/wp-content\/uploads\/2018\/03\/jm-degeorge.jpg"},{"@type":"BreadcrumbList","@id":"https:\/\/www.mines-stetienne.fr\/fayol\/recherche\/management-responsable-et-innovation\/equipe\/jean-michel-degeorge\/#breadcrumb","itemListElement":[{"@type":"ListItem","position":1,"name":"Accueil","item":"https:\/\/www.mines-stetienne.fr\/fayol\/"},{"@type":"ListItem","position":2,"name":"Recherche","item":"https:\/\/www.mines-stetienne.fr\/fayol\/recherche\/"},{"@type":"ListItem","position":3,"name":"Management responsable et innovation","item":"https:\/\/www.mines-stetienne.fr\/fayol\/recherche\/management-responsable-et-innovation\/"},{"@type":"ListItem","position":4,"name":"\u00c9quipe","item":"https:\/\/www.mines-stetienne.fr\/fayol\/recherche\/management-responsable-et-innovation\/equipe\/"},{"@type":"ListItem","position":5,"name":"Jean-Michel Degeorge"}]},{"@type":"WebSite","@id":"https:\/\/www.mines-stetienne.fr\/fayol\/#website","url":"https:\/\/www.mines-stetienne.fr\/fayol\/","name":"Institut Henri Fayol","description":"","publisher":{"@id":"https:\/\/www.mines-stetienne.fr\/fayol\/#organization"},"potentialAction":[{"@type":"SearchAction","target":{"@type":"EntryPoint","urlTemplate":"https:\/\/www.mines-stetienne.fr\/fayol\/?s={search_term_string}"},"query-input":{"@type":"PropertyValueSpecification","valueRequired":true,"valueName":"search_term_string"}}],"inLanguage":"fr-FR"},{"@type":"Organization","@id":"https:\/\/www.mines-stetienne.fr\/fayol\/#organization","name":"Institut Henri Fayol","url":"https:\/\/www.mines-stetienne.fr\/fayol\/","logo":{"@type":"ImageObject","inLanguage":"fr-FR","@id":"https:\/\/www.mines-stetienne.fr\/fayol\/#\/schema\/logo\/image\/","url":"https:\/\/www.mines-stetienne.fr\/fayol\/wp-content\/uploads\/sites\/18\/2022\/09\/Mines_Saint_Etienne_IMT_RVB.png","contentUrl":"https:\/\/www.mines-stetienne.fr\/fayol\/wp-content\/uploads\/sites\/18\/2022\/09\/Mines_Saint_Etienne_IMT_RVB.png","width":316,"height":315,"caption":"Institut Henri Fayol"},"image":{"@id":"https:\/\/www.mines-stetienne.fr\/fayol\/#\/schema\/logo\/image\/"},"sameAs":["https:\/\/www.facebook.com\/MinesSaintEtienne","https:\/\/x.com\/MINES_StEtienne","https:\/\/www.youtube.com\/channel\/UCVSdpdmJccvUngjJ2on1n3A"]}]}},"_links":{"self":[{"href":"https:\/\/www.mines-stetienne.fr\/fayol\/wp-json\/wp\/v2\/pages\/368","targetHints":{"allow":["GET"]}}],"collection":[{"href":"https:\/\/www.mines-stetienne.fr\/fayol\/wp-json\/wp\/v2\/pages"}],"about":[{"href":"https:\/\/www.mines-stetienne.fr\/fayol\/wp-json\/wp\/v2\/types\/page"}],"author":[{"embeddable":true,"href":"https:\/\/www.mines-stetienne.fr\/fayol\/wp-json\/wp\/v2\/users\/1536"}],"replies":[{"embeddable":true,"href":"https:\/\/www.mines-stetienne.fr\/fayol\/wp-json\/wp\/v2\/comments?post=368"}],"version-history":[{"count":1,"href":"https:\/\/www.mines-stetienne.fr\/fayol\/wp-json\/wp\/v2\/pages\/368\/revisions"}],"predecessor-version":[{"id":369,"href":"https:\/\/www.mines-stetienne.fr\/fayol\/wp-json\/wp\/v2\/pages\/368\/revisions\/369"}],"up":[{"embeddable":true,"href":"https:\/\/www.mines-stetienne.fr\/fayol\/wp-json\/wp\/v2\/pages\/154"}],"wp:attachment":[{"href":"https:\/\/www.mines-stetienne.fr\/fayol\/wp-json\/wp\/v2\/media?parent=368"}],"wp:term":[{"taxonomy":"post_tag","embeddable":true,"href":"https:\/\/www.mines-stetienne.fr\/fayol\/wp-json\/wp\/v2\/tags?post=368"}],"curies":[{"name":"wp","href":"https:\/\/api.w.org\/{rel}","templated":true}]}}