{"id":345,"date":"2022-12-13T10:09:29","date_gmt":"2022-12-13T09:09:29","guid":{"rendered":"https:\/\/www.mines-stetienne.fr\/fayol\/?page_id=345"},"modified":"2022-12-13T10:09:30","modified_gmt":"2022-12-13T09:09:30","slug":"these-preparee-par-radia-spiga","status":"publish","type":"page","link":"https:\/\/www.mines-stetienne.fr\/fayol\/theses\/these-preparee-par-radia-spiga\/","title":{"rendered":"Th\u00e8se pr\u00e9par\u00e9e par Radia Spiga"},"content":{"rendered":"<p><strong>Titre : Pr\u00e9vision des hospitalisations en fonction des \u00e9pid\u00e9mies de grippe et des facteurs m\u00e9t\u00e9orologiques<\/strong><\/p>\n<p><strong>D\u00e9but de th\u00e8se : <\/strong>2017-2018<strong><br \/>\nFin de th\u00e8se : <\/strong>2022<\/p>\n<p><strong>R\u00e9sum\u00e9 :<\/strong>Une bonne prise en charge des patients hospitaliers, n\u00e9cessite une bonne gestion des ressources hospitali\u00e8re en mat\u00e9riel et en personnel, ceci implique d\u2019anticiper les admissions, et d\u2019adapter les hospitalisations programm\u00e9es en fonction de la pr\u00e9vision des admissions non programm\u00e9es.<br \/>\nL\u2019objectif de ce travail est donc de pr\u00e9dire le nombre hebdomadaire des admissions non programm\u00e9es \u00e0 l\u2019\u00e9chelle d\u2019un h\u00f4pital, en testant les m\u00e9thodes de s\u00e9ries temporelles adapt\u00e9es aux donn\u00e9es de comptage, le d\u00e9fi \u00e9tant d\u2019introduire des donn\u00e9es exog\u00e8nes dans ce type de mod\u00e8les.<br \/>\nCette \u00e9tude se d\u00e9roule en trois parties : Premi\u00e8rement, d\u00e9crire et caract\u00e9riser les lois des donn\u00e9es d\u2019hospitalisation qui seront utilis\u00e9s pour la pr\u00e9diction. Deuxi\u00e8mement, utiliser les mod\u00e8les de s\u00e9ries temporelles adapt\u00e9s \u00e0 la loi de distribution des donn\u00e9es hospitali\u00e8res utilis\u00e9es, en particulier les mod\u00e8le INAR (INteger valued AutoRegressive time series), qui utilise un operateur d\u2019amincissement et un param\u00e8tre \u00ab \u03b1 \u00bb (probabilit\u00e9 qu\u2019un \u00e9v\u00e8nement se produise). La troisi\u00e8me \u00e9tape consiste \u00e0 \u00e9crire et tester un mod\u00e8le multivari\u00e9, en conditionnant le param\u00e8tre \u00ab \u03b1 \u00bb du mod\u00e8le INAR aux variation des facteurs exog\u00e8nes : temp\u00e9rature ext\u00e9rieure et donn\u00e9es d\u2019activit\u00e9 des m\u00e9decins g\u00e9n\u00e9ralistes.<strong><br \/>\n<\/strong><\/p>\n<p><strong>Mots cl\u00e9s\u00a0:<\/strong> S\u00e9rie temporelles, donn\u00e9es de comptage, \u00e9pid\u00e9mies, hospitalisations non programm\u00e9es<\/p>\n<p><strong>Date de soutenance pr\u00e9vue : <\/strong>2022<\/p>\n<p><strong>Encadrement :<\/strong><\/p>\n<ul id=\"block-67ec023b-3730-49e8-846e-f724794835d8\" class=\"block-editor-rich-text__editable block-editor-block-list__block wp-block is-selected rich-text\" role=\"group\" aria-label=\"Bloc\u00a0: Liste\" data-block=\"67ec023b-3730-49e8-846e-f724794835d8\" data-type=\"core\/list\" data-title=\"Liste\">\n<li><a href=\"&#x6d;a&#x69;&#108;t&#x6f;&#58;&#x4d;&#105;r&#x65;&#105;&#x6c;&#108;e&#x2e;&#66;&#x41;&#x54;T&#x4f;&#78;-&#x48;&#85;&#x42;&#69;R&#x54;&#64;&#x65;&#109;s&#x65;&#46;&#x66;&#x72;\">Mireille Batton-Hubert<\/a> : Professeur Mines Saint Etienne, Limos<\/li>\n<li>Marianne Sarazin : M\u00e9decin sp\u00e9cialiste de sant\u00e9 publique<\/li>\n<\/ul>\n<p><strong>Partenaires ou\/et Financeurs<\/strong> :<\/p>\n","protected":false},"excerpt":{"rendered":"<p>Titre : Pr\u00e9vision des hospitalisations en fonction des \u00e9pid\u00e9mies de grippe et des facteurs m\u00e9t\u00e9orologiques D\u00e9but de th\u00e8se : 2017-2018 Fin de th\u00e8se : 2022 R\u00e9sum\u00e9 :Une bonne prise en charge des patients hospitaliers, n\u00e9cessite une bonne gestion des ressources &hellip;<\/p>\n","protected":false},"author":1536,"featured_media":0,"parent":286,"menu_order":0,"comment_status":"closed","ping_status":"closed","template":"","meta":{"footnotes":""},"tags":[],"class_list":["post-345","page","type-page","status-publish","hentry"],"pp_statuses_selecting_workflow":false,"pp_workflow_action":"current","pp_status_selection":"publish","pp_force_visibility":null,"pp_subpost_visibility":null,"pp_inherited_force_visibility":null,"pp_inherited_subpost_visibility":null,"yoast_head":"<!-- This site is optimized with the Yoast SEO plugin v27.5 - https:\/\/yoast.com\/product\/yoast-seo-wordpress\/ -->\n<title>Th\u00e8se pr\u00e9par\u00e9e par Radia Spiga - Institut Henri Fayol<\/title>\n<meta name=\"robots\" content=\"index, follow, max-snippet:-1, max-image-preview:large, max-video-preview:-1\" \/>\n<link rel=\"canonical\" href=\"https:\/\/www.mines-stetienne.fr\/fayol\/theses\/these-preparee-par-radia-spiga\/\" \/>\n<meta property=\"og:locale\" content=\"fr_FR\" \/>\n<meta property=\"og:type\" content=\"article\" \/>\n<meta property=\"og:title\" content=\"Th\u00e8se pr\u00e9par\u00e9e par Radia Spiga - Institut Henri Fayol\" \/>\n<meta property=\"og:description\" content=\"Titre : Pr\u00e9vision des hospitalisations en fonction des \u00e9pid\u00e9mies de grippe et des facteurs m\u00e9t\u00e9orologiques D\u00e9but de th\u00e8se : 2017-2018 Fin de th\u00e8se : 2022 R\u00e9sum\u00e9 :Une bonne prise en charge des patients hospitaliers, n\u00e9cessite une bonne gestion des ressources &hellip;\" \/>\n<meta property=\"og:url\" content=\"https:\/\/www.mines-stetienne.fr\/fayol\/theses\/these-preparee-par-radia-spiga\/\" \/>\n<meta property=\"og:site_name\" content=\"Institut Henri Fayol\" \/>\n<meta property=\"article:publisher\" content=\"https:\/\/www.facebook.com\/MinesSaintEtienne\" \/>\n<meta property=\"article:modified_time\" content=\"2022-12-13T09:09:30+00:00\" \/>\n<meta name=\"twitter:card\" content=\"summary_large_image\" \/>\n<meta name=\"twitter:site\" content=\"@MINES_StEtienne\" \/>\n<meta name=\"twitter:label1\" content=\"Dur\u00e9e de lecture estim\u00e9e\" \/>\n\t<meta name=\"twitter:data1\" content=\"2 minutes\" \/>\n<script type=\"application\/ld+json\" class=\"yoast-schema-graph\">{\"@context\":\"https:\\\/\\\/schema.org\",\"@graph\":[{\"@type\":\"WebPage\",\"@id\":\"https:\\\/\\\/www.mines-stetienne.fr\\\/fayol\\\/theses\\\/these-preparee-par-radia-spiga\\\/\",\"url\":\"https:\\\/\\\/www.mines-stetienne.fr\\\/fayol\\\/theses\\\/these-preparee-par-radia-spiga\\\/\",\"name\":\"Th\u00e8se pr\u00e9par\u00e9e par Radia Spiga - Institut Henri Fayol\",\"isPartOf\":{\"@id\":\"https:\\\/\\\/www.mines-stetienne.fr\\\/fayol\\\/#website\"},\"datePublished\":\"2022-12-13T09:09:29+00:00\",\"dateModified\":\"2022-12-13T09:09:30+00:00\",\"breadcrumb\":{\"@id\":\"https:\\\/\\\/www.mines-stetienne.fr\\\/fayol\\\/theses\\\/these-preparee-par-radia-spiga\\\/#breadcrumb\"},\"inLanguage\":\"fr-FR\",\"potentialAction\":[{\"@type\":\"ReadAction\",\"target\":[\"https:\\\/\\\/www.mines-stetienne.fr\\\/fayol\\\/theses\\\/these-preparee-par-radia-spiga\\\/\"]}]},{\"@type\":\"BreadcrumbList\",\"@id\":\"https:\\\/\\\/www.mines-stetienne.fr\\\/fayol\\\/theses\\\/these-preparee-par-radia-spiga\\\/#breadcrumb\",\"itemListElement\":[{\"@type\":\"ListItem\",\"position\":1,\"name\":\"Accueil\",\"item\":\"https:\\\/\\\/www.mines-stetienne.fr\\\/fayol\\\/\"},{\"@type\":\"ListItem\",\"position\":2,\"name\":\"Recherche\",\"item\":\"https:\\\/\\\/www.mines-stetienne.fr\\\/fayol\\\/theses\\\/\"},{\"@type\":\"ListItem\",\"position\":3,\"name\":\"Th\u00e8se pr\u00e9par\u00e9e par Radia Spiga\"}]},{\"@type\":\"WebSite\",\"@id\":\"https:\\\/\\\/www.mines-stetienne.fr\\\/fayol\\\/#website\",\"url\":\"https:\\\/\\\/www.mines-stetienne.fr\\\/fayol\\\/\",\"name\":\"Institut Henri Fayol\",\"description\":\"\",\"publisher\":{\"@id\":\"https:\\\/\\\/www.mines-stetienne.fr\\\/fayol\\\/#organization\"},\"potentialAction\":[{\"@type\":\"SearchAction\",\"target\":{\"@type\":\"EntryPoint\",\"urlTemplate\":\"https:\\\/\\\/www.mines-stetienne.fr\\\/fayol\\\/?s={search_term_string}\"},\"query-input\":{\"@type\":\"PropertyValueSpecification\",\"valueRequired\":true,\"valueName\":\"search_term_string\"}}],\"inLanguage\":\"fr-FR\"},{\"@type\":\"Organization\",\"@id\":\"https:\\\/\\\/www.mines-stetienne.fr\\\/fayol\\\/#organization\",\"name\":\"Institut Henri Fayol\",\"url\":\"https:\\\/\\\/www.mines-stetienne.fr\\\/fayol\\\/\",\"logo\":{\"@type\":\"ImageObject\",\"inLanguage\":\"fr-FR\",\"@id\":\"https:\\\/\\\/www.mines-stetienne.fr\\\/fayol\\\/#\\\/schema\\\/logo\\\/image\\\/\",\"url\":\"https:\\\/\\\/www.mines-stetienne.fr\\\/fayol\\\/wp-content\\\/uploads\\\/sites\\\/18\\\/2022\\\/09\\\/Mines_Saint_Etienne_IMT_RVB.png\",\"contentUrl\":\"https:\\\/\\\/www.mines-stetienne.fr\\\/fayol\\\/wp-content\\\/uploads\\\/sites\\\/18\\\/2022\\\/09\\\/Mines_Saint_Etienne_IMT_RVB.png\",\"width\":316,\"height\":315,\"caption\":\"Institut Henri Fayol\"},\"image\":{\"@id\":\"https:\\\/\\\/www.mines-stetienne.fr\\\/fayol\\\/#\\\/schema\\\/logo\\\/image\\\/\"},\"sameAs\":[\"https:\\\/\\\/www.facebook.com\\\/MinesSaintEtienne\",\"https:\\\/\\\/x.com\\\/MINES_StEtienne\",\"https:\\\/\\\/www.youtube.com\\\/channel\\\/UCVSdpdmJccvUngjJ2on1n3A\"]}]}<\/script>\n<!-- \/ Yoast SEO plugin. -->","yoast_head_json":{"title":"Th\u00e8se pr\u00e9par\u00e9e par Radia Spiga - Institut Henri Fayol","robots":{"index":"index","follow":"follow","max-snippet":"max-snippet:-1","max-image-preview":"max-image-preview:large","max-video-preview":"max-video-preview:-1"},"canonical":"https:\/\/www.mines-stetienne.fr\/fayol\/theses\/these-preparee-par-radia-spiga\/","og_locale":"fr_FR","og_type":"article","og_title":"Th\u00e8se pr\u00e9par\u00e9e par Radia Spiga - Institut Henri Fayol","og_description":"Titre : Pr\u00e9vision des hospitalisations en fonction des \u00e9pid\u00e9mies de grippe et des facteurs m\u00e9t\u00e9orologiques D\u00e9but de th\u00e8se : 2017-2018 Fin de th\u00e8se : 2022 R\u00e9sum\u00e9 :Une bonne prise en charge des patients hospitaliers, n\u00e9cessite une bonne gestion des ressources &hellip;","og_url":"https:\/\/www.mines-stetienne.fr\/fayol\/theses\/these-preparee-par-radia-spiga\/","og_site_name":"Institut Henri Fayol","article_publisher":"https:\/\/www.facebook.com\/MinesSaintEtienne","article_modified_time":"2022-12-13T09:09:30+00:00","twitter_card":"summary_large_image","twitter_site":"@MINES_StEtienne","twitter_misc":{"Dur\u00e9e de lecture estim\u00e9e":"2 minutes"},"schema":{"@context":"https:\/\/schema.org","@graph":[{"@type":"WebPage","@id":"https:\/\/www.mines-stetienne.fr\/fayol\/theses\/these-preparee-par-radia-spiga\/","url":"https:\/\/www.mines-stetienne.fr\/fayol\/theses\/these-preparee-par-radia-spiga\/","name":"Th\u00e8se pr\u00e9par\u00e9e par Radia Spiga - Institut Henri Fayol","isPartOf":{"@id":"https:\/\/www.mines-stetienne.fr\/fayol\/#website"},"datePublished":"2022-12-13T09:09:29+00:00","dateModified":"2022-12-13T09:09:30+00:00","breadcrumb":{"@id":"https:\/\/www.mines-stetienne.fr\/fayol\/theses\/these-preparee-par-radia-spiga\/#breadcrumb"},"inLanguage":"fr-FR","potentialAction":[{"@type":"ReadAction","target":["https:\/\/www.mines-stetienne.fr\/fayol\/theses\/these-preparee-par-radia-spiga\/"]}]},{"@type":"BreadcrumbList","@id":"https:\/\/www.mines-stetienne.fr\/fayol\/theses\/these-preparee-par-radia-spiga\/#breadcrumb","itemListElement":[{"@type":"ListItem","position":1,"name":"Accueil","item":"https:\/\/www.mines-stetienne.fr\/fayol\/"},{"@type":"ListItem","position":2,"name":"Recherche","item":"https:\/\/www.mines-stetienne.fr\/fayol\/theses\/"},{"@type":"ListItem","position":3,"name":"Th\u00e8se pr\u00e9par\u00e9e par Radia Spiga"}]},{"@type":"WebSite","@id":"https:\/\/www.mines-stetienne.fr\/fayol\/#website","url":"https:\/\/www.mines-stetienne.fr\/fayol\/","name":"Institut Henri Fayol","description":"","publisher":{"@id":"https:\/\/www.mines-stetienne.fr\/fayol\/#organization"},"potentialAction":[{"@type":"SearchAction","target":{"@type":"EntryPoint","urlTemplate":"https:\/\/www.mines-stetienne.fr\/fayol\/?s={search_term_string}"},"query-input":{"@type":"PropertyValueSpecification","valueRequired":true,"valueName":"search_term_string"}}],"inLanguage":"fr-FR"},{"@type":"Organization","@id":"https:\/\/www.mines-stetienne.fr\/fayol\/#organization","name":"Institut Henri Fayol","url":"https:\/\/www.mines-stetienne.fr\/fayol\/","logo":{"@type":"ImageObject","inLanguage":"fr-FR","@id":"https:\/\/www.mines-stetienne.fr\/fayol\/#\/schema\/logo\/image\/","url":"https:\/\/www.mines-stetienne.fr\/fayol\/wp-content\/uploads\/sites\/18\/2022\/09\/Mines_Saint_Etienne_IMT_RVB.png","contentUrl":"https:\/\/www.mines-stetienne.fr\/fayol\/wp-content\/uploads\/sites\/18\/2022\/09\/Mines_Saint_Etienne_IMT_RVB.png","width":316,"height":315,"caption":"Institut Henri Fayol"},"image":{"@id":"https:\/\/www.mines-stetienne.fr\/fayol\/#\/schema\/logo\/image\/"},"sameAs":["https:\/\/www.facebook.com\/MinesSaintEtienne","https:\/\/x.com\/MINES_StEtienne","https:\/\/www.youtube.com\/channel\/UCVSdpdmJccvUngjJ2on1n3A"]}]}},"_links":{"self":[{"href":"https:\/\/www.mines-stetienne.fr\/fayol\/wp-json\/wp\/v2\/pages\/345","targetHints":{"allow":["GET"]}}],"collection":[{"href":"https:\/\/www.mines-stetienne.fr\/fayol\/wp-json\/wp\/v2\/pages"}],"about":[{"href":"https:\/\/www.mines-stetienne.fr\/fayol\/wp-json\/wp\/v2\/types\/page"}],"author":[{"embeddable":true,"href":"https:\/\/www.mines-stetienne.fr\/fayol\/wp-json\/wp\/v2\/users\/1536"}],"replies":[{"embeddable":true,"href":"https:\/\/www.mines-stetienne.fr\/fayol\/wp-json\/wp\/v2\/comments?post=345"}],"version-history":[{"count":1,"href":"https:\/\/www.mines-stetienne.fr\/fayol\/wp-json\/wp\/v2\/pages\/345\/revisions"}],"predecessor-version":[{"id":346,"href":"https:\/\/www.mines-stetienne.fr\/fayol\/wp-json\/wp\/v2\/pages\/345\/revisions\/346"}],"up":[{"embeddable":true,"href":"https:\/\/www.mines-stetienne.fr\/fayol\/wp-json\/wp\/v2\/pages\/286"}],"wp:attachment":[{"href":"https:\/\/www.mines-stetienne.fr\/fayol\/wp-json\/wp\/v2\/media?parent=345"}],"wp:term":[{"taxonomy":"post_tag","embeddable":true,"href":"https:\/\/www.mines-stetienne.fr\/fayol\/wp-json\/wp\/v2\/tags?post=345"}],"curies":[{"name":"wp","href":"https:\/\/api.w.org\/{rel}","templated":true}]}}