{"id":303,"date":"2022-12-09T14:44:38","date_gmt":"2022-12-09T13:44:38","guid":{"rendered":"https:\/\/www.mines-stetienne.fr\/fayol\/?page_id=303"},"modified":"2022-12-09T14:44:50","modified_gmt":"2022-12-09T13:44:50","slug":"these-preparee-par-andres-camilo-murillo-coba","status":"publish","type":"page","link":"https:\/\/www.mines-stetienne.fr\/fayol\/theses\/these-preparee-par-andres-camilo-murillo-coba\/","title":{"rendered":"Th\u00e8se pr\u00e9par\u00e9e par Andres-Camilo Murillo-Coba"},"content":{"rendered":"\n<p><strong>Titre : M\u00e9thode de Conception int\u00e9gr\u00e9e de Syst\u00e8mes Produits-Services, avec configuration des chaines de cr\u00e9ation de valeur et de leurs mod\u00e8les \u00e9conomiques. <br>Application \u00e0 la conception de syst\u00e8mes interconnect\u00e9s de production thermique<br><\/strong><\/p>\n<p><strong>D\u00e9but de th\u00e8se&nbsp;:&nbsp;<\/strong>2019<strong><br>Fin de th\u00e8se&nbsp;:&nbsp;<\/strong>2022<\/p>\n<p><strong>R\u00e9sum\u00e9 :<\/strong>Cette th\u00e8se vise \u00e0 cr\u00e9er une m\u00e9thode d\u2019aide \u00e0 la d\u00e9cision pour la conception d\u2019offres int\u00e9gr\u00e9s produits\/services ainsi que les r\u00e9seaux de valeur n\u00e9cessaires pour livrer ces offres. Cette m\u00e9thode int\u00e8gre deux approches : d\u2019un c\u00f4t\u00e9, une approche de mod\u00e9lisation qualitative pour prototyper le syst\u00e8me associ\u00e9 \u00e0 l\u2019offre int\u00e9gr\u00e9e et de l\u2019autre c\u00f4t\u00e9 une approche de mod\u00e9lisation quantitative de diff\u00e9rents scenarios de cr\u00e9ation de valeur. Le but de l\u2019int\u00e9gration de ces approches est de permettre d\u2019anticiper et de ma\u00eetriser les principaux risques qui pourraient menacer la capture de valeur pour les acteurs concern\u00e9s dans la livraison de l\u2019offre int\u00e9gr\u00e9e.&nbsp;<\/p>\n<p><strong>Mots cl\u00e9s&nbsp;:<\/strong> Conception int\u00e9gr\u00e9e de syst\u00e8mes, Syst\u00e8mes Produits-Services (PSS), Simulation de performance, Evaluation \u00e9conomique, Mod\u00e9lisation de chaines de cr\u00e9ation de valeur.<\/p>\n<p><strong>Soutenance pr\u00e9vue&nbsp;:&nbsp;<\/strong> Mai 2022<\/p>\n<p><strong>Encadrement :<\/strong><\/p>\n<ul>\n<li><a href=\"&#x6d;&#97;i&#x6c;&#x74;&#111;:&#x62;&#x6f;&#117;c&#x68;&#x65;&#114;&#64;&#x65;&#x6d;&#115;e&#x2e;&#102;&#114;\">Xavier Boucher<\/a> : Professeur Mines Saint Etienne, Limos<\/li>\n<\/ul>\n<p><strong>Partenaires ou\/et Financeurs&nbsp;:<\/strong> Th\u00e8se CIFRE avec la soci\u00e9t\u00e9 elm.leblanc<\/p>\n\n\n\n<p><strong>T\u00e9l\u00e9charger la th\u00e8se<\/strong><\/p>\n<p><a href=\"https:\/\/www.mines-stetienne.fr\/wp-content\/uploads\/2022\/11\/Camilo_Manuscript.pdf\"><img loading=\"lazy\" decoding=\"async\" class=\"aligncenter wp-image-2677\" src=\"https:\/\/www.mines-stetienne.fr\/wp-content\/uploads\/2016\/01\/these.gif\" alt=\"\" width=\"50\" height=\"50\"><\/a><\/p>\n","protected":false},"excerpt":{"rendered":"<p>Titre : M\u00e9thode de Conception int\u00e9gr\u00e9e de Syst\u00e8mes Produits-Services, avec configuration des chaines de cr\u00e9ation de valeur et de leurs mod\u00e8les \u00e9conomiques. Application \u00e0 la conception de syst\u00e8mes interconnect\u00e9s de production thermique D\u00e9but de th\u00e8se&nbsp;:&nbsp;2019Fin de th\u00e8se&nbsp;:&nbsp;2022 R\u00e9sum\u00e9 :Cette th\u00e8se &hellip;<\/p>\n","protected":false},"author":1536,"featured_media":0,"parent":286,"menu_order":0,"comment_status":"closed","ping_status":"closed","template":"","meta":{"footnotes":""},"tags":[],"class_list":["post-303","page","type-page","status-publish","hentry"],"pp_statuses_selecting_workflow":false,"pp_workflow_action":"current","pp_status_selection":"publish","pp_force_visibility":null,"pp_subpost_visibility":null,"pp_inherited_force_visibility":null,"pp_inherited_subpost_visibility":null,"yoast_head":"<!-- This site is optimized with the Yoast SEO plugin v27.5 - https:\/\/yoast.com\/product\/yoast-seo-wordpress\/ -->\n<title>Th\u00e8se pr\u00e9par\u00e9e par Andres-Camilo Murillo-Coba - Institut Henri Fayol<\/title>\n<meta name=\"robots\" content=\"index, follow, max-snippet:-1, max-image-preview:large, max-video-preview:-1\" \/>\n<link rel=\"canonical\" href=\"https:\/\/www.mines-stetienne.fr\/fayol\/theses\/these-preparee-par-andres-camilo-murillo-coba\/\" \/>\n<meta property=\"og:locale\" content=\"fr_FR\" \/>\n<meta property=\"og:type\" content=\"article\" \/>\n<meta property=\"og:title\" content=\"Th\u00e8se pr\u00e9par\u00e9e par Andres-Camilo Murillo-Coba - Institut Henri Fayol\" \/>\n<meta property=\"og:description\" content=\"Titre : M\u00e9thode de Conception int\u00e9gr\u00e9e de Syst\u00e8mes Produits-Services, avec configuration des chaines de cr\u00e9ation de valeur et de leurs mod\u00e8les \u00e9conomiques. Application \u00e0 la conception de syst\u00e8mes interconnect\u00e9s de production thermique D\u00e9but de th\u00e8se&nbsp;:&nbsp;2019Fin de th\u00e8se&nbsp;:&nbsp;2022 R\u00e9sum\u00e9 :Cette th\u00e8se &hellip;\" \/>\n<meta property=\"og:url\" content=\"https:\/\/www.mines-stetienne.fr\/fayol\/theses\/these-preparee-par-andres-camilo-murillo-coba\/\" \/>\n<meta property=\"og:site_name\" content=\"Institut Henri Fayol\" \/>\n<meta property=\"article:publisher\" content=\"https:\/\/www.facebook.com\/MinesSaintEtienne\" \/>\n<meta property=\"article:modified_time\" content=\"2022-12-09T13:44:50+00:00\" \/>\n<meta property=\"og:image\" content=\"https:\/\/www.mines-stetienne.fr\/wp-content\/uploads\/2016\/01\/these.gif\" \/>\n<meta name=\"twitter:card\" content=\"summary_large_image\" \/>\n<meta name=\"twitter:site\" content=\"@MINES_StEtienne\" \/>\n<meta name=\"twitter:label1\" content=\"Dur\u00e9e de lecture estim\u00e9e\" \/>\n\t<meta name=\"twitter:data1\" content=\"2 minutes\" \/>\n<script type=\"application\/ld+json\" class=\"yoast-schema-graph\">{\"@context\":\"https:\\\/\\\/schema.org\",\"@graph\":[{\"@type\":\"WebPage\",\"@id\":\"https:\\\/\\\/www.mines-stetienne.fr\\\/fayol\\\/theses\\\/these-preparee-par-andres-camilo-murillo-coba\\\/\",\"url\":\"https:\\\/\\\/www.mines-stetienne.fr\\\/fayol\\\/theses\\\/these-preparee-par-andres-camilo-murillo-coba\\\/\",\"name\":\"Th\u00e8se pr\u00e9par\u00e9e par Andres-Camilo Murillo-Coba - Institut Henri Fayol\",\"isPartOf\":{\"@id\":\"https:\\\/\\\/www.mines-stetienne.fr\\\/fayol\\\/#website\"},\"primaryImageOfPage\":{\"@id\":\"https:\\\/\\\/www.mines-stetienne.fr\\\/fayol\\\/theses\\\/these-preparee-par-andres-camilo-murillo-coba\\\/#primaryimage\"},\"image\":{\"@id\":\"https:\\\/\\\/www.mines-stetienne.fr\\\/fayol\\\/theses\\\/these-preparee-par-andres-camilo-murillo-coba\\\/#primaryimage\"},\"thumbnailUrl\":\"https:\\\/\\\/www.mines-stetienne.fr\\\/wp-content\\\/uploads\\\/2016\\\/01\\\/these.gif\",\"datePublished\":\"2022-12-09T13:44:38+00:00\",\"dateModified\":\"2022-12-09T13:44:50+00:00\",\"breadcrumb\":{\"@id\":\"https:\\\/\\\/www.mines-stetienne.fr\\\/fayol\\\/theses\\\/these-preparee-par-andres-camilo-murillo-coba\\\/#breadcrumb\"},\"inLanguage\":\"fr-FR\",\"potentialAction\":[{\"@type\":\"ReadAction\",\"target\":[\"https:\\\/\\\/www.mines-stetienne.fr\\\/fayol\\\/theses\\\/these-preparee-par-andres-camilo-murillo-coba\\\/\"]}]},{\"@type\":\"ImageObject\",\"inLanguage\":\"fr-FR\",\"@id\":\"https:\\\/\\\/www.mines-stetienne.fr\\\/fayol\\\/theses\\\/these-preparee-par-andres-camilo-murillo-coba\\\/#primaryimage\",\"url\":\"https:\\\/\\\/www.mines-stetienne.fr\\\/wp-content\\\/uploads\\\/2016\\\/01\\\/these.gif\",\"contentUrl\":\"https:\\\/\\\/www.mines-stetienne.fr\\\/wp-content\\\/uploads\\\/2016\\\/01\\\/these.gif\"},{\"@type\":\"BreadcrumbList\",\"@id\":\"https:\\\/\\\/www.mines-stetienne.fr\\\/fayol\\\/theses\\\/these-preparee-par-andres-camilo-murillo-coba\\\/#breadcrumb\",\"itemListElement\":[{\"@type\":\"ListItem\",\"position\":1,\"name\":\"Accueil\",\"item\":\"https:\\\/\\\/www.mines-stetienne.fr\\\/fayol\\\/\"},{\"@type\":\"ListItem\",\"position\":2,\"name\":\"Recherche\",\"item\":\"https:\\\/\\\/www.mines-stetienne.fr\\\/fayol\\\/theses\\\/\"},{\"@type\":\"ListItem\",\"position\":3,\"name\":\"Th\u00e8se pr\u00e9par\u00e9e par Andres-Camilo Murillo-Coba\"}]},{\"@type\":\"WebSite\",\"@id\":\"https:\\\/\\\/www.mines-stetienne.fr\\\/fayol\\\/#website\",\"url\":\"https:\\\/\\\/www.mines-stetienne.fr\\\/fayol\\\/\",\"name\":\"Institut Henri Fayol\",\"description\":\"\",\"publisher\":{\"@id\":\"https:\\\/\\\/www.mines-stetienne.fr\\\/fayol\\\/#organization\"},\"potentialAction\":[{\"@type\":\"SearchAction\",\"target\":{\"@type\":\"EntryPoint\",\"urlTemplate\":\"https:\\\/\\\/www.mines-stetienne.fr\\\/fayol\\\/?s={search_term_string}\"},\"query-input\":{\"@type\":\"PropertyValueSpecification\",\"valueRequired\":true,\"valueName\":\"search_term_string\"}}],\"inLanguage\":\"fr-FR\"},{\"@type\":\"Organization\",\"@id\":\"https:\\\/\\\/www.mines-stetienne.fr\\\/fayol\\\/#organization\",\"name\":\"Institut Henri Fayol\",\"url\":\"https:\\\/\\\/www.mines-stetienne.fr\\\/fayol\\\/\",\"logo\":{\"@type\":\"ImageObject\",\"inLanguage\":\"fr-FR\",\"@id\":\"https:\\\/\\\/www.mines-stetienne.fr\\\/fayol\\\/#\\\/schema\\\/logo\\\/image\\\/\",\"url\":\"https:\\\/\\\/www.mines-stetienne.fr\\\/fayol\\\/wp-content\\\/uploads\\\/sites\\\/18\\\/2022\\\/09\\\/Mines_Saint_Etienne_IMT_RVB.png\",\"contentUrl\":\"https:\\\/\\\/www.mines-stetienne.fr\\\/fayol\\\/wp-content\\\/uploads\\\/sites\\\/18\\\/2022\\\/09\\\/Mines_Saint_Etienne_IMT_RVB.png\",\"width\":316,\"height\":315,\"caption\":\"Institut Henri Fayol\"},\"image\":{\"@id\":\"https:\\\/\\\/www.mines-stetienne.fr\\\/fayol\\\/#\\\/schema\\\/logo\\\/image\\\/\"},\"sameAs\":[\"https:\\\/\\\/www.facebook.com\\\/MinesSaintEtienne\",\"https:\\\/\\\/x.com\\\/MINES_StEtienne\",\"https:\\\/\\\/www.youtube.com\\\/channel\\\/UCVSdpdmJccvUngjJ2on1n3A\"]}]}<\/script>\n<!-- \/ Yoast SEO plugin. -->","yoast_head_json":{"title":"Th\u00e8se pr\u00e9par\u00e9e par Andres-Camilo Murillo-Coba - Institut Henri Fayol","robots":{"index":"index","follow":"follow","max-snippet":"max-snippet:-1","max-image-preview":"max-image-preview:large","max-video-preview":"max-video-preview:-1"},"canonical":"https:\/\/www.mines-stetienne.fr\/fayol\/theses\/these-preparee-par-andres-camilo-murillo-coba\/","og_locale":"fr_FR","og_type":"article","og_title":"Th\u00e8se pr\u00e9par\u00e9e par Andres-Camilo Murillo-Coba - Institut Henri Fayol","og_description":"Titre : M\u00e9thode de Conception int\u00e9gr\u00e9e de Syst\u00e8mes Produits-Services, avec configuration des chaines de cr\u00e9ation de valeur et de leurs mod\u00e8les \u00e9conomiques. Application \u00e0 la conception de syst\u00e8mes interconnect\u00e9s de production thermique D\u00e9but de th\u00e8se&nbsp;:&nbsp;2019Fin de th\u00e8se&nbsp;:&nbsp;2022 R\u00e9sum\u00e9 :Cette th\u00e8se &hellip;","og_url":"https:\/\/www.mines-stetienne.fr\/fayol\/theses\/these-preparee-par-andres-camilo-murillo-coba\/","og_site_name":"Institut Henri Fayol","article_publisher":"https:\/\/www.facebook.com\/MinesSaintEtienne","article_modified_time":"2022-12-09T13:44:50+00:00","og_image":[{"url":"https:\/\/www.mines-stetienne.fr\/wp-content\/uploads\/2016\/01\/these.gif","type":"","width":"","height":""}],"twitter_card":"summary_large_image","twitter_site":"@MINES_StEtienne","twitter_misc":{"Dur\u00e9e de lecture estim\u00e9e":"2 minutes"},"schema":{"@context":"https:\/\/schema.org","@graph":[{"@type":"WebPage","@id":"https:\/\/www.mines-stetienne.fr\/fayol\/theses\/these-preparee-par-andres-camilo-murillo-coba\/","url":"https:\/\/www.mines-stetienne.fr\/fayol\/theses\/these-preparee-par-andres-camilo-murillo-coba\/","name":"Th\u00e8se pr\u00e9par\u00e9e par Andres-Camilo Murillo-Coba - Institut Henri Fayol","isPartOf":{"@id":"https:\/\/www.mines-stetienne.fr\/fayol\/#website"},"primaryImageOfPage":{"@id":"https:\/\/www.mines-stetienne.fr\/fayol\/theses\/these-preparee-par-andres-camilo-murillo-coba\/#primaryimage"},"image":{"@id":"https:\/\/www.mines-stetienne.fr\/fayol\/theses\/these-preparee-par-andres-camilo-murillo-coba\/#primaryimage"},"thumbnailUrl":"https:\/\/www.mines-stetienne.fr\/wp-content\/uploads\/2016\/01\/these.gif","datePublished":"2022-12-09T13:44:38+00:00","dateModified":"2022-12-09T13:44:50+00:00","breadcrumb":{"@id":"https:\/\/www.mines-stetienne.fr\/fayol\/theses\/these-preparee-par-andres-camilo-murillo-coba\/#breadcrumb"},"inLanguage":"fr-FR","potentialAction":[{"@type":"ReadAction","target":["https:\/\/www.mines-stetienne.fr\/fayol\/theses\/these-preparee-par-andres-camilo-murillo-coba\/"]}]},{"@type":"ImageObject","inLanguage":"fr-FR","@id":"https:\/\/www.mines-stetienne.fr\/fayol\/theses\/these-preparee-par-andres-camilo-murillo-coba\/#primaryimage","url":"https:\/\/www.mines-stetienne.fr\/wp-content\/uploads\/2016\/01\/these.gif","contentUrl":"https:\/\/www.mines-stetienne.fr\/wp-content\/uploads\/2016\/01\/these.gif"},{"@type":"BreadcrumbList","@id":"https:\/\/www.mines-stetienne.fr\/fayol\/theses\/these-preparee-par-andres-camilo-murillo-coba\/#breadcrumb","itemListElement":[{"@type":"ListItem","position":1,"name":"Accueil","item":"https:\/\/www.mines-stetienne.fr\/fayol\/"},{"@type":"ListItem","position":2,"name":"Recherche","item":"https:\/\/www.mines-stetienne.fr\/fayol\/theses\/"},{"@type":"ListItem","position":3,"name":"Th\u00e8se pr\u00e9par\u00e9e par Andres-Camilo Murillo-Coba"}]},{"@type":"WebSite","@id":"https:\/\/www.mines-stetienne.fr\/fayol\/#website","url":"https:\/\/www.mines-stetienne.fr\/fayol\/","name":"Institut Henri Fayol","description":"","publisher":{"@id":"https:\/\/www.mines-stetienne.fr\/fayol\/#organization"},"potentialAction":[{"@type":"SearchAction","target":{"@type":"EntryPoint","urlTemplate":"https:\/\/www.mines-stetienne.fr\/fayol\/?s={search_term_string}"},"query-input":{"@type":"PropertyValueSpecification","valueRequired":true,"valueName":"search_term_string"}}],"inLanguage":"fr-FR"},{"@type":"Organization","@id":"https:\/\/www.mines-stetienne.fr\/fayol\/#organization","name":"Institut Henri Fayol","url":"https:\/\/www.mines-stetienne.fr\/fayol\/","logo":{"@type":"ImageObject","inLanguage":"fr-FR","@id":"https:\/\/www.mines-stetienne.fr\/fayol\/#\/schema\/logo\/image\/","url":"https:\/\/www.mines-stetienne.fr\/fayol\/wp-content\/uploads\/sites\/18\/2022\/09\/Mines_Saint_Etienne_IMT_RVB.png","contentUrl":"https:\/\/www.mines-stetienne.fr\/fayol\/wp-content\/uploads\/sites\/18\/2022\/09\/Mines_Saint_Etienne_IMT_RVB.png","width":316,"height":315,"caption":"Institut Henri Fayol"},"image":{"@id":"https:\/\/www.mines-stetienne.fr\/fayol\/#\/schema\/logo\/image\/"},"sameAs":["https:\/\/www.facebook.com\/MinesSaintEtienne","https:\/\/x.com\/MINES_StEtienne","https:\/\/www.youtube.com\/channel\/UCVSdpdmJccvUngjJ2on1n3A"]}]}},"_links":{"self":[{"href":"https:\/\/www.mines-stetienne.fr\/fayol\/wp-json\/wp\/v2\/pages\/303","targetHints":{"allow":["GET"]}}],"collection":[{"href":"https:\/\/www.mines-stetienne.fr\/fayol\/wp-json\/wp\/v2\/pages"}],"about":[{"href":"https:\/\/www.mines-stetienne.fr\/fayol\/wp-json\/wp\/v2\/types\/page"}],"author":[{"embeddable":true,"href":"https:\/\/www.mines-stetienne.fr\/fayol\/wp-json\/wp\/v2\/users\/1536"}],"replies":[{"embeddable":true,"href":"https:\/\/www.mines-stetienne.fr\/fayol\/wp-json\/wp\/v2\/comments?post=303"}],"version-history":[{"count":1,"href":"https:\/\/www.mines-stetienne.fr\/fayol\/wp-json\/wp\/v2\/pages\/303\/revisions"}],"predecessor-version":[{"id":304,"href":"https:\/\/www.mines-stetienne.fr\/fayol\/wp-json\/wp\/v2\/pages\/303\/revisions\/304"}],"up":[{"embeddable":true,"href":"https:\/\/www.mines-stetienne.fr\/fayol\/wp-json\/wp\/v2\/pages\/286"}],"wp:attachment":[{"href":"https:\/\/www.mines-stetienne.fr\/fayol\/wp-json\/wp\/v2\/media?parent=303"}],"wp:term":[{"taxonomy":"post_tag","embeddable":true,"href":"https:\/\/www.mines-stetienne.fr\/fayol\/wp-json\/wp\/v2\/tags?post=303"}],"curies":[{"name":"wp","href":"https:\/\/api.w.org\/{rel}","templated":true}]}}