{"id":234,"date":"2022-12-07T09:42:48","date_gmt":"2022-12-07T08:42:48","guid":{"rendered":"https:\/\/www.mines-stetienne.fr\/fayol\/?page_id=234"},"modified":"2022-12-07T09:42:49","modified_gmt":"2022-12-07T08:42:49","slug":"responsabilite-societale-et-environnementale","status":"publish","type":"page","link":"https:\/\/www.mines-stetienne.fr\/fayol\/responsabilite-societale-et-environnementale\/","title":{"rendered":"Responsabilit\u00e9 Soci\u00e9tale et Environnementale"},"content":{"rendered":"\n\n\n<h3 class=\"wp-block-heading\">Valoriser la dimension RSE de la recherche en promouvant les<br>r\u00e9sultats<\/h3>\n\n\n\n<p><img loading=\"lazy\" decoding=\"async\" class=\"alignright\" src=\"https:\/\/territoire.emse.fr\/wordpress\/wp-content\/uploads\/2020\/09\/ODD.jpg\" width=\"264\" height=\"188\">En septembre 2015, l\u2019assembl\u00e9e g\u00e9n\u00e9rale des Nations Unies 2 (ONU) a adopt\u00e9 17 Objectifs de D\u00e9veloppement Durable (ODD) dans l\u2019Agenda 2030. Ils abordent conjointement des enjeux environnementaux, sociaux et \u00e9conomiques.<\/p>\n<p>&nbsp;<\/p>\n\n\n\n<p><a href=\"https:\/\/www.mines-stetienne.fr\/wp-content\/uploads\/2020\/08\/Plaquette-DDRSE-web.pdf\"><img loading=\"lazy\" decoding=\"async\" class=\"alignleft \" src=\"https:\/\/territoire.emse.fr\/wordpress\/wp-content\/uploads\/2020\/09\/dd-rs-002.jpg\" width=\"262\" height=\"369\"><\/a>Parmi ces 17 ODD, 7 ont \u00e9t\u00e9 retenus comme pertinents et strat\u00e9giques par l\u2019\u00c9cole des Mines de Saint-\u00c9tienne pour mettre en place des actions visant l\u2019am\u00e9lioration de sa durabilit\u00e9.<\/p>\n<p>Avec le lancement sa nouvelle strat\u00e9gie DDRS qui se positionne d\u00e9sormais au c\u0153ur de ses actions, l\u2019\u00e9cole internationale d\u2019ing\u00e9nieurs Mines Saint-Etienne, cr\u00e9\u00e9e en 1816 et membre de l\u2019Institut Mines-T\u00e9l\u00e9com (IMT), premier groupe fran\u00e7ais de grandes \u00e9coles d\u2019ing\u00e9nieurs et de management, veut renforcer son engagement historique sur cette th\u00e9matique et sa reconnaissance internationale.<\/p>\n<p>Ainsi, la recherche de Mines Saint Etienne et sa la plateforme Territoire se positionne r\u00e9solument avec la volont\u00e9 de promouvoir notre implication dans la mise en \u0153uvre de solutions r\u00e9pondants aux enjeux de DD&amp;RS.<\/p>\n\n\n\n<h3 class=\"wp-block-heading\">Notre recherche participe aux ODD<\/h3>\n\n\n\n\n\n<div class=\"ListeFormations-item col-md-3 col-md-3 col-sm-3 col-xs-6\">\n<div class=\"Formation click\">\n<h4 class=\"Formation-title\"><a class=\"\" href=\"#ODD\"><img decoding=\"async\" class=\"wp-image-20402\" style=\"width: 120px\" src=\"https:\/\/www.mines-stetienne.fr\/wp-content\/uploads\/2020\/11\/ODD-7.png\" alt=\"\"><\/BR><\/BR><\/a><\/h4>\n<p>&#8230;<\/p>\n<p class=\"Formation-contentHover\"><\/p>\n<\/div>\n<\/div>\n<div class=\"ListeFormations-item col-md-3 col-md-3 col-sm-3 col-xs-6\">\n<div class=\"Formation click\">\n<h4 class=\"Formation-title\"><a class=\"\" href=\"#ODD\"><img decoding=\"async\" class=\"wp-image-20402\" style=\"width: 120px\" src=\"https:\/\/www.mines-stetienne.fr\/wp-content\/uploads\/2020\/11\/odd8-scaled.jpg\" alt=\"\"><\/BR><\/BR><\/a><\/h4>\n<p>&#8230;<\/p>\n<p class=\"Formation-contentHover\"><\/p>\n<\/div>\n<\/div>\n<div class=\"ListeFormations-item col-md-3 col-md-3 col-sm-3 col-xs-6\">\n<div class=\"Formation click\">\n<h4 class=\"Formation-title\"><a class=\"\" href=\"#ODD\"><img decoding=\"async\" class=\"wp-image-20402\" style=\"width: 120px\" src=\"https:\/\/www.mines-stetienne.fr\/wp-content\/uploads\/2020\/11\/odd9.jpg\" alt=\"\"><\/BR><\/BR><\/a><\/h4>\n<p>&#8230;<\/p>\n<p class=\"Formation-contentHover\"><\/p>\n<\/div>\n<\/div>\n<div class=\"ListeFormations-item col-md-3 col-md-3 col-sm-3 col-xs-6\">\n<div class=\"Formation click\">\n<h4 class=\"Formation-title\"><a class=\"\" href=\"#ODD\"><img decoding=\"async\" class=\"wp-image-20402\" style=\"width: 120px\" src=\"https:\/\/www.mines-stetienne.fr\/wp-content\/uploads\/2020\/11\/odd11.jpg\" alt=\"\"><\/BR><\/BR><\/a><\/h4>\n<p>&#8230;<\/p>\n<p class=\"Formation-contentHover\"><\/p>\n<\/div>\n<\/div>\n<div class=\"ListeFormations-item col-md-3 col-md-3 col-sm-3 col-xs-6\">\n<div class=\"Formation click\">\n<h4 class=\"Formation-title\"><a class=\"\" href=\"#ODD\"><img decoding=\"async\" class=\"wp-image-20402\" style=\"width: 120px\" src=\"https:\/\/www.mines-stetienne.fr\/wp-content\/uploads\/2020\/11\/odd12.jpg\" alt=\"\"><\/BR><\/BR><\/a><\/h4>\n<p>&#8230;<\/p>\n<p class=\"Formation-contentHover\"><\/p>\n<\/div>\n<\/div>\n<div class=\"ListeFormations-item col-md-3 col-md-3 col-sm-3 col-xs-6\">\n<div class=\"Formation click\">\n<h4 class=\"Formation-title\"><a class=\"\" href=\"#ODD\"><img decoding=\"async\" class=\"wp-image-20402\" style=\"width: 120px\" src=\"https:\/\/www.mines-stetienne.fr\/wp-content\/uploads\/2020\/11\/ODD-13.png\" alt=\"\"><\/BR><\/BR><\/a><\/h4>\n<p>&#8230;<\/p>\n<p class=\"Formation-contentHover\"><\/p>\n<\/div>\n<\/div>\n\n\n","protected":false},"excerpt":{"rendered":"<p>Valoriser la dimension RSE de la recherche en promouvant lesr\u00e9sultats Notre recherche participe aux ODD &#8230; &#8230; &#8230; &#8230; &#8230; &#8230;<\/p>\n","protected":false},"author":1536,"featured_media":0,"parent":0,"menu_order":0,"comment_status":"closed","ping_status":"closed","template":"","meta":{"footnotes":""},"tags":[],"class_list":["post-234","page","type-page","status-publish","hentry"],"pp_statuses_selecting_workflow":false,"pp_workflow_action":"current","pp_status_selection":"publish","pp_force_visibility":null,"pp_subpost_visibility":null,"pp_inherited_force_visibility":null,"pp_inherited_subpost_visibility":null,"yoast_head":"<!-- This site is optimized with the Yoast SEO plugin v27.5 - https:\/\/yoast.com\/product\/yoast-seo-wordpress\/ -->\n<title>Responsabilit\u00e9 Soci\u00e9tale et Environnementale - Institut Henri Fayol<\/title>\n<meta name=\"robots\" content=\"index, follow, max-snippet:-1, max-image-preview:large, max-video-preview:-1\" \/>\n<link rel=\"canonical\" href=\"https:\/\/www.mines-stetienne.fr\/fayol\/responsabilite-societale-et-environnementale\/\" \/>\n<meta property=\"og:locale\" content=\"fr_FR\" \/>\n<meta property=\"og:type\" content=\"article\" \/>\n<meta property=\"og:title\" content=\"Responsabilit\u00e9 Soci\u00e9tale et Environnementale - Institut Henri Fayol\" \/>\n<meta property=\"og:description\" content=\"Valoriser la dimension RSE de la recherche en promouvant lesr\u00e9sultats Notre recherche participe aux ODD &#8230; &#8230; &#8230; &#8230; &#8230; &#8230;\" \/>\n<meta property=\"og:url\" content=\"https:\/\/www.mines-stetienne.fr\/fayol\/responsabilite-societale-et-environnementale\/\" \/>\n<meta property=\"og:site_name\" content=\"Institut Henri Fayol\" \/>\n<meta property=\"article:publisher\" content=\"https:\/\/www.facebook.com\/MinesSaintEtienne\" \/>\n<meta property=\"article:modified_time\" content=\"2022-12-07T08:42:49+00:00\" \/>\n<meta property=\"og:image\" content=\"https:\/\/territoire.emse.fr\/wordpress\/wp-content\/uploads\/2020\/09\/ODD.jpg\" \/>\n<meta name=\"twitter:card\" content=\"summary_large_image\" \/>\n<meta name=\"twitter:site\" content=\"@MINES_StEtienne\" \/>\n<meta name=\"twitter:label1\" content=\"Dur\u00e9e de lecture estim\u00e9e\" \/>\n\t<meta name=\"twitter:data1\" content=\"3 minutes\" \/>\n<script type=\"application\/ld+json\" class=\"yoast-schema-graph\">{\"@context\":\"https:\\\/\\\/schema.org\",\"@graph\":[{\"@type\":\"WebPage\",\"@id\":\"https:\\\/\\\/www.mines-stetienne.fr\\\/fayol\\\/responsabilite-societale-et-environnementale\\\/\",\"url\":\"https:\\\/\\\/www.mines-stetienne.fr\\\/fayol\\\/responsabilite-societale-et-environnementale\\\/\",\"name\":\"Responsabilit\u00e9 Soci\u00e9tale et Environnementale - Institut Henri Fayol\",\"isPartOf\":{\"@id\":\"https:\\\/\\\/www.mines-stetienne.fr\\\/fayol\\\/#website\"},\"primaryImageOfPage\":{\"@id\":\"https:\\\/\\\/www.mines-stetienne.fr\\\/fayol\\\/responsabilite-societale-et-environnementale\\\/#primaryimage\"},\"image\":{\"@id\":\"https:\\\/\\\/www.mines-stetienne.fr\\\/fayol\\\/responsabilite-societale-et-environnementale\\\/#primaryimage\"},\"thumbnailUrl\":\"https:\\\/\\\/territoire.emse.fr\\\/wordpress\\\/wp-content\\\/uploads\\\/2020\\\/09\\\/ODD.jpg\",\"datePublished\":\"2022-12-07T08:42:48+00:00\",\"dateModified\":\"2022-12-07T08:42:49+00:00\",\"breadcrumb\":{\"@id\":\"https:\\\/\\\/www.mines-stetienne.fr\\\/fayol\\\/responsabilite-societale-et-environnementale\\\/#breadcrumb\"},\"inLanguage\":\"fr-FR\",\"potentialAction\":[{\"@type\":\"ReadAction\",\"target\":[\"https:\\\/\\\/www.mines-stetienne.fr\\\/fayol\\\/responsabilite-societale-et-environnementale\\\/\"]}]},{\"@type\":\"ImageObject\",\"inLanguage\":\"fr-FR\",\"@id\":\"https:\\\/\\\/www.mines-stetienne.fr\\\/fayol\\\/responsabilite-societale-et-environnementale\\\/#primaryimage\",\"url\":\"https:\\\/\\\/territoire.emse.fr\\\/wordpress\\\/wp-content\\\/uploads\\\/2020\\\/09\\\/ODD.jpg\",\"contentUrl\":\"https:\\\/\\\/territoire.emse.fr\\\/wordpress\\\/wp-content\\\/uploads\\\/2020\\\/09\\\/ODD.jpg\"},{\"@type\":\"BreadcrumbList\",\"@id\":\"https:\\\/\\\/www.mines-stetienne.fr\\\/fayol\\\/responsabilite-societale-et-environnementale\\\/#breadcrumb\",\"itemListElement\":[{\"@type\":\"ListItem\",\"position\":1,\"name\":\"Accueil\",\"item\":\"https:\\\/\\\/www.mines-stetienne.fr\\\/fayol\\\/\"},{\"@type\":\"ListItem\",\"position\":2,\"name\":\"Responsabilit\u00e9 Soci\u00e9tale et Environnementale\"}]},{\"@type\":\"WebSite\",\"@id\":\"https:\\\/\\\/www.mines-stetienne.fr\\\/fayol\\\/#website\",\"url\":\"https:\\\/\\\/www.mines-stetienne.fr\\\/fayol\\\/\",\"name\":\"Institut Henri Fayol\",\"description\":\"\",\"publisher\":{\"@id\":\"https:\\\/\\\/www.mines-stetienne.fr\\\/fayol\\\/#organization\"},\"potentialAction\":[{\"@type\":\"SearchAction\",\"target\":{\"@type\":\"EntryPoint\",\"urlTemplate\":\"https:\\\/\\\/www.mines-stetienne.fr\\\/fayol\\\/?s={search_term_string}\"},\"query-input\":{\"@type\":\"PropertyValueSpecification\",\"valueRequired\":true,\"valueName\":\"search_term_string\"}}],\"inLanguage\":\"fr-FR\"},{\"@type\":\"Organization\",\"@id\":\"https:\\\/\\\/www.mines-stetienne.fr\\\/fayol\\\/#organization\",\"name\":\"Institut Henri Fayol\",\"url\":\"https:\\\/\\\/www.mines-stetienne.fr\\\/fayol\\\/\",\"logo\":{\"@type\":\"ImageObject\",\"inLanguage\":\"fr-FR\",\"@id\":\"https:\\\/\\\/www.mines-stetienne.fr\\\/fayol\\\/#\\\/schema\\\/logo\\\/image\\\/\",\"url\":\"https:\\\/\\\/www.mines-stetienne.fr\\\/fayol\\\/wp-content\\\/uploads\\\/sites\\\/18\\\/2022\\\/09\\\/Mines_Saint_Etienne_IMT_RVB.png\",\"contentUrl\":\"https:\\\/\\\/www.mines-stetienne.fr\\\/fayol\\\/wp-content\\\/uploads\\\/sites\\\/18\\\/2022\\\/09\\\/Mines_Saint_Etienne_IMT_RVB.png\",\"width\":316,\"height\":315,\"caption\":\"Institut Henri Fayol\"},\"image\":{\"@id\":\"https:\\\/\\\/www.mines-stetienne.fr\\\/fayol\\\/#\\\/schema\\\/logo\\\/image\\\/\"},\"sameAs\":[\"https:\\\/\\\/www.facebook.com\\\/MinesSaintEtienne\",\"https:\\\/\\\/x.com\\\/MINES_StEtienne\",\"https:\\\/\\\/www.youtube.com\\\/channel\\\/UCVSdpdmJccvUngjJ2on1n3A\"]}]}<\/script>\n<!-- \/ Yoast SEO plugin. -->","yoast_head_json":{"title":"Responsabilit\u00e9 Soci\u00e9tale et Environnementale - Institut Henri Fayol","robots":{"index":"index","follow":"follow","max-snippet":"max-snippet:-1","max-image-preview":"max-image-preview:large","max-video-preview":"max-video-preview:-1"},"canonical":"https:\/\/www.mines-stetienne.fr\/fayol\/responsabilite-societale-et-environnementale\/","og_locale":"fr_FR","og_type":"article","og_title":"Responsabilit\u00e9 Soci\u00e9tale et Environnementale - Institut Henri Fayol","og_description":"Valoriser la dimension RSE de la recherche en promouvant lesr\u00e9sultats Notre recherche participe aux ODD &#8230; &#8230; &#8230; &#8230; &#8230; &#8230;","og_url":"https:\/\/www.mines-stetienne.fr\/fayol\/responsabilite-societale-et-environnementale\/","og_site_name":"Institut Henri Fayol","article_publisher":"https:\/\/www.facebook.com\/MinesSaintEtienne","article_modified_time":"2022-12-07T08:42:49+00:00","og_image":[{"url":"https:\/\/territoire.emse.fr\/wordpress\/wp-content\/uploads\/2020\/09\/ODD.jpg","type":"","width":"","height":""}],"twitter_card":"summary_large_image","twitter_site":"@MINES_StEtienne","twitter_misc":{"Dur\u00e9e de lecture estim\u00e9e":"3 minutes"},"schema":{"@context":"https:\/\/schema.org","@graph":[{"@type":"WebPage","@id":"https:\/\/www.mines-stetienne.fr\/fayol\/responsabilite-societale-et-environnementale\/","url":"https:\/\/www.mines-stetienne.fr\/fayol\/responsabilite-societale-et-environnementale\/","name":"Responsabilit\u00e9 Soci\u00e9tale et Environnementale - Institut Henri Fayol","isPartOf":{"@id":"https:\/\/www.mines-stetienne.fr\/fayol\/#website"},"primaryImageOfPage":{"@id":"https:\/\/www.mines-stetienne.fr\/fayol\/responsabilite-societale-et-environnementale\/#primaryimage"},"image":{"@id":"https:\/\/www.mines-stetienne.fr\/fayol\/responsabilite-societale-et-environnementale\/#primaryimage"},"thumbnailUrl":"https:\/\/territoire.emse.fr\/wordpress\/wp-content\/uploads\/2020\/09\/ODD.jpg","datePublished":"2022-12-07T08:42:48+00:00","dateModified":"2022-12-07T08:42:49+00:00","breadcrumb":{"@id":"https:\/\/www.mines-stetienne.fr\/fayol\/responsabilite-societale-et-environnementale\/#breadcrumb"},"inLanguage":"fr-FR","potentialAction":[{"@type":"ReadAction","target":["https:\/\/www.mines-stetienne.fr\/fayol\/responsabilite-societale-et-environnementale\/"]}]},{"@type":"ImageObject","inLanguage":"fr-FR","@id":"https:\/\/www.mines-stetienne.fr\/fayol\/responsabilite-societale-et-environnementale\/#primaryimage","url":"https:\/\/territoire.emse.fr\/wordpress\/wp-content\/uploads\/2020\/09\/ODD.jpg","contentUrl":"https:\/\/territoire.emse.fr\/wordpress\/wp-content\/uploads\/2020\/09\/ODD.jpg"},{"@type":"BreadcrumbList","@id":"https:\/\/www.mines-stetienne.fr\/fayol\/responsabilite-societale-et-environnementale\/#breadcrumb","itemListElement":[{"@type":"ListItem","position":1,"name":"Accueil","item":"https:\/\/www.mines-stetienne.fr\/fayol\/"},{"@type":"ListItem","position":2,"name":"Responsabilit\u00e9 Soci\u00e9tale et Environnementale"}]},{"@type":"WebSite","@id":"https:\/\/www.mines-stetienne.fr\/fayol\/#website","url":"https:\/\/www.mines-stetienne.fr\/fayol\/","name":"Institut Henri Fayol","description":"","publisher":{"@id":"https:\/\/www.mines-stetienne.fr\/fayol\/#organization"},"potentialAction":[{"@type":"SearchAction","target":{"@type":"EntryPoint","urlTemplate":"https:\/\/www.mines-stetienne.fr\/fayol\/?s={search_term_string}"},"query-input":{"@type":"PropertyValueSpecification","valueRequired":true,"valueName":"search_term_string"}}],"inLanguage":"fr-FR"},{"@type":"Organization","@id":"https:\/\/www.mines-stetienne.fr\/fayol\/#organization","name":"Institut Henri Fayol","url":"https:\/\/www.mines-stetienne.fr\/fayol\/","logo":{"@type":"ImageObject","inLanguage":"fr-FR","@id":"https:\/\/www.mines-stetienne.fr\/fayol\/#\/schema\/logo\/image\/","url":"https:\/\/www.mines-stetienne.fr\/fayol\/wp-content\/uploads\/sites\/18\/2022\/09\/Mines_Saint_Etienne_IMT_RVB.png","contentUrl":"https:\/\/www.mines-stetienne.fr\/fayol\/wp-content\/uploads\/sites\/18\/2022\/09\/Mines_Saint_Etienne_IMT_RVB.png","width":316,"height":315,"caption":"Institut Henri Fayol"},"image":{"@id":"https:\/\/www.mines-stetienne.fr\/fayol\/#\/schema\/logo\/image\/"},"sameAs":["https:\/\/www.facebook.com\/MinesSaintEtienne","https:\/\/x.com\/MINES_StEtienne","https:\/\/www.youtube.com\/channel\/UCVSdpdmJccvUngjJ2on1n3A"]}]}},"_links":{"self":[{"href":"https:\/\/www.mines-stetienne.fr\/fayol\/wp-json\/wp\/v2\/pages\/234","targetHints":{"allow":["GET"]}}],"collection":[{"href":"https:\/\/www.mines-stetienne.fr\/fayol\/wp-json\/wp\/v2\/pages"}],"about":[{"href":"https:\/\/www.mines-stetienne.fr\/fayol\/wp-json\/wp\/v2\/types\/page"}],"author":[{"embeddable":true,"href":"https:\/\/www.mines-stetienne.fr\/fayol\/wp-json\/wp\/v2\/users\/1536"}],"replies":[{"embeddable":true,"href":"https:\/\/www.mines-stetienne.fr\/fayol\/wp-json\/wp\/v2\/comments?post=234"}],"version-history":[{"count":1,"href":"https:\/\/www.mines-stetienne.fr\/fayol\/wp-json\/wp\/v2\/pages\/234\/revisions"}],"predecessor-version":[{"id":235,"href":"https:\/\/www.mines-stetienne.fr\/fayol\/wp-json\/wp\/v2\/pages\/234\/revisions\/235"}],"wp:attachment":[{"href":"https:\/\/www.mines-stetienne.fr\/fayol\/wp-json\/wp\/v2\/media?parent=234"}],"wp:term":[{"taxonomy":"post_tag","embeddable":true,"href":"https:\/\/www.mines-stetienne.fr\/fayol\/wp-json\/wp\/v2\/tags?post=234"}],"curies":[{"name":"wp","href":"https:\/\/api.w.org\/{rel}","templated":true}]}}